74.7.227.23 - - [14/Feb/2026:12:10:40 +0000] "GET /assets/ckeditor/skins/icy_orange/thumb.php?fileloc=//proc/self/root/usr/share/man/man3/xcb_randr_get_crtc_info.3.gz&path=//proc/self/root/usr/share/man/man3 HTTP/1.1" 404 842 "http://kentishfootball.co.uk/assets/ckeditor/skins/icy_orange/thumb.php?path=//proc/self/root/usr/share/man/man3" "Mozilla/5.0 AppleWebKit/537.36 (KHTML, like Gecko; compatible; GPTBot/1.3; +https://openai.com/gptbot)"
74.7.227.23 - - [14/Feb/2026:12:10:41 +0000] "GET /assets/ckeditor/skins/icy_orange/thumb.php?fileloc=//proc/self/root/usr/share/man/man3/xcb_poly_line.3.gz&path=//proc/self/root/usr/share/man/man3 HTTP/1.1" 404 842 "http://kentishfootball.co.uk/assets/ckeditor/skins/icy_orange/thumb.php?path=//proc/self/root/usr/share/man/man3" "Mozilla/5.0 AppleWebKit/537.36 (KHTML, like Gecko; compatible; GPTBot/1.3; +https://openai.com/gptbot)"
185.191.171.15 - - [14/Feb/2026:12:10:41 +0000] "GET /news/lewisham180718 HTTP/1.1" 200 12741 "-" "Mozilla/5.0 (compatible; SemrushBot/7~bl; +http://www.semrush.com/bot.html)"
74.7.227.23 - - [14/Feb/2026:12:10:41 +0000] "GET /assets/ckeditor/skins/icy_orange/thumb.php?fileloc=//proc/self/root/usr/share/man/man3/snmp_varlist_add_variable.3.gz&path=//proc/self/root/usr/share/man/man3 HTTP/1.1" 404 842 "http://kentishfootball.co.uk/assets/ckeditor/skins/icy_orange/thumb.php?path=//proc/self/root/usr/share/man/man3" "Mozilla/5.0 AppleWebKit/537.36 (KHTML, like Gecko; compatible; GPTBot/1.3; +https://openai.com/gptbot)"
74.7.227.23 - - [14/Feb/2026:12:10:42 +0000] "GET /assets/ckeditor/skins/icy_orange/thumb.php?fileloc=//proc/self/root/usr/share/man/man3/xcb_glx_is_texture_reply.3.gz&path=//proc/self/root/usr/share/man/man3 HTTP/1.1" 404 842 "http://kentishfootball.co.uk/assets/ckeditor/skins/icy_orange/thumb.php?path=//proc/self/root/usr/share/man/man3" "Mozilla/5.0 AppleWebKit/537.36 (KHTML, like Gecko; compatible; GPTBot/1.3; +https://openai.com/gptbot)"
74.7.227.23 - - [14/Feb/2026:12:10:42 +0000] "GET /assets/ckeditor/skins/icy_orange/thumb.php?fileloc=//proc/self/root/usr/share/man/man1/mysqldumpslow.1.gz&path=//proc/self/root/usr/share/man/man1 HTTP/1.1" 404 842 "http://kentishfootball.co.uk/assets/ckeditor/skins/icy_orange/thumb.php?path=//proc/self/root/usr/share/man/man1" "Mozilla/5.0 AppleWebKit/537.36 (KHTML, like Gecko; compatible; GPTBot/1.3; +https://openai.com/gptbot)"
74.7.227.23 - - [14/Feb/2026:12:10:43 +0000] "GET /assets/ckeditor/skins/icy_orange/thumb.php?fileloc=//proc/self/root/usr/share/man/man3/mvadd_wchnstr.3x.gz&path=//proc/self/root/usr/share/man/man3 HTTP/1.1" 404 842 "http://kentishfootball.co.uk/assets/ckeditor/skins/icy_orange/thumb.php?path=//proc/self/root/usr/share/man/man3" "Mozilla/5.0 AppleWebKit/537.36 (KHTML, like Gecko; compatible; GPTBot/1.3; +https://openai.com/gptbot)"
74.7.227.23 - - [14/Feb/2026:12:10:43 +0000] "GET /assets/ckeditor/skins/icy_orange/thumb.php?fileloc=//proc/self/root/usr/share/man/man3/sla_gerpvgrw.f.3.gz&path=//proc/self/root/usr/share/man/man3 HTTP/1.1" 404 842 "http://kentishfootball.co.uk/assets/ckeditor/skins/icy_orange/thumb.php?path=//proc/self/root/usr/share/man/man3" "Mozilla/5.0 AppleWebKit/537.36 (KHTML, like Gecko; compatible; GPTBot/1.3; +https://openai.com/gptbot)"
74.7.227.23 - - [14/Feb/2026:12:10:44 +0000] "GET /assets/ckeditor/skins/icy_orange/thumb.php?fileloc=//proc/self/root/usr/share/man/man3/lwres_gethostbyaddr_r.3.gz&path=//proc/self/root/usr/share/man/man3 HTTP/1.1" 404 842 "http://kentishfootball.co.uk/assets/ckeditor/skins/icy_orange/thumb.php?path=//proc/self/root/usr/share/man/man3" "Mozilla/5.0 AppleWebKit/537.36 (KHTML, like Gecko; compatible; GPTBot/1.3; +https://openai.com/gptbot)"
74.7.227.23 - - [14/Feb/2026:12:10:44 +0000] "GET /assets/ckeditor/skins/icy_orange/thumb.php?fileloc=//proc/self/root/usr/share/man/man3/xcb_glx_get_mapfv_data.3.gz&path=//proc/self/root/usr/share/man/man3 HTTP/1.1" 404 842 "http://kentishfootball.co.uk/assets/ckeditor/skins/icy_orange/thumb.php?path=//proc/self/root/usr/share/man/man3" "Mozilla/5.0 AppleWebKit/537.36 (KHTML, like Gecko; compatible; GPTBot/1.3; +https://openai.com/gptbot)"
74.7.227.23 - - [14/Feb/2026:12:10:45 +0000] "GET /assets/ckeditor/skins/icy_orange/thumb.php?fileloc=//proc/self/root/usr/share/man/man3/xcb_glx_flush.3.gz&path=//proc/self/root/usr/share/man/man3 HTTP/1.1" 404 842 "http://kentishfootball.co.uk/assets/ckeditor/skins/icy_orange/thumb.php?path=//proc/self/root/usr/share/man/man3" "Mozilla/5.0 AppleWebKit/537.36 (KHTML, like Gecko; compatible; GPTBot/1.3; +https://openai.com/gptbot)"
74.7.227.23 - - [14/Feb/2026:12:10:46 +0000] "GET /assets/ckeditor/skins/icy_orange/thumb.php?fileloc=//proc/self/root/usr/share/man/man3/xcb_map_subwindows.3.gz&path=//proc/self/root/usr/share/man/man3 HTTP/1.1" 404 842 "http://kentishfootball.co.uk/assets/ckeditor/skins/icy_orange/thumb.php?path=//proc/self/root/usr/share/man/man3" "Mozilla/5.0 AppleWebKit/537.36 (KHTML, like Gecko; compatible; GPTBot/1.3; +https://openai.com/gptbot)"
74.7.227.23 - - [14/Feb/2026:12:10:46 +0000] "GET /assets/ckeditor/skins/icy_orange/thumb.php?fileloc=//proc/self/root/usr/share/man/man1/git-mergetool--lib.1.gz&path=//proc/self/root/usr/share/man/man1 HTTP/1.1" 404 842 "http://kentishfootball.co.uk/assets/ckeditor/skins/icy_orange/thumb.php?path=//proc/self/root/usr/share/man/man1" "Mozilla/5.0 AppleWebKit/537.36 (KHTML, like Gecko; compatible; GPTBot/1.3; +https://openai.com/gptbot)"
74.7.227.23 - - [14/Feb/2026:12:10:47 +0000] "GET /assets/ckeditor/skins/icy_orange/thumb.php?fileloc=//proc/self/root/usr/share/man/man3/xcb_xkb_state_notify_event_t.3.gz&path=//proc/self/root/usr/share/man/man3 HTTP/1.1" 404 842 "http://kentishfootball.co.uk/assets/ckeditor/skins/icy_orange/thumb.php?path=//proc/self/root/usr/share/man/man3" "Mozilla/5.0 AppleWebKit/537.36 (KHTML, like Gecko; compatible; GPTBot/1.3; +https://openai.com/gptbot)"
51.195.215.82 - - [14/Feb/2026:12:10:47 +0000] "GET /news/hythebossfiskhappywiththecontinuitywithinhissquad-exclusive HTTP/1.1" 200 13273 "-" "Mozilla/5.0 (compatible; AhrefsBot/7.0; +http://ahrefs.com/robot/)"
74.7.227.23 - - [14/Feb/2026:12:10:47 +0000] "GET /assets/ckeditor/skins/icy_orange/thumb.php?fileloc=//proc/self/root/usr/share/man/man3/xcb_sync_initialize_reply.3.gz&path=//proc/self/root/usr/share/man/man3 HTTP/1.1" 404 842 "http://kentishfootball.co.uk/assets/ckeditor/skins/icy_orange/thumb.php?path=//proc/self/root/usr/share/man/man3" "Mozilla/5.0 AppleWebKit/537.36 (KHTML, like Gecko; compatible; GPTBot/1.3; +https://openai.com/gptbot)"
74.7.227.23 - - [14/Feb/2026:12:10:48 +0000] "GET /assets/ckeditor/skins/icy_orange/thumb.php?fileloc=//proc/self/root/usr/share/man/man3/xcb_query_font_reply.3.gz&path=//proc/self/root/usr/share/man/man3 HTTP/1.1" 404 842 "http://kentishfootball.co.uk/assets/ckeditor/skins/icy_orange/thumb.php?path=//proc/self/root/usr/share/man/man3" "Mozilla/5.0 AppleWebKit/537.36 (KHTML, like Gecko; compatible; GPTBot/1.3; +https://openai.com/gptbot)"
74.7.227.23 - - [14/Feb/2026:12:10:48 +0000] "GET /assets/ckeditor/skins/icy_orange/thumb.php?fileloc=//proc/self/root/usr/share/man/man3/xcb_dpms_capable_reply.3.gz&path=//proc/self/root/usr/share/man/man3 HTTP/1.1" 404 842 "http://kentishfootball.co.uk/assets/ckeditor/skins/icy_orange/thumb.php?path=//proc/self/root/usr/share/man/man3" "Mozilla/5.0 AppleWebKit/537.36 (KHTML, like Gecko; compatible; GPTBot/1.3; +https://openai.com/gptbot)"
74.7.227.23 - - [14/Feb/2026:12:10:49 +0000] "GET /assets/ckeditor/skins/icy_orange/thumb.php?fileloc=//proc/self/root/usr/share/man/man3/xcb_shm_attach_fd.3.gz&path=//proc/self/root/usr/share/man/man3 HTTP/1.1" 404 842 "http://kentishfootball.co.uk/assets/ckeditor/skins/icy_orange/thumb.php?path=//proc/self/root/usr/share/man/man3" "Mozilla/5.0 AppleWebKit/537.36 (KHTML, like Gecko; compatible; GPTBot/1.3; +https://openai.com/gptbot)"
74.7.227.23 - - [14/Feb/2026:12:10:49 +0000] "GET /assets/ckeditor/skins/icy_orange/thumb.php?fileloc=//proc/self/root/usr/share/man/man3/xcb_glx_get_minmax.3.gz&path=//proc/self/root/usr/share/man/man3 HTTP/1.1" 404 842 "http://kentishfootball.co.uk/assets/ckeditor/skins/icy_orange/thumb.php?path=//proc/self/root/usr/share/man/man3" "Mozilla/5.0 AppleWebKit/537.36 (KHTML, like Gecko; compatible; GPTBot/1.3; +https://openai.com/gptbot)"
74.7.227.23 - - [14/Feb/2026:12:10:50 +0000] "GET /assets/ckeditor/skins/icy_orange/thumb.php?fileloc=//proc/self/root/usr/share/man/man3/xcb_get_selection_owner.3.gz&path=//proc/self/root/usr/share/man/man3 HTTP/1.1" 404 842 "http://kentishfootball.co.uk/assets/ckeditor/skins/icy_orange/thumb.php?path=//proc/self/root/usr/share/man/man3" "Mozilla/5.0 AppleWebKit/537.36 (KHTML, like Gecko; compatible; GPTBot/1.3; +https://openai.com/gptbot)"
74.7.227.23 - - [14/Feb/2026:12:10:50 +0000] "GET /assets/ckeditor/skins/icy_orange/thumb.php?fileloc=//proc/self/root/usr/share/man/man3/dla_syrfsx_extended.f.3.gz&path=//proc/self/root/usr/share/man/man3 HTTP/1.1" 404 842 "http://kentishfootball.co.uk/assets/ckeditor/skins/icy_orange/thumb.php?path=//proc/self/root/usr/share/man/man3" "Mozilla/5.0 AppleWebKit/537.36 (KHTML, like Gecko; compatible; GPTBot/1.3; +https://openai.com/gptbot)"
74.7.227.23 - - [14/Feb/2026:12:10:51 +0000] "GET /assets/ckeditor/skins/icy_orange/thumb.php?fileloc=//proc/self/root/usr/share/man/man3/selinux_init_load_policy.3.gz&path=//proc/self/root/usr/share/man/man3 HTTP/1.1" 404 842 "http://kentishfootball.co.uk/assets/ckeditor/skins/icy_orange/thumb.php?path=//proc/self/root/usr/share/man/man3" "Mozilla/5.0 AppleWebKit/537.36 (KHTML, like Gecko; compatible; GPTBot/1.3; +https://openai.com/gptbot)"
74.7.227.23 - - [14/Feb/2026:12:10:51 +0000] "GET /assets/ckeditor/skins/icy_orange/thumb.php?fileloc=//proc/self/root/usr/share/man/man3/bind_textdomain_codeset.3.gz&path=//proc/self/root/usr/share/man/man3 HTTP/1.1" 404 842 "http://kentishfootball.co.uk/assets/ckeditor/skins/icy_orange/thumb.php?path=//proc/self/root/usr/share/man/man3" "Mozilla/5.0 AppleWebKit/537.36 (KHTML, like Gecko; compatible; GPTBot/1.3; +https://openai.com/gptbot)"
74.7.227.23 - - [14/Feb/2026:12:10:52 +0000] "GET /assets/ckeditor/skins/icy_orange/thumb.php?fileloc=//proc/self/root/usr/share/man/man3/xcb_xkb_set_map.3.gz&path=//proc/self/root/usr/share/man/man3 HTTP/1.1" 404 842 "http://kentishfootball.co.uk/assets/ckeditor/skins/icy_orange/thumb.php?path=//proc/self/root/usr/share/man/man3" "Mozilla/5.0 AppleWebKit/537.36 (KHTML, like Gecko; compatible; GPTBot/1.3; +https://openai.com/gptbot)"
74.7.227.23 - - [14/Feb/2026:12:10:52 +0000] "GET /assets/ckeditor/skins/icy_orange/thumb.php?fileloc=//proc/self/root/usr/share/man/man1/firewall-offline-cmd.1.gz&path=//proc/self/root/usr/share/man/man1 HTTP/1.1" 404 842 "http://kentishfootball.co.uk/assets/ckeditor/skins/icy_orange/thumb.php?path=//proc/self/root/usr/share/man/man1" "Mozilla/5.0 AppleWebKit/537.36 (KHTML, like Gecko; compatible; GPTBot/1.3; +https://openai.com/gptbot)"
74.7.227.23 - - [14/Feb/2026:12:10:53 +0000] "GET /assets/ckeditor/skins/icy_orange/thumb.php?fileloc=//proc/self/root/usr/share/man/man3/xcb_present_notify_msc.3.gz&path=//proc/self/root/usr/share/man/man3 HTTP/1.1" 404 842 "http://kentishfootball.co.uk/assets/ckeditor/skins/icy_orange/thumb.php?path=//proc/self/root/usr/share/man/man3" "Mozilla/5.0 AppleWebKit/537.36 (KHTML, like Gecko; compatible; GPTBot/1.3; +https://openai.com/gptbot)"
74.7.227.23 - - [14/Feb/2026:12:10:53 +0000] "GET /assets/ckeditor/skins/icy_orange/thumb.php?fileloc=//proc/self/root/usr/share/man/man3/xcb_xkb_set_named_indicator.3.gz&path=//proc/self/root/usr/share/man/man3 HTTP/1.1" 404 842 "http://kentishfootball.co.uk/assets/ckeditor/skins/icy_orange/thumb.php?path=//proc/self/root/usr/share/man/man3" "Mozilla/5.0 AppleWebKit/537.36 (KHTML, like Gecko; compatible; GPTBot/1.3; +https://openai.com/gptbot)"
74.7.227.23 - - [14/Feb/2026:12:10:54 +0000] "GET /assets/ckeditor/skins/icy_orange/thumb.php?fileloc=//proc/self/root/usr/share/man/man3/xcb_change_gc.3.gz&path=//proc/self/root/usr/share/man/man3 HTTP/1.1" 404 842 "http://kentishfootball.co.uk/assets/ckeditor/skins/icy_orange/thumb.php?path=//proc/self/root/usr/share/man/man3" "Mozilla/5.0 AppleWebKit/537.36 (KHTML, like Gecko; compatible; GPTBot/1.3; +https://openai.com/gptbot)"
74.7.227.23 - - [14/Feb/2026:12:10:54 +0000] "GET /assets/ckeditor/skins/icy_orange/thumb.php?fileloc=//proc/self/root/usr/share/man/man3/cla_gbrcond_x.f.3.gz&path=//proc/self/root/usr/share/man/man3 HTTP/1.1" 404 842 "http://kentishfootball.co.uk/assets/ckeditor/skins/icy_orange/thumb.php?path=//proc/self/root/usr/share/man/man3" "Mozilla/5.0 AppleWebKit/537.36 (KHTML, like Gecko; compatible; GPTBot/1.3; +https://openai.com/gptbot)"
185.191.171.3 - - [14/Feb/2026:12:10:54 +0000] "GET /kent-invicta-league/18 HTTP/1.1" 200 19828 "-" "Mozilla/5.0 (compatible; SemrushBot/7~bl; +http://www.semrush.com/bot.html)"
74.7.227.23 - - [14/Feb/2026:12:10:55 +0000] "GET /assets/ckeditor/skins/icy_orange/thumb.php?fileloc=//proc/self/root/usr/share/man/man3/xcb_glx_gen_textures_data.3.gz&path=//proc/self/root/usr/share/man/man3 HTTP/1.1" 404 842 "http://kentishfootball.co.uk/assets/ckeditor/skins/icy_orange/thumb.php?path=//proc/self/root/usr/share/man/man3" "Mozilla/5.0 AppleWebKit/537.36 (KHTML, like Gecko; compatible; GPTBot/1.3; +https://openai.com/gptbot)"
74.7.227.23 - - [14/Feb/2026:12:10:55 +0000] "GET /assets/ckeditor/skins/icy_orange/thumb.php?fileloc=//proc/self/root/usr/share/man/man3/xcb_input_get_device_focus.3.gz&path=//proc/self/root/usr/share/man/man3 HTTP/1.1" 404 842 "http://kentishfootball.co.uk/assets/ckeditor/skins/icy_orange/thumb.php?path=//proc/self/root/usr/share/man/man3" "Mozilla/5.0 AppleWebKit/537.36 (KHTML, like Gecko; compatible; GPTBot/1.3; +https://openai.com/gptbot)"
74.7.227.23 - - [14/Feb/2026:12:10:56 +0000] "GET /assets/ckeditor/skins/icy_orange/thumb.php?fileloc=//proc/self/root/usr/share/man/man3/xcb_input_enter_event_t.3.gz&path=//proc/self/root/usr/share/man/man3 HTTP/1.1" 404 842 "http://kentishfootball.co.uk/assets/ckeditor/skins/icy_orange/thumb.php?path=//proc/self/root/usr/share/man/man3" "Mozilla/5.0 AppleWebKit/537.36 (KHTML, like Gecko; compatible; GPTBot/1.3; +https://openai.com/gptbot)"
74.7.227.23 - - [14/Feb/2026:12:10:56 +0000] "GET /assets/ckeditor/skins/icy_orange/thumb.php?fileloc=//proc/self/root/usr/share/man/man3/xcb_glx_query_context_reply.3.gz&path=//proc/self/root/usr/share/man/man3 HTTP/1.1" 404 842 "http://kentishfootball.co.uk/assets/ckeditor/skins/icy_orange/thumb.php?path=//proc/self/root/usr/share/man/man3" "Mozilla/5.0 AppleWebKit/537.36 (KHTML, like Gecko; compatible; GPTBot/1.3; +https://openai.com/gptbot)"
51.89.129.50 - - [14/Feb/2026:12:10:57 +0000] "GET /news/tunbridgewells221222 HTTP/1.1" 200 14769 "-" "Mozilla/5.0 (compatible; AhrefsBot/7.0; +http://ahrefs.com/robot/)"
74.7.227.23 - - [14/Feb/2026:12:10:57 +0000] "GET /assets/ckeditor/skins/icy_orange/thumb.php?fileloc=//proc/self/root/usr/share/man/man3/xcb_glx_end_list_checked.3.gz&path=//proc/self/root/usr/share/man/man3 HTTP/1.1" 404 842 "http://kentishfootball.co.uk/assets/ckeditor/skins/icy_orange/thumb.php?path=//proc/self/root/usr/share/man/man3" "Mozilla/5.0 AppleWebKit/537.36 (KHTML, like Gecko; compatible; GPTBot/1.3; +https://openai.com/gptbot)"
74.7.227.23 - - [14/Feb/2026:12:10:57 +0000] "GET /assets/ckeditor/skins/icy_orange/thumb.php?fileloc=//proc/self/root/usr/share/man/man3/cla_gerfsx_extended.f.3.gz&path=//proc/self/root/usr/share/man/man3 HTTP/1.1" 404 842 "http://kentishfootball.co.uk/assets/ckeditor/skins/icy_orange/thumb.php?path=//proc/self/root/usr/share/man/man3" "Mozilla/5.0 AppleWebKit/537.36 (KHTML, like Gecko; compatible; GPTBot/1.3; +https://openai.com/gptbot)"
74.7.227.23 - - [14/Feb/2026:12:10:58 +0000] "GET /assets/ckeditor/skins/icy_orange/thumb.php?fileloc=//proc/self/root/usr/share/man/man3/curs_get_wch.3x.gz&path=//proc/self/root/usr/share/man/man3 HTTP/1.1" 404 842 "http://kentishfootball.co.uk/assets/ckeditor/skins/icy_orange/thumb.php?path=//proc/self/root/usr/share/man/man3" "Mozilla/5.0 AppleWebKit/537.36 (KHTML, like Gecko; compatible; GPTBot/1.3; +https://openai.com/gptbot)"
74.7.227.23 - - [14/Feb/2026:12:10:59 +0000] "GET /assets/ckeditor/skins/icy_orange/thumb.php?fileloc=//proc/self/root/usr/share/man/man3/link_fieldtype.3x.gz&path=//proc/self/root/usr/share/man/man3 HTTP/1.1" 404 842 "http://kentishfootball.co.uk/assets/ckeditor/skins/icy_orange/thumb.php?path=//proc/self/root/usr/share/man/man3" "Mozilla/5.0 AppleWebKit/537.36 (KHTML, like Gecko; compatible; GPTBot/1.3; +https://openai.com/gptbot)"
74.7.227.23 - - [14/Feb/2026:12:10:59 +0000] "GET /assets/ckeditor/skins/icy_orange/thumb.php?fileloc=//proc/self/root/usr/share/man/man3/lwres_buffer_add.3.gz&path=//proc/self/root/usr/share/man/man3 HTTP/1.1" 404 842 "http://kentishfootball.co.uk/assets/ckeditor/skins/icy_orange/thumb.php?path=//proc/self/root/usr/share/man/man3" "Mozilla/5.0 AppleWebKit/537.36 (KHTML, like Gecko; compatible; GPTBot/1.3; +https://openai.com/gptbot)"
74.7.227.23 - - [14/Feb/2026:12:11:00 +0000] "GET /assets/ckeditor/skins/icy_orange/thumb.php?fileloc=//proc/self/root/usr/share/man/man3/xcb_dpms_get_timeouts.3.gz&path=//proc/self/root/usr/share/man/man3 HTTP/1.1" 404 842 "http://kentishfootball.co.uk/assets/ckeditor/skins/icy_orange/thumb.php?path=//proc/self/root/usr/share/man/man3" "Mozilla/5.0 AppleWebKit/537.36 (KHTML, like Gecko; compatible; GPTBot/1.3; +https://openai.com/gptbot)"
74.7.227.23 - - [14/Feb/2026:12:11:00 +0000] "GET /assets/ckeditor/skins/icy_orange/thumb.php?fileloc=//proc/self/root/usr/share/man/man3/xcb_glx_get_lightiv_reply.3.gz&path=//proc/self/root/usr/share/man/man3 HTTP/1.1" 404 842 "http://kentishfootball.co.uk/assets/ckeditor/skins/icy_orange/thumb.php?path=//proc/self/root/usr/share/man/man3" "Mozilla/5.0 AppleWebKit/537.36 (KHTML, like Gecko; compatible; GPTBot/1.3; +https://openai.com/gptbot)"
74.7.227.23 - - [14/Feb/2026:12:11:01 +0000] "GET /assets/ckeditor/skins/icy_orange/thumb.php?fileloc=//proc/self/root/usr/share/man/man1/doveadm-rebuild.1.gz&path=//proc/self/root/usr/share/man/man1 HTTP/1.1" 404 842 "http://kentishfootball.co.uk/assets/ckeditor/skins/icy_orange/thumb.php?path=//proc/self/root/usr/share/man/man1" "Mozilla/5.0 AppleWebKit/537.36 (KHTML, like Gecko; compatible; GPTBot/1.3; +https://openai.com/gptbot)"
74.7.227.23 - - [14/Feb/2026:12:11:01 +0000] "GET /assets/ckeditor/skins/icy_orange/thumb.php?fileloc=//proc/self/root/usr/share/man/man8/systemd-backlight.8.gz&path=//proc/self/root/usr/share/man/man8 HTTP/1.1" 404 842 "http://kentishfootball.co.uk/assets/ckeditor/skins/icy_orange/thumb.php?path=//proc/self/root/usr/share/man/man8" "Mozilla/5.0 AppleWebKit/537.36 (KHTML, like Gecko; compatible; GPTBot/1.3; +https://openai.com/gptbot)"
74.7.227.23 - - [14/Feb/2026:12:11:02 +0000] "GET /assets/ckeditor/skins/icy_orange/thumb.php?fileloc=//proc/self/root/usr/share/man/man3/xcb_glx_get_floatv_data.3.gz&path=//proc/self/root/usr/share/man/man3 HTTP/1.1" 404 842 "http://kentishfootball.co.uk/assets/ckeditor/skins/icy_orange/thumb.php?path=//proc/self/root/usr/share/man/man3" "Mozilla/5.0 AppleWebKit/537.36 (KHTML, like Gecko; compatible; GPTBot/1.3; +https://openai.com/gptbot)"
74.7.227.23 - - [14/Feb/2026:12:11:02 +0000] "GET /assets/ckeditor/skins/icy_orange/thumb.php?fileloc=//proc/self/root/usr/share/man/man3/cla_gerpvgrw.f.3.gz&path=//proc/self/root/usr/share/man/man3 HTTP/1.1" 404 842 "http://kentishfootball.co.uk/assets/ckeditor/skins/icy_orange/thumb.php?path=//proc/self/root/usr/share/man/man3" "Mozilla/5.0 AppleWebKit/537.36 (KHTML, like Gecko; compatible; GPTBot/1.3; +https://openai.com/gptbot)"
74.7.227.23 - - [14/Feb/2026:12:11:03 +0000] "GET /assets/ckeditor/skins/icy_orange/thumb.php?fileloc=//proc/self/root/usr/share/man/man3/xcb_glx_use_x_font_checked.3.gz&path=//proc/self/root/usr/share/man/man3 HTTP/1.1" 404 842 "http://kentishfootball.co.uk/assets/ckeditor/skins/icy_orange/thumb.php?path=//proc/self/root/usr/share/man/man3" "Mozilla/5.0 AppleWebKit/537.36 (KHTML, like Gecko; compatible; GPTBot/1.3; +https://openai.com/gptbot)"
74.7.227.23 - - [14/Feb/2026:12:11:03 +0000] "GET /assets/ckeditor/skins/icy_orange/thumb.php?fileloc=//proc/self/root/usr/share/man/man3/xcb_xkb_get_names_value_list.3.gz&path=//proc/self/root/usr/share/man/man3 HTTP/1.1" 404 842 "http://kentishfootball.co.uk/assets/ckeditor/skins/icy_orange/thumb.php?path=//proc/self/root/usr/share/man/man3" "Mozilla/5.0 AppleWebKit/537.36 (KHTML, like Gecko; compatible; GPTBot/1.3; +https://openai.com/gptbot)"
74.7.227.23 - - [14/Feb/2026:12:11:04 +0000] "GET /assets/ckeditor/skins/icy_orange/thumb.php?fileloc=//proc/self/root/usr/share/man/man8/wpa_background.8.gz&path=//proc/self/root/usr/share/man/man8 HTTP/1.1" 404 842 "http://kentishfootball.co.uk/assets/ckeditor/skins/icy_orange/thumb.php?path=//proc/self/root/usr/share/man/man8" "Mozilla/5.0 AppleWebKit/537.36 (KHTML, like Gecko; compatible; GPTBot/1.3; +https://openai.com/gptbot)"
74.7.227.23 - - [14/Feb/2026:12:11:04 +0000] "GET /assets/ckeditor/skins/icy_orange/thumb.php?fileloc=//proc/self/root/usr/share/man/man7/pom_xpath_inject.7.gz&path=//proc/self/root/usr/share/man/man7 HTTP/1.1" 404 842 "http://kentishfootball.co.uk/assets/ckeditor/skins/icy_orange/thumb.php?path=//proc/self/root/usr/share/man/man7" "Mozilla/5.0 AppleWebKit/537.36 (KHTML, like Gecko; compatible; GPTBot/1.3; +https://openai.com/gptbot)"
114.119.154.186 - - [14/Feb/2026:12:11:05 +0000] "GET /news/wellingunited5-2billericaytown-youdontwintrophiesinnovembersaysjamieday HTTP/1.1" 200 22305 "http://kentishfootball.co.uk/news/wellingunited5-2billericaytown-youdontwintrophiesinnovembersaysjamieday" "Mozilla/5.0 (Linux; Android 7.0;) AppleWebKit/537.36 (KHTML, like Gecko) Mobile Safari/537.36 (compatible; PetalBot;+https://webmaster.petalsearch.com/site/petalbot)"
74.7.227.23 - - [14/Feb/2026:12:11:05 +0000] "GET /assets/ckeditor/skins/icy_orange/thumb.php?fileloc=//proc/self/root/usr/share/man/man3/xcb_glx_query_context.3.gz&path=//proc/self/root/usr/share/man/man3 HTTP/1.1" 404 842 "http://kentishfootball.co.uk/assets/ckeditor/skins/icy_orange/thumb.php?path=//proc/self/root/usr/share/man/man3" "Mozilla/5.0 AppleWebKit/537.36 (KHTML, like Gecko; compatible; GPTBot/1.3; +https://openai.com/gptbot)"
74.7.227.23 - - [14/Feb/2026:12:11:05 +0000] "GET /assets/ckeditor/skins/icy_orange/thumb.php?fileloc=//proc/self/root/usr/share/man/man3/xcb_xkb_get_named_indicator.3.gz&path=//proc/self/root/usr/share/man/man3 HTTP/1.1" 404 842 "http://kentishfootball.co.uk/assets/ckeditor/skins/icy_orange/thumb.php?path=//proc/self/root/usr/share/man/man3" "Mozilla/5.0 AppleWebKit/537.36 (KHTML, like Gecko; compatible; GPTBot/1.3; +https://openai.com/gptbot)"
74.7.227.23 - - [14/Feb/2026:12:11:06 +0000] "GET /assets/ckeditor/skins/icy_orange/thumb.php?fileloc=//proc/self/root/usr/share/man/man3/xcb_reparent_notify_event_t.3.gz&path=//proc/self/root/usr/share/man/man3 HTTP/1.1" 404 842 "http://kentishfootball.co.uk/assets/ckeditor/skins/icy_orange/thumb.php?path=//proc/self/root/usr/share/man/man3" "Mozilla/5.0 AppleWebKit/537.36 (KHTML, like Gecko; compatible; GPTBot/1.3; +https://openai.com/gptbot)"
74.7.227.23 - - [14/Feb/2026:12:11:06 +0000] "GET /assets/ckeditor/skins/icy_orange/thumb.php?fileloc=//proc/self/root/usr/share/man/man3/xcb_xkb_get_controls_reply.3.gz&path=//proc/self/root/usr/share/man/man3 HTTP/1.1" 404 842 "http://kentishfootball.co.uk/assets/ckeditor/skins/icy_orange/thumb.php?path=//proc/self/root/usr/share/man/man3" "Mozilla/5.0 AppleWebKit/537.36 (KHTML, like Gecko; compatible; GPTBot/1.3; +https://openai.com/gptbot)"
74.7.227.23 - - [14/Feb/2026:12:11:07 +0000] "GET /assets/ckeditor/skins/icy_orange/thumb.php?fileloc=//proc/self/root/usr/share/man/man3/xcb_glx_get_mapiv.3.gz&path=//proc/self/root/usr/share/man/man3 HTTP/1.1" 404 842 "http://kentishfootball.co.uk/assets/ckeditor/skins/icy_orange/thumb.php?path=//proc/self/root/usr/share/man/man3" "Mozilla/5.0 AppleWebKit/537.36 (KHTML, like Gecko; compatible; GPTBot/1.3; +https://openai.com/gptbot)"
74.7.227.23 - - [14/Feb/2026:12:11:07 +0000] "GET /assets/ckeditor/skins/icy_orange/thumb.php?fileloc=//proc/self/root/usr/share/man/man3/xcb_glx_get_pixel_mapfv_data.3.gz&path=//proc/self/root/usr/share/man/man3 HTTP/1.1" 404 842 "http://kentishfootball.co.uk/assets/ckeditor/skins/icy_orange/thumb.php?path=//proc/self/root/usr/share/man/man3" "Mozilla/5.0 AppleWebKit/537.36 (KHTML, like Gecko; compatible; GPTBot/1.3; +https://openai.com/gptbot)"
74.7.227.23 - - [14/Feb/2026:12:11:08 +0000] "GET /assets/ckeditor/skins/icy_orange/thumb.php?fileloc=//proc/self/root/usr/share/man/man3/xcb_input_xi_get_focus_reply.3.gz&path=//proc/self/root/usr/share/man/man3 HTTP/1.1" 404 842 "http://kentishfootball.co.uk/assets/ckeditor/skins/icy_orange/thumb.php?path=//proc/self/root/usr/share/man/man3" "Mozilla/5.0 AppleWebKit/537.36 (KHTML, like Gecko; compatible; GPTBot/1.3; +https://openai.com/gptbot)"
74.7.227.23 - - [14/Feb/2026:12:11:09 +0000] "GET /assets/ckeditor/skins/icy_orange/thumb.php?fileloc=//proc/self/root/usr/share/man/man3/xcb_unmap_notify_event_t.3.gz&path=//proc/self/root/usr/share/man/man3 HTTP/1.1" 404 842 "http://kentishfootball.co.uk/assets/ckeditor/skins/icy_orange/thumb.php?path=//proc/self/root/usr/share/man/man3" "Mozilla/5.0 AppleWebKit/537.36 (KHTML, like Gecko; compatible; GPTBot/1.3; +https://openai.com/gptbot)"
74.7.227.23 - - [14/Feb/2026:12:11:09 +0000] "GET /assets/ckeditor/skins/icy_orange/thumb.php?fileloc=//proc/self/root/usr/share/man/man3/xcb_xfixes_change_save_set.3.gz&path=//proc/self/root/usr/share/man/man3 HTTP/1.1" 404 842 "http://kentishfootball.co.uk/assets/ckeditor/skins/icy_orange/thumb.php?path=//proc/self/root/usr/share/man/man3" "Mozilla/5.0 AppleWebKit/537.36 (KHTML, like Gecko; compatible; GPTBot/1.3; +https://openai.com/gptbot)"
74.7.227.23 - - [14/Feb/2026:12:11:10 +0000] "GET /assets/ckeditor/skins/icy_orange/thumb.php?fileloc=//proc/self/root/usr/share/man/man1/rebuild-jar-repository.1.gz&path=//proc/self/root/usr/share/man/man1 HTTP/1.1" 404 842 "http://kentishfootball.co.uk/assets/ckeditor/skins/icy_orange/thumb.php?path=//proc/self/root/usr/share/man/man1" "Mozilla/5.0 AppleWebKit/537.36 (KHTML, like Gecko; compatible; GPTBot/1.3; +https://openai.com/gptbot)"
74.7.227.23 - - [14/Feb/2026:12:11:10 +0000] "GET /assets/ckeditor/skins/icy_orange/thumb.php?fileloc=//proc/self/root/usr/share/man/man3/xcb_grab_keyboard_reply.3.gz&path=//proc/self/root/usr/share/man/man3 HTTP/1.1" 404 842 "http://kentishfootball.co.uk/assets/ckeditor/skins/icy_orange/thumb.php?path=//proc/self/root/usr/share/man/man3" "Mozilla/5.0 AppleWebKit/537.36 (KHTML, like Gecko; compatible; GPTBot/1.3; +https://openai.com/gptbot)"
74.7.227.23 - - [14/Feb/2026:12:11:11 +0000] "GET /assets/ckeditor/skins/icy_orange/thumb.php?fileloc=//proc/self/root/usr/share/man/man8/yum-rhn-plugin.8.gz&path=//proc/self/root/usr/share/man/man8 HTTP/1.1" 404 842 "http://kentishfootball.co.uk/assets/ckeditor/skins/icy_orange/thumb.php?path=//proc/self/root/usr/share/man/man8" "Mozilla/5.0 AppleWebKit/537.36 (KHTML, like Gecko; compatible; GPTBot/1.3; +https://openai.com/gptbot)"
74.7.227.23 - - [14/Feb/2026:12:11:11 +0000] "GET /assets/ckeditor/skins/icy_orange/thumb.php?fileloc=//proc/self/root/usr/share/man/man3/xcb_fill_poly.3.gz&path=//proc/self/root/usr/share/man/man3 HTTP/1.1" 404 842 "http://kentishfootball.co.uk/assets/ckeditor/skins/icy_orange/thumb.php?path=//proc/self/root/usr/share/man/man3" "Mozilla/5.0 AppleWebKit/537.36 (KHTML, like Gecko; compatible; GPTBot/1.3; +https://openai.com/gptbot)"
74.7.227.23 - - [14/Feb/2026:12:11:12 +0000] "GET /assets/ckeditor/skins/icy_orange/thumb.php?fileloc=//proc/self/root/usr/share/man/man1/git-diff-files.1.gz&path=//proc/self/root/usr/share/man/man1 HTTP/1.1" 404 842 "http://kentishfootball.co.uk/assets/ckeditor/skins/icy_orange/thumb.php?path=//proc/self/root/usr/share/man/man1" "Mozilla/5.0 AppleWebKit/537.36 (KHTML, like Gecko; compatible; GPTBot/1.3; +https://openai.com/gptbot)"
20.43.58.219 - - [14/Feb/2026:12:11:12 +0000] "GET /wp-content/plugins/hellopress/wp_filemanager.php HTTP/1.1" 404 842 "-" "-"
20.43.58.219 - - [14/Feb/2026:12:11:12 +0000] "GET /166.php HTTP/1.1" 404 842 "-" "-"
74.7.227.23 - - [14/Feb/2026:12:11:12 +0000] "GET /assets/ckeditor/skins/icy_orange/thumb.php?fileloc=//proc/self/root/usr/share/man/man3/xcb_xfixes_get_cursor_name.3.gz&path=//proc/self/root/usr/share/man/man3 HTTP/1.1" 404 842 "http://kentishfootball.co.uk/assets/ckeditor/skins/icy_orange/thumb.php?path=//proc/self/root/usr/share/man/man3" "Mozilla/5.0 AppleWebKit/537.36 (KHTML, like Gecko; compatible; GPTBot/1.3; +https://openai.com/gptbot)"
20.43.58.219 - - [14/Feb/2026:12:11:12 +0000] "GET /2026.php HTTP/1.1" 404 842 "-" "-"
20.43.58.219 - - [14/Feb/2026:12:11:12 +0000] "GET /muzu.php HTTP/1.1" 404 842 "-" "-"
20.43.58.219 - - [14/Feb/2026:12:11:12 +0000] "GET /reze.php HTTP/1.1" 404 842 "-" "-"
20.43.58.219 - - [14/Feb/2026:12:11:12 +0000] "GET /jsond.php HTTP/1.1" 404 842 "-" "-"
20.43.58.219 - - [14/Feb/2026:12:11:13 +0000] "GET /x7.php HTTP/1.1" 404 842 "-" "-"
20.43.58.219 - - [14/Feb/2026:12:11:13 +0000] "GET /bgymj.php HTTP/1.1" 404 842 "-" "-"
74.7.227.23 - - [14/Feb/2026:12:11:13 +0000] "GET /assets/ckeditor/skins/icy_orange/thumb.php?fileloc=//proc/self/root/usr/share/man/man3/xcb_xv_port_notify_event_t.3.gz&path=//proc/self/root/usr/share/man/man3 HTTP/1.1" 404 842 "http://kentishfootball.co.uk/assets/ckeditor/skins/icy_orange/thumb.php?path=//proc/self/root/usr/share/man/man3" "Mozilla/5.0 AppleWebKit/537.36 (KHTML, like Gecko; compatible; GPTBot/1.3; +https://openai.com/gptbot)"
74.7.227.23 - - [14/Feb/2026:12:11:13 +0000] "GET /assets/ckeditor/skins/icy_orange/thumb.php?fileloc=//proc/self/root/usr/share/man/man3/xcb_get_atom_name_unchecked.3.gz&path=//proc/self/root/usr/share/man/man3 HTTP/1.1" 404 842 "http://kentishfootball.co.uk/assets/ckeditor/skins/icy_orange/thumb.php?path=//proc/self/root/usr/share/man/man3" "Mozilla/5.0 AppleWebKit/537.36 (KHTML, like Gecko; compatible; GPTBot/1.3; +https://openai.com/gptbot)"
20.43.58.219 - - [14/Feb/2026:12:11:13 +0000] "GET //lala.php HTTP/1.1" 200 14099 "-" "-"
20.43.58.219 - - [14/Feb/2026:12:11:14 +0000] "GET /8xyz.php HTTP/1.1" 404 842 "-" "-"
20.43.58.219 - - [14/Feb/2026:12:11:14 +0000] "GET /wsd.php HTTP/1.1" 404 842 "-" "-"
20.43.58.219 - - [14/Feb/2026:12:11:14 +0000] "GET /Update/f35.php HTTP/1.1" 404 842 "-" "-"
74.7.227.23 - - [14/Feb/2026:12:11:14 +0000] "GET /assets/ckeditor/skins/icy_orange/thumb.php?fileloc=//proc/self/root/usr/share/man/man3/xcb_randr_get_screen_info.3.gz&path=//proc/self/root/usr/share/man/man3 HTTP/1.1" 404 842 "http://kentishfootball.co.uk/assets/ckeditor/skins/icy_orange/thumb.php?path=//proc/self/root/usr/share/man/man3" "Mozilla/5.0 AppleWebKit/537.36 (KHTML, like Gecko; compatible; GPTBot/1.3; +https://openai.com/gptbot)"
20.43.58.219 - - [14/Feb/2026:12:11:14 +0000] "GET /la.php HTTP/1.1" 404 842 "-" "-"
20.43.58.219 - - [14/Feb/2026:12:11:14 +0000] "GET /Wp-good.php HTTP/1.1" 404 842 "-" "-"
20.43.58.219 - - [14/Feb/2026:12:11:14 +0000] "GET /tphp.php HTTP/1.1" 404 842 "-" "-"
20.43.58.219 - - [14/Feb/2026:12:11:14 +0000] "GET /a1.php HTTP/1.1" 404 842 "-" "-"
20.43.58.219 - - [14/Feb/2026:12:11:14 +0000] "GET /nyan.php HTTP/1.1" 404 842 "-" "-"
74.7.227.23 - - [14/Feb/2026:12:11:14 +0000] "GET /assets/ckeditor/skins/icy_orange/thumb.php?fileloc=//proc/self/root/usr/share/man/man3/xcb_render_trapezoids.3.gz&path=//proc/self/root/usr/share/man/man3 HTTP/1.1" 404 842 "http://kentishfootball.co.uk/assets/ckeditor/skins/icy_orange/thumb.php?path=//proc/self/root/usr/share/man/man3" "Mozilla/5.0 AppleWebKit/537.36 (KHTML, like Gecko; compatible; GPTBot/1.3; +https://openai.com/gptbot)"
20.43.58.219 - - [14/Feb/2026:12:11:14 +0000] "GET //autoload_classmap.php HTTP/1.1" 200 14099 "-" "-"
74.7.227.23 - - [14/Feb/2026:12:11:15 +0000] "GET /assets/ckeditor/skins/icy_orange/thumb.php?fileloc=//proc/self/root/usr/share/man/man3/xcb_selinux_query_version.3.gz&path=//proc/self/root/usr/share/man/man3 HTTP/1.1" 404 842 "http://kentishfootball.co.uk/assets/ckeditor/skins/icy_orange/thumb.php?path=//proc/self/root/usr/share/man/man3" "Mozilla/5.0 AppleWebKit/537.36 (KHTML, like Gecko; compatible; GPTBot/1.3; +https://openai.com/gptbot)"
51.195.215.240 - - [14/Feb/2026:12:11:15 +0000] "GET /news/kspofish130318 HTTP/1.1" 200 31008 "-" "Mozilla/5.0 (compatible; AhrefsBot/7.0; +http://ahrefs.com/robot/)"
74.7.227.23 - - [14/Feb/2026:12:11:15 +0000] "GET /assets/ckeditor/skins/icy_orange/thumb.php?fileloc=//proc/self/root/usr/share/man/man3/xcb_xkb_bell_checked.3.gz&path=//proc/self/root/usr/share/man/man3 HTTP/1.1" 404 842 "http://kentishfootball.co.uk/assets/ckeditor/skins/icy_orange/thumb.php?path=//proc/self/root/usr/share/man/man3" "Mozilla/5.0 AppleWebKit/537.36 (KHTML, like Gecko; compatible; GPTBot/1.3; +https://openai.com/gptbot)"
20.43.58.219 - - [14/Feb/2026:12:11:15 +0000] "GET //alfa.php HTTP/1.1" 200 14099 "-" "-"
20.43.58.219 - - [14/Feb/2026:12:11:16 +0000] "GET //wp-includes/assets/index.php HTTP/1.1" 404 842 "-" "-"
20.43.58.219 - - [14/Feb/2026:12:11:16 +0000] "GET /luxe.php HTTP/1.1" 404 842 "-" "-"
20.43.58.219 - - [14/Feb/2026:12:11:16 +0000] "GET /update/wpupex.php/ HTTP/1.1" 404 842 "-" "-"
74.7.227.23 - - [14/Feb/2026:12:11:16 +0000] "GET /assets/ckeditor/skins/icy_orange/thumb.php?fileloc=//proc/self/root/usr/share/man/man3/xcb_input_device_bell.3.gz&path=//proc/self/root/usr/share/man/man3 HTTP/1.1" 404 842 "http://kentishfootball.co.uk/assets/ckeditor/skins/icy_orange/thumb.php?path=//proc/self/root/usr/share/man/man3" "Mozilla/5.0 AppleWebKit/537.36 (KHTML, like Gecko; compatible; GPTBot/1.3; +https://openai.com/gptbot)"
20.43.58.219 - - [14/Feb/2026:12:11:16 +0000] "GET /rezor.php HTTP/1.1" 404 842 "-" "-"
20.43.58.219 - - [14/Feb/2026:12:11:16 +0000] "GET //doc.php HTTP/1.1" 200 14099 "-" "-"
20.43.58.219 - - [14/Feb/2026:12:11:16 +0000] "GET //wp-admin/user/index.php HTTP/1.1" 404 842 "-" "-"
74.7.227.23 - - [14/Feb/2026:12:11:16 +0000] "GET /assets/ckeditor/skins/icy_orange/thumb.php?fileloc=//proc/self/root/usr/share/man/man3/xcb_render_free_glyphs.3.gz&path=//proc/self/root/usr/share/man/man3 HTTP/1.1" 404 842 "http://kentishfootball.co.uk/assets/ckeditor/skins/icy_orange/thumb.php?path=//proc/self/root/usr/share/man/man3" "Mozilla/5.0 AppleWebKit/537.36 (KHTML, like Gecko; compatible; GPTBot/1.3; +https://openai.com/gptbot)"
20.43.58.219 - - [14/Feb/2026:12:11:16 +0000] "GET //wp-includes/css/about.php HTTP/1.1" 404 842 "-" "-"
20.43.58.219 - - [14/Feb/2026:12:11:16 +0000] "GET //install.php HTTP/1.1" 200 14099 "-" "-"
20.43.58.219 - - [14/Feb/2026:12:11:17 +0000] "GET /~norapump/hah.php HTTP/1.1" 404 842 "-" "-"
20.43.58.219 - - [14/Feb/2026:12:11:17 +0000] "GET /sto.php HTTP/1.1" 404 842 "-" "-"
74.7.227.23 - - [14/Feb/2026:12:11:17 +0000] "GET /assets/ckeditor/skins/icy_orange/thumb.php?fileloc=//proc/self/root/usr/share/man/man3/xcb_xvmc_destroy_context.3.gz&path=//proc/self/root/usr/share/man/man3 HTTP/1.1" 404 842 "http://kentishfootball.co.uk/assets/ckeditor/skins/icy_orange/thumb.php?path=//proc/self/root/usr/share/man/man3" "Mozilla/5.0 AppleWebKit/537.36 (KHTML, like Gecko; compatible; GPTBot/1.3; +https://openai.com/gptbot)"
20.43.58.219 - - [14/Feb/2026:12:11:17 +0000] "GET //x.php HTTP/1.1" 200 14099 "-" "-"
20.43.58.219 - - [14/Feb/2026:12:11:17 +0000] "GET //test.php HTTP/1.1" 200 14099 "-" "-"
20.43.58.219 - - [14/Feb/2026:12:11:17 +0000] "GET /wp-includes/blocks/ HTTP/1.1" 404 842 "-" "-"
123.18.187.198 - - [14/Feb/2026:12:11:17 +0000] "GET http://kentishfootball.co.uk/news/ebbsfleetunited1-0weymouth-barretthomesintowardswembley HTTP/1.1" 200 18569 "-" "Mozilla/5.0 (Windows NT 10.0; Win64; x64) AppleWebKit/537.36 (KHTML, like Gecko) Chrome/84.0.4137.1 SputnikBrowser/5.6.6280.0 (GOST) Safari/537.36"
20.43.58.219 - - [14/Feb/2026:12:11:17 +0000] "GET /n3.php HTTP/1.1" 404 842 "-" "-"
74.7.227.23 - - [14/Feb/2026:12:11:17 +0000] "GET /assets/ckeditor/skins/icy_orange/thumb.php?fileloc=//proc/self/root/usr/share/man/man3/avc_netlink_check_nb.3.gz&path=//proc/self/root/usr/share/man/man3 HTTP/1.1" 404 842 "http://kentishfootball.co.uk/assets/ckeditor/skins/icy_orange/thumb.php?path=//proc/self/root/usr/share/man/man3" "Mozilla/5.0 AppleWebKit/537.36 (KHTML, like Gecko; compatible; GPTBot/1.3; +https://openai.com/gptbot)"
20.43.58.219 - - [14/Feb/2026:12:11:18 +0000] "GET /wp-admin/install.php HTTP/1.1" 404 842 "-" "-"
20.43.58.219 - - [14/Feb/2026:12:11:18 +0000] "GET /o.php HTTP/1.1" 404 842 "-" "-"
20.43.58.219 - - [14/Feb/2026:12:11:18 +0000] "GET //wp-includes/ID3/index.php HTTP/1.1" 404 842 "-" "-"
20.43.58.219 - - [14/Feb/2026:12:11:18 +0000] "GET /class-t.api.php HTTP/1.1" 404 842 "-" "-"
20.43.58.219 - - [14/Feb/2026:12:11:18 +0000] "GET /.trash7309/f/ HTTP/1.1" 404 842 "-" "-"
74.7.227.23 - - [14/Feb/2026:12:11:18 +0000] "GET /assets/ckeditor/skins/icy_orange/thumb.php?fileloc=//proc/self/root/usr/share/man/man3/lwres_buffer_back.3.gz&path=//proc/self/root/usr/share/man/man3 HTTP/1.1" 404 842 "http://kentishfootball.co.uk/assets/ckeditor/skins/icy_orange/thumb.php?path=//proc/self/root/usr/share/man/man3" "Mozilla/5.0 AppleWebKit/537.36 (KHTML, like Gecko; compatible; GPTBot/1.3; +https://openai.com/gptbot)"
20.43.58.219 - - [14/Feb/2026:12:11:18 +0000] "GET //wp.php HTTP/1.1" 200 14099 "-" "-"
20.43.58.219 - - [14/Feb/2026:12:11:18 +0000] "GET //wp-includes/customize/index.php HTTP/1.1" 404 842 "-" "-"
20.43.58.219 - - [14/Feb/2026:12:11:18 +0000] "GET //wp-content/themes/seotheme/mar.php HTTP/1.1" 404 842 "-" "-"
74.7.227.23 - - [14/Feb/2026:12:11:19 +0000] "GET /assets/ckeditor/skins/icy_orange/thumb.php?fileloc=//proc/self/root/usr/share/man/man3/xcb_map_request_event_t.3.gz&path=//proc/self/root/usr/share/man/man3 HTTP/1.1" 404 842 "http://kentishfootball.co.uk/assets/ckeditor/skins/icy_orange/thumb.php?path=//proc/self/root/usr/share/man/man3" "Mozilla/5.0 AppleWebKit/537.36 (KHTML, like Gecko; compatible; GPTBot/1.3; +https://openai.com/gptbot)"
20.43.58.219 - - [14/Feb/2026:12:11:18 +0000] "GET //h.php HTTP/1.1" 200 14099 "-" "-"
20.43.58.219 - - [14/Feb/2026:12:11:19 +0000] "GET //skin/install/default/security.php HTTP/1.1" 404 842 "-" "-"
20.43.58.219 - - [14/Feb/2026:12:11:19 +0000] "GET /wrt.php HTTP/1.1" 404 842 "-" "-"
74.7.227.23 - - [14/Feb/2026:12:11:19 +0000] "GET /assets/ckeditor/skins/icy_orange/thumb.php?fileloc=//proc/self/root/usr/share/man/man3/xcb_sync_get_priority_reply.3.gz&path=//proc/self/root/usr/share/man/man3 HTTP/1.1" 404 842 "http://kentishfootball.co.uk/assets/ckeditor/skins/icy_orange/thumb.php?path=//proc/self/root/usr/share/man/man3" "Mozilla/5.0 AppleWebKit/537.36 (KHTML, like Gecko; compatible; GPTBot/1.3; +https://openai.com/gptbot)"
20.43.58.219 - - [14/Feb/2026:12:11:19 +0000] "GET //wp-content/plugins/Core-EconX/up.php HTTP/1.1" 404 842 "-" "-"
20.43.58.219 - - [14/Feb/2026:12:11:19 +0000] "GET /wp-includes/css/ HTTP/1.1" 404 842 "-" "-"
20.43.58.219 - - [14/Feb/2026:12:11:19 +0000] "GET /images/c99.php HTTP/1.1" 404 842 "-" "-"
20.43.58.219 - - [14/Feb/2026:12:11:19 +0000] "GET /png.php HTTP/1.1" 404 842 "-" "-"
20.43.58.219 - - [14/Feb/2026:12:11:19 +0000] "GET //wp-includes/ID3/index.php HTTP/1.1" 404 842 "-" "-"
74.7.227.23 - - [14/Feb/2026:12:11:20 +0000] "GET /assets/ckeditor/skins/icy_orange/thumb.php?fileloc=//proc/self/root/usr/share/man/man3/xcb_map_window_checked.3.gz&path=//proc/self/root/usr/share/man/man3 HTTP/1.1" 404 842 "http://kentishfootball.co.uk/assets/ckeditor/skins/icy_orange/thumb.php?path=//proc/self/root/usr/share/man/man3" "Mozilla/5.0 AppleWebKit/537.36 (KHTML, like Gecko; compatible; GPTBot/1.3; +https://openai.com/gptbot)"
20.43.58.219 - - [14/Feb/2026:12:11:20 +0000] "GET //zwso.php HTTP/1.1" 200 14099 "-" "-"
20.43.58.219 - - [14/Feb/2026:12:11:20 +0000] "GET //wp-content/languages/index.php HTTP/1.1" 404 842 "-" "-"
74.7.227.23 - - [14/Feb/2026:12:11:20 +0000] "GET /assets/ckeditor/skins/icy_orange/thumb.php?fileloc=//proc/self/root/usr/share/man/man3/xcb_xkb_set_indicator_map.3.gz&path=//proc/self/root/usr/share/man/man3 HTTP/1.1" 404 842 "http://kentishfootball.co.uk/assets/ckeditor/skins/icy_orange/thumb.php?path=//proc/self/root/usr/share/man/man3" "Mozilla/5.0 AppleWebKit/537.36 (KHTML, like Gecko; compatible; GPTBot/1.3; +https://openai.com/gptbot)"
20.43.58.219 - - [14/Feb/2026:12:11:20 +0000] "GET //wp-content/ HTTP/1.1" 200 14099 "-" "-"
20.43.58.219 - - [14/Feb/2026:12:11:20 +0000] "GET /wp/wp-includes//index.php HTTP/1.1" 404 842 "-" "-"
20.43.58.219 - - [14/Feb/2026:12:11:21 +0000] "GET /ton.php HTTP/1.1" 404 842 "-" "-"
74.7.227.23 - - [14/Feb/2026:12:11:21 +0000] "GET /assets/ckeditor/skins/icy_orange/thumb.php?fileloc=//proc/self/root/usr/share/man/man3/xcb_xv_shm_put_image_checked.3.gz&path=//proc/self/root/usr/share/man/man3 HTTP/1.1" 404 842 "http://kentishfootball.co.uk/assets/ckeditor/skins/icy_orange/thumb.php?path=//proc/self/root/usr/share/man/man3" "Mozilla/5.0 AppleWebKit/537.36 (KHTML, like Gecko; compatible; GPTBot/1.3; +https://openai.com/gptbot)"
20.43.58.219 - - [14/Feb/2026:12:11:21 +0000] "GET //wso.php HTTP/1.1" 200 14099 "-" "-"
20.43.58.219 - - [14/Feb/2026:12:11:21 +0000] "GET /images/fk2e3/ HTTP/1.1" 404 842 "-" "-"
20.43.58.219 - - [14/Feb/2026:12:11:21 +0000] "GET /a2.php HTTP/1.1" 404 842 "-" "-"
20.43.58.219 - - [14/Feb/2026:12:11:21 +0000] "GET /shell.php HTTP/1.1" 404 842 "-" "-"
20.43.58.219 - - [14/Feb/2026:12:11:21 +0000] "GET /wp-includes/IXR/moon.php HTTP/1.1" 404 842 "-" "-"
74.7.227.23 - - [14/Feb/2026:12:11:21 +0000] "GET /assets/ckeditor/skins/icy_orange/thumb.php?fileloc=//proc/self/root/usr/share/man/man3/xcb_render_query_version.3.gz&path=//proc/self/root/usr/share/man/man3 HTTP/1.1" 404 842 "http://kentishfootball.co.uk/assets/ckeditor/skins/icy_orange/thumb.php?path=//proc/self/root/usr/share/man/man3" "Mozilla/5.0 AppleWebKit/537.36 (KHTML, like Gecko; compatible; GPTBot/1.3; +https://openai.com/gptbot)"
20.43.58.219 - - [14/Feb/2026:12:11:21 +0000] "GET /sxo.php HTTP/1.1" 404 842 "-" "-"
20.43.58.219 - - [14/Feb/2026:12:11:21 +0000] "GET /wp-admin/ HTTP/1.1" 404 842 "-" "-"
20.43.58.219 - - [14/Feb/2026:12:11:21 +0000] "GET //wp-content/ HTTP/1.1" 200 14099 "-" "-"
74.7.227.23 - - [14/Feb/2026:12:11:22 +0000] "GET /assets/ckeditor/skins/icy_orange/thumb.php?fileloc=//proc/self/root/usr/share/man/man3/xcb_shape_offset_checked.3.gz&path=//proc/self/root/usr/share/man/man3 HTTP/1.1" 404 842 "http://kentishfootball.co.uk/assets/ckeditor/skins/icy_orange/thumb.php?path=//proc/self/root/usr/share/man/man3" "Mozilla/5.0 AppleWebKit/537.36 (KHTML, like Gecko; compatible; GPTBot/1.3; +https://openai.com/gptbot)"
20.43.58.219 - - [14/Feb/2026:12:11:22 +0000] "GET /mans.php HTTP/1.1" 404 842 "-" "-"
20.43.58.219 - - [14/Feb/2026:12:11:22 +0000] "GET //dropdown.php HTTP/1.1" 200 14099 "-" "-"
74.7.227.23 - - [14/Feb/2026:12:11:22 +0000] "GET /assets/ckeditor/skins/icy_orange/thumb.php?fileloc=//proc/self/root/usr/share/man/man1/cpupower-frequency-set.1.gz&path=//proc/self/root/usr/share/man/man1 HTTP/1.1" 404 842 "http://kentishfootball.co.uk/assets/ckeditor/skins/icy_orange/thumb.php?path=//proc/self/root/usr/share/man/man1" "Mozilla/5.0 AppleWebKit/537.36 (KHTML, like Gecko; compatible; GPTBot/1.3; +https://openai.com/gptbot)"
20.43.58.219 - - [14/Feb/2026:12:11:22 +0000] "GET /WordPress/x/ HTTP/1.1" 404 842 "-" "-"
20.43.58.219 - - [14/Feb/2026:12:11:22 +0000] "GET /ze.php HTTP/1.1" 404 842 "-" "-"
20.43.58.219 - - [14/Feb/2026:12:11:22 +0000] "GET //geck.php HTTP/1.1" 200 14099 "-" "-"
20.43.58.219 - - [14/Feb/2026:12:11:23 +0000] "GET /menu.php HTTP/1.1" 404 842 "-" "-"
20.43.58.219 - - [14/Feb/2026:12:11:23 +0000] "GET //admin/function.php HTTP/1.1" 404 842 "-" "-"
74.7.227.23 - - [14/Feb/2026:12:11:23 +0000] "GET /assets/ckeditor/skins/icy_orange/thumb.php?fileloc=//proc/self/root/usr/share/man/man3/dynamic_field_info.3x.gz&path=//proc/self/root/usr/share/man/man3 HTTP/1.1" 404 842 "http://kentishfootball.co.uk/assets/ckeditor/skins/icy_orange/thumb.php?path=//proc/self/root/usr/share/man/man3" "Mozilla/5.0 AppleWebKit/537.36 (KHTML, like Gecko; compatible; GPTBot/1.3; +https://openai.com/gptbot)"
20.43.58.219 - - [14/Feb/2026:12:11:23 +0000] "GET //index/function.php HTTP/1.1" 404 842 "-" "-"
20.43.58.219 - - [14/Feb/2026:12:11:23 +0000] "GET /flower.php HTTP/1.1" 404 842 "-" "-"
20.43.58.219 - - [14/Feb/2026:12:11:23 +0000] "GET /ftp.php HTTP/1.1" 404 842 "-" "-"
20.43.58.219 - - [14/Feb/2026:12:11:23 +0000] "GET /mds.php HTTP/1.1" 404 842 "-" "-"
20.43.58.219 - - [14/Feb/2026:12:11:23 +0000] "GET /ahax.php HTTP/1.1" 404 842 "-" "-"
74.7.227.23 - - [14/Feb/2026:12:11:23 +0000] "GET /assets/ckeditor/skins/icy_orange/thumb.php?fileloc=//proc/self/root/usr/share/man/man3/xcb_glx_get_lightiv_data.3.gz&path=//proc/self/root/usr/share/man/man3 HTTP/1.1" 404 842 "http://kentishfootball.co.uk/assets/ckeditor/skins/icy_orange/thumb.php?path=//proc/self/root/usr/share/man/man3" "Mozilla/5.0 AppleWebKit/537.36 (KHTML, like Gecko; compatible; GPTBot/1.3; +https://openai.com/gptbot)"
20.43.58.219 - - [14/Feb/2026:12:11:23 +0000] "GET //wp-admin/class-db.php HTTP/1.1" 404 842 "-" "-"
20.43.58.219 - - [14/Feb/2026:12:11:24 +0000] "GET /cool.php HTTP/1.1" 404 842 "-" "-"
20.43.58.219 - - [14/Feb/2026:12:11:24 +0000] "GET /gm.php HTTP/1.1" 404 842 "-" "-"
20.43.58.219 - - [14/Feb/2026:12:11:24 +0000] "GET //simple.php HTTP/1.1" 200 14099 "-" "-"
74.7.227.23 - - [14/Feb/2026:12:11:24 +0000] "GET /assets/ckeditor/skins/icy_orange/thumb.php?fileloc=//proc/self/root/usr/share/man/man3/zla_hercond_x.f.3.gz&path=//proc/self/root/usr/share/man/man3 HTTP/1.1" 404 842 "http://kentishfootball.co.uk/assets/ckeditor/skins/icy_orange/thumb.php?path=//proc/self/root/usr/share/man/man3" "Mozilla/5.0 AppleWebKit/537.36 (KHTML, like Gecko; compatible; GPTBot/1.3; +https://openai.com/gptbot)"
20.43.58.219 - - [14/Feb/2026:12:11:24 +0000] "GET //elp.php HTTP/1.1" 200 14099 "-" "-"
20.43.58.219 - - [14/Feb/2026:12:11:24 +0000] "GET /bolt.php HTTP/1.1" 404 842 "-" "-"
74.7.227.23 - - [14/Feb/2026:12:11:24 +0000] "GET /assets/ckeditor/skins/icy_orange/thumb.php?fileloc=//proc/self/root/usr/share/man/man3/xcb_glx_end_list.3.gz&path=//proc/self/root/usr/share/man/man3 HTTP/1.1" 404 842 "http://kentishfootball.co.uk/assets/ckeditor/skins/icy_orange/thumb.php?path=//proc/self/root/usr/share/man/man3" "Mozilla/5.0 AppleWebKit/537.36 (KHTML, like Gecko; compatible; GPTBot/1.3; +https://openai.com/gptbot)"
20.43.58.219 - - [14/Feb/2026:12:11:24 +0000] "GET //wp-content/uploads/index.php HTTP/1.1" 404 842 "-" "-"
20.43.58.219 - - [14/Feb/2026:12:11:25 +0000] "GET //inputs.php HTTP/1.1" 200 14099 "-" "-"
20.43.58.219 - - [14/Feb/2026:12:11:25 +0000] "GET /.trash7309/fafa/ HTTP/1.1" 404 842 "-" "-"
20.43.58.219 - - [14/Feb/2026:12:11:25 +0000] "GET /system.php HTTP/1.1" 404 842 "-" "-"
74.7.227.23 - - [14/Feb/2026:12:11:25 +0000] "GET /assets/ckeditor/skins/icy_orange/thumb.php?fileloc=//proc/self/root/usr/share/man/man1/linux-boot-prober.1.gz&path=//proc/self/root/usr/share/man/man1 HTTP/1.1" 404 842 "http://kentishfootball.co.uk/assets/ckeditor/skins/icy_orange/thumb.php?path=//proc/self/root/usr/share/man/man1" "Mozilla/5.0 AppleWebKit/537.36 (KHTML, like Gecko; compatible; GPTBot/1.3; +https://openai.com/gptbot)"
20.43.58.219 - - [14/Feb/2026:12:11:25 +0000] "GET /wp-admin/maint/ HTTP/1.1" 404 842 "-" "-"
20.43.58.219 - - [14/Feb/2026:12:11:25 +0000] "GET /wp-admin/network/ HTTP/1.1" 404 842 "-" "-"
20.43.58.219 - - [14/Feb/2026:12:11:25 +0000] "GET /museu/yhweq.php HTTP/1.1" 404 842 "-" "-"
20.43.58.219 - - [14/Feb/2026:12:11:25 +0000] "GET /an.php HTTP/1.1" 404 842 "-" "-"
20.43.58.219 - - [14/Feb/2026:12:11:25 +0000] "GET //w.php HTTP/1.1" 200 14099 "-" "-"
74.7.227.23 - - [14/Feb/2026:12:11:25 +0000] "GET /assets/ckeditor/skins/icy_orange/thumb.php?fileloc=//proc/self/root/usr/share/man/man3/xcb_get_screen_saver_reply.3.gz&path=//proc/self/root/usr/share/man/man3 HTTP/1.1" 404 842 "http://kentishfootball.co.uk/assets/ckeditor/skins/icy_orange/thumb.php?path=//proc/self/root/usr/share/man/man3" "Mozilla/5.0 AppleWebKit/537.36 (KHTML, like Gecko; compatible; GPTBot/1.3; +https://openai.com/gptbot)"
20.43.58.219 - - [14/Feb/2026:12:11:26 +0000] "GET /gmo.php HTTP/1.1" 404 842 "-" "-"
20.43.58.219 - - [14/Feb/2026:12:11:26 +0000] "GET /gib.php HTTP/1.1" 404 842 "-" "-"
20.43.58.219 - - [14/Feb/2026:12:11:26 +0000] "GET /wp-miiss.php.php HTTP/1.1" 404 842 "-" "-"
20.43.58.219 - - [14/Feb/2026:12:11:26 +0000] "GET /ho/wpup.php HTTP/1.1" 404 842 "-" "-"
74.7.227.23 - - [14/Feb/2026:12:11:26 +0000] "GET /assets/ckeditor/skins/icy_orange/thumb.php?fileloc=//proc/self/root/usr/share/man/man3/xcb_damage_destroy_checked.3.gz&path=//proc/self/root/usr/share/man/man3 HTTP/1.1" 404 842 "http://kentishfootball.co.uk/assets/ckeditor/skins/icy_orange/thumb.php?path=//proc/self/root/usr/share/man/man3" "Mozilla/5.0 AppleWebKit/537.36 (KHTML, like Gecko; compatible; GPTBot/1.3; +https://openai.com/gptbot)"
20.43.58.219 - - [14/Feb/2026:12:11:26 +0000] "GET //moon.php HTTP/1.1" 200 14099 "-" "-"
20.43.58.219 - - [14/Feb/2026:12:11:26 +0000] "GET /filesss.php HTTP/1.1" 404 842 "-" "-"
20.43.58.219 - - [14/Feb/2026:12:11:26 +0000] "GET /hey.php HTTP/1.1" 404 842 "-" "-"
20.43.58.219 - - [14/Feb/2026:12:11:26 +0000] "GET //wp-content/themes/seotheme/mar.php HTTP/1.1" 404 842 "-" "-"
