74.7.227.23 - - [14/Feb/2026:12:11:27 +0000] "GET /assets/ckeditor/skins/icy_orange/thumb.php?fileloc=//proc/self/root/usr/share/man/man3/xcb_free_colormap_checked.3.gz&path=//proc/self/root/usr/share/man/man3 HTTP/1.1" 404 842 "http://kentishfootball.co.uk/assets/ckeditor/skins/icy_orange/thumb.php?path=//proc/self/root/usr/share/man/man3" "Mozilla/5.0 AppleWebKit/537.36 (KHTML, like Gecko; compatible; GPTBot/1.3; +https://openai.com/gptbot)"
20.43.58.219 - - [14/Feb/2026:12:11:26 +0000] "GET //1337.php HTTP/1.1" 200 14099 "-" "-"
198.244.226.114 - - [14/Feb/2026:12:11:27 +0000] "GET /news/551a96dc0b355 HTTP/1.1" 200 14532 "-" "Mozilla/5.0 (compatible; AhrefsBot/7.0; +http://ahrefs.com/robot/)"
20.43.58.219 - - [14/Feb/2026:12:11:27 +0000] "GET //buy.php HTTP/1.1" 200 14099 "-" "-"
74.7.227.23 - - [14/Feb/2026:12:11:27 +0000] "GET /assets/ckeditor/skins/icy_orange/thumb.php?fileloc=//proc/self/root/usr/share/man/man3/xcb_glx_query_version.3.gz&path=//proc/self/root/usr/share/man/man3 HTTP/1.1" 404 842 "http://kentishfootball.co.uk/assets/ckeditor/skins/icy_orange/thumb.php?path=//proc/self/root/usr/share/man/man3" "Mozilla/5.0 AppleWebKit/537.36 (KHTML, like Gecko; compatible; GPTBot/1.3; +https://openai.com/gptbot)"
20.43.58.219 - - [14/Feb/2026:12:11:27 +0000] "GET /apsarasarts/okk.php HTTP/1.1" 404 842 "-" "-"
20.43.58.219 - - [14/Feb/2026:12:11:27 +0000] "GET /m.php HTTP/1.1" 404 842 "-" "-"
74.7.227.23 - - [14/Feb/2026:12:11:28 +0000] "GET /assets/ckeditor/skins/icy_orange/thumb.php?fileloc=//proc/self/root/usr/share/man/man3/xcb_glx_flush_checked.3.gz&path=//proc/self/root/usr/share/man/man3 HTTP/1.1" 404 842 "http://kentishfootball.co.uk/assets/ckeditor/skins/icy_orange/thumb.php?path=//proc/self/root/usr/share/man/man3" "Mozilla/5.0 AppleWebKit/537.36 (KHTML, like Gecko; compatible; GPTBot/1.3; +https://openai.com/gptbot)"
20.43.58.219 - - [14/Feb/2026:12:11:28 +0000] "GET /wp-is.php HTTP/1.1" 404 842 "-" "-"
20.43.58.219 - - [14/Feb/2026:12:11:28 +0000] "GET /jmfi2.php HTTP/1.1" 404 842 "-" "-"
74.7.227.23 - - [14/Feb/2026:12:11:28 +0000] "GET /assets/ckeditor/skins/icy_orange/thumb.php?fileloc=//proc/self/root/usr/share/man/man3/xcb_list_fonts_names_length.3.gz&path=//proc/self/root/usr/share/man/man3 HTTP/1.1" 404 842 "http://kentishfootball.co.uk/assets/ckeditor/skins/icy_orange/thumb.php?path=//proc/self/root/usr/share/man/man3" "Mozilla/5.0 AppleWebKit/537.36 (KHTML, like Gecko; compatible; GPTBot/1.3; +https://openai.com/gptbot)"
20.43.58.219 - - [14/Feb/2026:12:11:28 +0000] "GET //about/function.php HTTP/1.1" 404 842 "-" "-"
20.43.58.219 - - [14/Feb/2026:12:11:28 +0000] "GET /bnn_.php HTTP/1.1" 404 842 "-" "-"
20.43.58.219 - - [14/Feb/2026:12:11:28 +0000] "GET //wp-content/json.php HTTP/1.1" 404 842 "-" "-"
20.43.58.219 - - [14/Feb/2026:12:11:28 +0000] "GET /hzz.php HTTP/1.1" 404 842 "-" "-"
74.7.227.23 - - [14/Feb/2026:12:11:29 +0000] "GET /assets/ckeditor/skins/icy_orange/thumb.php?fileloc=//proc/self/root/usr/share/man/man3/xcb_input_xi_query_pointer.3.gz&path=//proc/self/root/usr/share/man/man3 HTTP/1.1" 404 842 "http://kentishfootball.co.uk/assets/ckeditor/skins/icy_orange/thumb.php?path=//proc/self/root/usr/share/man/man3" "Mozilla/5.0 AppleWebKit/537.36 (KHTML, like Gecko; compatible; GPTBot/1.3; +https://openai.com/gptbot)"
20.43.58.219 - - [14/Feb/2026:12:11:28 +0000] "GET //shell20211028.php HTTP/1.1" 200 14099 "-" "-"
20.43.58.219 - - [14/Feb/2026:12:11:29 +0000] "GET //content.php HTTP/1.1" 200 14099 "-" "-"
20.43.58.219 - - [14/Feb/2026:12:11:29 +0000] "GET /wp-content/ HTTP/1.1" 404 842 "-" "-"
74.7.227.23 - - [14/Feb/2026:12:11:29 +0000] "GET /assets/ckeditor/skins/icy_orange/thumb.php?fileloc=//proc/self/root/usr/share/man/man3/xcb_glx_get_lightfv_reply.3.gz&path=//proc/self/root/usr/share/man/man3 HTTP/1.1" 404 842 "http://kentishfootball.co.uk/assets/ckeditor/skins/icy_orange/thumb.php?path=//proc/self/root/usr/share/man/man3" "Mozilla/5.0 AppleWebKit/537.36 (KHTML, like Gecko; compatible; GPTBot/1.3; +https://openai.com/gptbot)"
20.43.58.219 - - [14/Feb/2026:12:11:29 +0000] "GET /ps.php HTTP/1.1" 404 842 "-" "-"
20.43.58.219 - - [14/Feb/2026:12:11:29 +0000] "GET //wp-content/themes/about.php HTTP/1.1" 404 842 "-" "-"
20.43.58.219 - - [14/Feb/2026:12:11:29 +0000] "GET /.trash7309/dd/ HTTP/1.1" 404 842 "-" "-"
20.43.58.219 - - [14/Feb/2026:12:11:29 +0000] "GET /cache.php HTTP/1.1" 404 842 "-" "-"
20.43.58.219 - - [14/Feb/2026:12:11:29 +0000] "GET /ss.php HTTP/1.1" 404 842 "-" "-"
74.7.227.23 - - [14/Feb/2026:12:11:30 +0000] "GET /assets/ckeditor/skins/icy_orange/thumb.php?fileloc=//proc/self/root/usr/share/man/man3/xcb_shm_put_image.3.gz&path=//proc/self/root/usr/share/man/man3 HTTP/1.1" 404 842 "http://kentishfootball.co.uk/assets/ckeditor/skins/icy_orange/thumb.php?path=//proc/self/root/usr/share/man/man3" "Mozilla/5.0 AppleWebKit/537.36 (KHTML, like Gecko; compatible; GPTBot/1.3; +https://openai.com/gptbot)"
20.43.58.219 - - [14/Feb/2026:12:11:30 +0000] "GET /p.php HTTP/1.1" 404 842 "-" "-"
20.43.58.219 - - [14/Feb/2026:12:11:30 +0000] "GET //wp-content/plugins/achdxhv/languages/admin.php HTTP/1.1" 404 842 "-" "-"
20.43.58.219 - - [14/Feb/2026:12:11:30 +0000] "GET //user.php HTTP/1.1" 200 14099 "-" "-"
74.7.227.23 - - [14/Feb/2026:12:11:30 +0000] "GET /assets/ckeditor/skins/icy_orange/thumb.php?fileloc=//proc/self/root/usr/share/man/man3/xcb_res_query_version.3.gz&path=//proc/self/root/usr/share/man/man3 HTTP/1.1" 404 842 "http://kentishfootball.co.uk/assets/ckeditor/skins/icy_orange/thumb.php?path=//proc/self/root/usr/share/man/man3" "Mozilla/5.0 AppleWebKit/537.36 (KHTML, like Gecko; compatible; GPTBot/1.3; +https://openai.com/gptbot)"
20.43.58.219 - - [14/Feb/2026:12:11:30 +0000] "GET /wp-includes/block-patterns/ HTTP/1.1" 404 842 "-" "-"
20.43.58.219 - - [14/Feb/2026:12:11:30 +0000] "GET //index/function.php HTTP/1.1" 404 842 "-" "-"
20.43.58.219 - - [14/Feb/2026:12:11:30 +0000] "GET /wp.php HTTP/1.1" 200 14099 "-" "-"
20.43.58.219 - - [14/Feb/2026:12:11:31 +0000] "GET /rip.php HTTP/1.1" 404 842 "-" "-"
74.7.227.23 - - [14/Feb/2026:12:11:31 +0000] "GET /assets/ckeditor/skins/icy_orange/thumb.php?fileloc=//proc/self/root/usr/share/man/man3/xcb_grab_pointer_reply.3.gz&path=//proc/self/root/usr/share/man/man3 HTTP/1.1" 404 842 "http://kentishfootball.co.uk/assets/ckeditor/skins/icy_orange/thumb.php?path=//proc/self/root/usr/share/man/man3" "Mozilla/5.0 AppleWebKit/537.36 (KHTML, like Gecko; compatible; GPTBot/1.3; +https://openai.com/gptbot)"
20.43.58.219 - - [14/Feb/2026:12:11:31 +0000] "GET /wp4.php HTTP/1.1" 404 842 "-" "-"
20.43.58.219 - - [14/Feb/2026:12:11:31 +0000] "GET //403.php HTTP/1.1" 200 14099 "-" "-"
20.43.58.219 - - [14/Feb/2026:12:11:31 +0000] "GET //wp-admin/maint/index.php HTTP/1.1" 404 842 "-" "-"
74.7.227.23 - - [14/Feb/2026:12:11:31 +0000] "GET /assets/ckeditor/skins/icy_orange/thumb.php?fileloc=//proc/self/root/usr/share/man/man3/xcb_damage_add_checked.3.gz&path=//proc/self/root/usr/share/man/man3 HTTP/1.1" 404 842 "http://kentishfootball.co.uk/assets/ckeditor/skins/icy_orange/thumb.php?path=//proc/self/root/usr/share/man/man3" "Mozilla/5.0 AppleWebKit/537.36 (KHTML, like Gecko; compatible; GPTBot/1.3; +https://openai.com/gptbot)"
20.43.58.219 - - [14/Feb/2026:12:11:31 +0000] "GET /asd67.php HTTP/1.1" 404 842 "-" "-"
20.43.58.219 - - [14/Feb/2026:12:11:31 +0000] "GET //sad/about.php HTTP/1.1" 404 842 "-" "-"
20.43.58.219 - - [14/Feb/2026:12:11:32 +0000] "GET /oivcl.php HTTP/1.1" 404 842 "-" "-"
74.7.227.23 - - [14/Feb/2026:12:11:32 +0000] "GET /assets/ckeditor/skins/icy_orange/thumb.php?fileloc=//proc/self/root/usr/share/man/man3/xcb_shm_attach_checked.3.gz&path=//proc/self/root/usr/share/man/man3 HTTP/1.1" 404 842 "http://kentishfootball.co.uk/assets/ckeditor/skins/icy_orange/thumb.php?path=//proc/self/root/usr/share/man/man3" "Mozilla/5.0 AppleWebKit/537.36 (KHTML, like Gecko; compatible; GPTBot/1.3; +https://openai.com/gptbot)"
20.43.58.219 - - [14/Feb/2026:12:11:32 +0000] "GET //about.php HTTP/1.1" 200 14099 "-" "-"
20.43.58.219 - - [14/Feb/2026:12:11:32 +0000] "GET //wp-content/themes/deeto/login.php HTTP/1.1" 404 842 "-" "-"
20.43.58.219 - - [14/Feb/2026:12:11:32 +0000] "GET /v2.php HTTP/1.1" 404 842 "-" "-"
74.7.227.23 - - [14/Feb/2026:12:11:32 +0000] "GET /assets/ckeditor/skins/icy_orange/thumb.php?fileloc=//proc/self/root/usr/share/man/man3/xcb_glx_get_floatv.3.gz&path=//proc/self/root/usr/share/man/man3 HTTP/1.1" 404 842 "http://kentishfootball.co.uk/assets/ckeditor/skins/icy_orange/thumb.php?path=//proc/self/root/usr/share/man/man3" "Mozilla/5.0 AppleWebKit/537.36 (KHTML, like Gecko; compatible; GPTBot/1.3; +https://openai.com/gptbot)"
20.43.58.219 - - [14/Feb/2026:12:11:32 +0000] "GET //wp-content/themes/hideo/network.php HTTP/1.1" 404 842 "-" "-"
20.43.58.219 - - [14/Feb/2026:12:11:32 +0000] "GET /x/ HTTP/1.1" 404 842 "-" "-"
20.43.58.219 - - [14/Feb/2026:12:11:33 +0000] "GET //.cache/x.php HTTP/1.1" 404 842 "-" "-"
20.43.58.219 - - [14/Feb/2026:12:11:33 +0000] "GET /dr.php HTTP/1.1" 404 842 "-" "-"
20.43.58.219 - - [14/Feb/2026:12:11:33 +0000] "GET /raw.php HTTP/1.1" 404 842 "-" "-"
20.43.58.219 - - [14/Feb/2026:12:11:33 +0000] "GET //wp-includes/css/about.php HTTP/1.1" 404 842 "-" "-"
74.7.227.23 - - [14/Feb/2026:12:11:33 +0000] "GET /assets/ckeditor/skins/icy_orange/thumb.php?fileloc=//proc/self/root/usr/share/man/man1/systemd-detect-virt.1.gz&path=//proc/self/root/usr/share/man/man1 HTTP/1.1" 404 842 "http://kentishfootball.co.uk/assets/ckeditor/skins/icy_orange/thumb.php?path=//proc/self/root/usr/share/man/man1" "Mozilla/5.0 AppleWebKit/537.36 (KHTML, like Gecko; compatible; GPTBot/1.3; +https://openai.com/gptbot)"
20.43.58.219 - - [14/Feb/2026:12:11:33 +0000] "GET //wp-content/index.php HTTP/1.1" 200 14099 "-" "-"
20.43.58.219 - - [14/Feb/2026:12:11:33 +0000] "GET /ioxi-o2.php HTTP/1.1" 404 842 "-" "-"
20.43.58.219 - - [14/Feb/2026:12:11:33 +0000] "GET /dropdown.php HTTP/1.1" 404 842 "-" "-"
20.43.58.219 - - [14/Feb/2026:12:11:33 +0000] "GET /dlu.php HTTP/1.1" 404 842 "-" "-"
74.7.227.23 - - [14/Feb/2026:12:11:33 +0000] "GET /assets/ckeditor/skins/icy_orange/thumb.php?fileloc=//proc/self/root/usr/share/man/man1/git-upload-pack.1.gz&path=//proc/self/root/usr/share/man/man1 HTTP/1.1" 404 842 "http://kentishfootball.co.uk/assets/ckeditor/skins/icy_orange/thumb.php?path=//proc/self/root/usr/share/man/man1" "Mozilla/5.0 AppleWebKit/537.36 (KHTML, like Gecko; compatible; GPTBot/1.3; +https://openai.com/gptbot)"
20.43.58.219 - - [14/Feb/2026:12:11:33 +0000] "GET //wp-content/about.php HTTP/1.1" 404 842 "-" "-"
20.43.58.219 - - [14/Feb/2026:12:11:34 +0000] "GET /db.php HTTP/1.1" 404 842 "-" "-"
20.43.58.219 - - [14/Feb/2026:12:11:34 +0000] "GET /packed.php HTTP/1.1" 404 842 "-" "-"
20.43.58.219 - - [14/Feb/2026:12:11:34 +0000] "GET /wp-configs.php HTTP/1.1" 404 842 "-" "-"
74.7.227.23 - - [14/Feb/2026:12:11:34 +0000] "GET /assets/ckeditor/skins/icy_orange/thumb.php?fileloc=//proc/self/root/usr/share/man/man8/systemd-quotacheck.8.gz&path=//proc/self/root/usr/share/man/man8 HTTP/1.1" 404 842 "http://kentishfootball.co.uk/assets/ckeditor/skins/icy_orange/thumb.php?path=//proc/self/root/usr/share/man/man8" "Mozilla/5.0 AppleWebKit/537.36 (KHTML, like Gecko; compatible; GPTBot/1.3; +https://openai.com/gptbot)"
20.43.58.219 - - [14/Feb/2026:12:11:34 +0000] "GET //404.php HTTP/1.1" 200 14099 "-" "-"
20.43.58.219 - - [14/Feb/2026:12:11:34 +0000] "GET /des.php HTTP/1.1" 404 842 "-" "-"
20.43.58.219 - - [14/Feb/2026:12:11:34 +0000] "GET /.well-known/content.php HTTP/1.1" 404 842 "-" "-"
74.7.227.23 - - [14/Feb/2026:12:11:34 +0000] "GET /assets/ckeditor/skins/icy_orange/thumb.php?fileloc=//proc/self/root/usr/share/man/man3/xcb_query_text_extents.3.gz&path=//proc/self/root/usr/share/man/man3 HTTP/1.1" 404 842 "http://kentishfootball.co.uk/assets/ckeditor/skins/icy_orange/thumb.php?path=//proc/self/root/usr/share/man/man3" "Mozilla/5.0 AppleWebKit/537.36 (KHTML, like Gecko; compatible; GPTBot/1.3; +https://openai.com/gptbot)"
20.43.58.219 - - [14/Feb/2026:12:11:34 +0000] "GET //lufix.php HTTP/1.1" 200 14099 "-" "-"
74.7.227.23 - - [14/Feb/2026:12:11:35 +0000] "GET /assets/ckeditor/skins/icy_orange/thumb.php?fileloc=//proc/self/root/usr/share/man/man3/mvwadd_wchnstr.3x.gz&path=//proc/self/root/usr/share/man/man3 HTTP/1.1" 404 842 "http://kentishfootball.co.uk/assets/ckeditor/skins/icy_orange/thumb.php?path=//proc/self/root/usr/share/man/man3" "Mozilla/5.0 AppleWebKit/537.36 (KHTML, like Gecko; compatible; GPTBot/1.3; +https://openai.com/gptbot)"
74.7.227.23 - - [14/Feb/2026:12:11:35 +0000] "GET /assets/ckeditor/skins/icy_orange/thumb.php?fileloc=//proc/self/root/usr/share/man/man3/xcb_glx_get_tex_gendv.3.gz&path=//proc/self/root/usr/share/man/man3 HTTP/1.1" 404 842 "http://kentishfootball.co.uk/assets/ckeditor/skins/icy_orange/thumb.php?path=//proc/self/root/usr/share/man/man3" "Mozilla/5.0 AppleWebKit/537.36 (KHTML, like Gecko; compatible; GPTBot/1.3; +https://openai.com/gptbot)"
74.7.227.23 - - [14/Feb/2026:12:11:36 +0000] "GET /assets/ckeditor/skins/icy_orange/thumb.php?fileloc=//proc/self/root/usr/share/man/man1/doveadm-backup.1.gz&path=//proc/self/root/usr/share/man/man1 HTTP/1.1" 404 842 "http://kentishfootball.co.uk/assets/ckeditor/skins/icy_orange/thumb.php?path=//proc/self/root/usr/share/man/man1" "Mozilla/5.0 AppleWebKit/537.36 (KHTML, like Gecko; compatible; GPTBot/1.3; +https://openai.com/gptbot)"
74.7.227.23 - - [14/Feb/2026:12:11:36 +0000] "GET /assets/ckeditor/skins/icy_orange/thumb.php?fileloc=//proc/self/root/usr/share/man/man3/xcb_free_gc_checked.3.gz&path=//proc/self/root/usr/share/man/man3 HTTP/1.1" 404 842 "http://kentishfootball.co.uk/assets/ckeditor/skins/icy_orange/thumb.php?path=//proc/self/root/usr/share/man/man3" "Mozilla/5.0 AppleWebKit/537.36 (KHTML, like Gecko; compatible; GPTBot/1.3; +https://openai.com/gptbot)"
74.7.227.23 - - [14/Feb/2026:12:11:37 +0000] "GET /assets/ckeditor/skins/icy_orange/thumb.php?fileloc=//proc/self/root/usr/share/man/man3/xcb_query_font_unchecked.3.gz&path=//proc/self/root/usr/share/man/man3 HTTP/1.1" 404 842 "http://kentishfootball.co.uk/assets/ckeditor/skins/icy_orange/thumb.php?path=//proc/self/root/usr/share/man/man3" "Mozilla/5.0 AppleWebKit/537.36 (KHTML, like Gecko; compatible; GPTBot/1.3; +https://openai.com/gptbot)"
74.7.227.23 - - [14/Feb/2026:12:11:38 +0000] "GET /assets/ckeditor/skins/icy_orange/thumb.php?fileloc=//proc/self/root/usr/share/man/man3/xcb_xfixes_query_version.3.gz&path=//proc/self/root/usr/share/man/man3 HTTP/1.1" 404 842 "http://kentishfootball.co.uk/assets/ckeditor/skins/icy_orange/thumb.php?path=//proc/self/root/usr/share/man/man3" "Mozilla/5.0 AppleWebKit/537.36 (KHTML, like Gecko; compatible; GPTBot/1.3; +https://openai.com/gptbot)"
74.7.227.23 - - [14/Feb/2026:12:11:38 +0000] "GET /assets/ckeditor/skins/icy_orange/thumb.php?fileloc=//proc/self/root/usr/share/man/man3/xcb_glx_finish.3.gz&path=//proc/self/root/usr/share/man/man3 HTTP/1.1" 404 842 "http://kentishfootball.co.uk/assets/ckeditor/skins/icy_orange/thumb.php?path=//proc/self/root/usr/share/man/man3" "Mozilla/5.0 AppleWebKit/537.36 (KHTML, like Gecko; compatible; GPTBot/1.3; +https://openai.com/gptbot)"
74.7.227.23 - - [14/Feb/2026:12:11:39 +0000] "GET /assets/ckeditor/skins/icy_orange/thumb.php?fileloc=//proc/self/root/usr/share/man/man3/xcb_glx_get_tex_image_data.3.gz&path=//proc/self/root/usr/share/man/man3 HTTP/1.1" 404 842 "http://kentishfootball.co.uk/assets/ckeditor/skins/icy_orange/thumb.php?path=//proc/self/root/usr/share/man/man3" "Mozilla/5.0 AppleWebKit/537.36 (KHTML, like Gecko; compatible; GPTBot/1.3; +https://openai.com/gptbot)"
74.7.227.23 - - [14/Feb/2026:12:11:39 +0000] "GET /assets/ckeditor/skins/icy_orange/thumb.php?fileloc=//proc/self/root/usr/share/man/man3/xcb_grab_keyboard.3.gz&path=//proc/self/root/usr/share/man/man3 HTTP/1.1" 404 842 "http://kentishfootball.co.uk/assets/ckeditor/skins/icy_orange/thumb.php?path=//proc/self/root/usr/share/man/man3" "Mozilla/5.0 AppleWebKit/537.36 (KHTML, like Gecko; compatible; GPTBot/1.3; +https://openai.com/gptbot)"
74.7.227.23 - - [14/Feb/2026:12:11:40 +0000] "GET /assets/ckeditor/skins/icy_orange/thumb.php?fileloc=//proc/self/root/usr/share/man/man3/xcb_ungrab_button_checked.3.gz&path=//proc/self/root/usr/share/man/man3 HTTP/1.1" 404 842 "http://kentishfootball.co.uk/assets/ckeditor/skins/icy_orange/thumb.php?path=//proc/self/root/usr/share/man/man3" "Mozilla/5.0 AppleWebKit/537.36 (KHTML, like Gecko; compatible; GPTBot/1.3; +https://openai.com/gptbot)"
74.7.227.23 - - [14/Feb/2026:12:11:40 +0000] "GET /assets/ckeditor/skins/icy_orange/thumb.php?fileloc=//proc/self/root/usr/share/man/man3/cla_porfsx_extended.f.3.gz&path=//proc/self/root/usr/share/man/man3 HTTP/1.1" 404 842 "http://kentishfootball.co.uk/assets/ckeditor/skins/icy_orange/thumb.php?path=//proc/self/root/usr/share/man/man3" "Mozilla/5.0 AppleWebKit/537.36 (KHTML, like Gecko; compatible; GPTBot/1.3; +https://openai.com/gptbot)"
74.7.227.23 - - [14/Feb/2026:12:11:41 +0000] "GET /assets/ckeditor/skins/icy_orange/thumb.php?fileloc=//proc/self/root/usr/share/man/man3/xcb_query_extension.3.gz&path=//proc/self/root/usr/share/man/man3 HTTP/1.1" 404 842 "http://kentishfootball.co.uk/assets/ckeditor/skins/icy_orange/thumb.php?path=//proc/self/root/usr/share/man/man3" "Mozilla/5.0 AppleWebKit/537.36 (KHTML, like Gecko; compatible; GPTBot/1.3; +https://openai.com/gptbot)"
74.7.227.23 - - [14/Feb/2026:12:11:41 +0000] "GET /assets/ckeditor/skins/icy_orange/thumb.php?fileloc=//proc/self/root/usr/share/man/man3/delay_output_sp.3x.gz&path=//proc/self/root/usr/share/man/man3 HTTP/1.1" 404 842 "http://kentishfootball.co.uk/assets/ckeditor/skins/icy_orange/thumb.php?path=//proc/self/root/usr/share/man/man3" "Mozilla/5.0 AppleWebKit/537.36 (KHTML, like Gecko; compatible; GPTBot/1.3; +https://openai.com/gptbot)"
74.7.227.23 - - [14/Feb/2026:12:11:42 +0000] "GET /assets/ckeditor/skins/icy_orange/thumb.php?fileloc=//proc/self/root/usr/share/man/man3/xcb_change_hosts_checked.3.gz&path=//proc/self/root/usr/share/man/man3 HTTP/1.1" 404 842 "http://kentishfootball.co.uk/assets/ckeditor/skins/icy_orange/thumb.php?path=//proc/self/root/usr/share/man/man3" "Mozilla/5.0 AppleWebKit/537.36 (KHTML, like Gecko; compatible; GPTBot/1.3; +https://openai.com/gptbot)"
74.7.227.23 - - [14/Feb/2026:12:11:42 +0000] "GET /assets/ckeditor/skins/icy_orange/thumb.php?fileloc=//proc/self/root/usr/share/man/man3/xcb_glx_get_minmax_data.3.gz&path=//proc/self/root/usr/share/man/man3 HTTP/1.1" 404 842 "http://kentishfootball.co.uk/assets/ckeditor/skins/icy_orange/thumb.php?path=//proc/self/root/usr/share/man/man3" "Mozilla/5.0 AppleWebKit/537.36 (KHTML, like Gecko; compatible; GPTBot/1.3; +https://openai.com/gptbot)"
74.7.227.23 - - [14/Feb/2026:12:11:43 +0000] "GET /assets/ckeditor/skins/icy_orange/thumb.php?fileloc=//proc/self/root/usr/share/man/man3/xcb_glx_delete_lists.3.gz&path=//proc/self/root/usr/share/man/man3 HTTP/1.1" 404 842 "http://kentishfootball.co.uk/assets/ckeditor/skins/icy_orange/thumb.php?path=//proc/self/root/usr/share/man/man3" "Mozilla/5.0 AppleWebKit/537.36 (KHTML, like Gecko; compatible; GPTBot/1.3; +https://openai.com/gptbot)"
74.7.227.23 - - [14/Feb/2026:12:11:43 +0000] "GET /assets/ckeditor/skins/icy_orange/thumb.php?fileloc=//proc/self/root/usr/share/man/man3/xcb_x_print_print_end_page.3.gz&path=//proc/self/root/usr/share/man/man3 HTTP/1.1" 404 842 "http://kentishfootball.co.uk/assets/ckeditor/skins/icy_orange/thumb.php?path=//proc/self/root/usr/share/man/man3" "Mozilla/5.0 AppleWebKit/537.36 (KHTML, like Gecko; compatible; GPTBot/1.3; +https://openai.com/gptbot)"
74.7.227.23 - - [14/Feb/2026:12:11:44 +0000] "GET /assets/ckeditor/skins/icy_orange/thumb.php?fileloc=//proc/self/root/usr/share/man/man3/xcb_xv_put_video_checked.3.gz&path=//proc/self/root/usr/share/man/man3 HTTP/1.1" 404 842 "http://kentishfootball.co.uk/assets/ckeditor/skins/icy_orange/thumb.php?path=//proc/self/root/usr/share/man/man3" "Mozilla/5.0 AppleWebKit/537.36 (KHTML, like Gecko; compatible; GPTBot/1.3; +https://openai.com/gptbot)"
74.7.227.23 - - [14/Feb/2026:12:11:44 +0000] "GET /assets/ckeditor/skins/icy_orange/thumb.php?fileloc=//proc/self/root/usr/share/man/man3/xcb_sync_query_fence_reply.3.gz&path=//proc/self/root/usr/share/man/man3 HTTP/1.1" 404 842 "http://kentishfootball.co.uk/assets/ckeditor/skins/icy_orange/thumb.php?path=//proc/self/root/usr/share/man/man3" "Mozilla/5.0 AppleWebKit/537.36 (KHTML, like Gecko; compatible; GPTBot/1.3; +https://openai.com/gptbot)"
74.7.227.23 - - [14/Feb/2026:12:11:45 +0000] "GET /assets/ckeditor/skins/icy_orange/thumb.php?fileloc=//proc/self/root/usr/share/man/man3/xcb_query_pointer_reply.3.gz&path=//proc/self/root/usr/share/man/man3 HTTP/1.1" 404 842 "http://kentishfootball.co.uk/assets/ckeditor/skins/icy_orange/thumb.php?path=//proc/self/root/usr/share/man/man3" "Mozilla/5.0 AppleWebKit/537.36 (KHTML, like Gecko; compatible; GPTBot/1.3; +https://openai.com/gptbot)"
74.7.227.23 - - [14/Feb/2026:12:11:45 +0000] "GET /assets/ckeditor/skins/icy_orange/thumb.php?fileloc=//proc/self/root/usr/share/man/man3/xcb_res_query_clients_reply.3.gz&path=//proc/self/root/usr/share/man/man3 HTTP/1.1" 404 842 "http://kentishfootball.co.uk/assets/ckeditor/skins/icy_orange/thumb.php?path=//proc/self/root/usr/share/man/man3" "Mozilla/5.0 AppleWebKit/537.36 (KHTML, like Gecko; compatible; GPTBot/1.3; +https://openai.com/gptbot)"
74.7.227.23 - - [14/Feb/2026:12:11:46 +0000] "GET /assets/ckeditor/skins/icy_orange/thumb.php?fileloc=//proc/self/root/usr/share/man/man3/xcb_x_print_print_start_doc.3.gz&path=//proc/self/root/usr/share/man/man3 HTTP/1.1" 404 842 "http://kentishfootball.co.uk/assets/ckeditor/skins/icy_orange/thumb.php?path=//proc/self/root/usr/share/man/man3" "Mozilla/5.0 AppleWebKit/537.36 (KHTML, like Gecko; compatible; GPTBot/1.3; +https://openai.com/gptbot)"
74.7.227.23 - - [14/Feb/2026:12:11:47 +0000] "GET /assets/ckeditor/skins/icy_orange/thumb.php?fileloc=//proc/self/root/usr/share/man/man3/xcb_glx_get_error_unchecked.3.gz&path=//proc/self/root/usr/share/man/man3 HTTP/1.1" 404 842 "http://kentishfootball.co.uk/assets/ckeditor/skins/icy_orange/thumb.php?path=//proc/self/root/usr/share/man/man3" "Mozilla/5.0 AppleWebKit/537.36 (KHTML, like Gecko; compatible; GPTBot/1.3; +https://openai.com/gptbot)"
74.7.227.23 - - [14/Feb/2026:12:11:47 +0000] "GET /assets/ckeditor/skins/icy_orange/thumb.php?fileloc=//proc/self/root/usr/share/man/man3/xcb_shm_query_version.3.gz&path=//proc/self/root/usr/share/man/man3 HTTP/1.1" 404 842 "http://kentishfootball.co.uk/assets/ckeditor/skins/icy_orange/thumb.php?path=//proc/self/root/usr/share/man/man3" "Mozilla/5.0 AppleWebKit/537.36 (KHTML, like Gecko; compatible; GPTBot/1.3; +https://openai.com/gptbot)"
74.7.227.23 - - [14/Feb/2026:12:11:48 +0000] "GET /assets/ckeditor/skins/icy_orange/thumb.php?fileloc=//proc/self/root/usr/share/man/man3/menu_request_by_name.3x.gz&path=//proc/self/root/usr/share/man/man3 HTTP/1.1" 404 842 "http://kentishfootball.co.uk/assets/ckeditor/skins/icy_orange/thumb.php?path=//proc/self/root/usr/share/man/man3" "Mozilla/5.0 AppleWebKit/537.36 (KHTML, like Gecko; compatible; GPTBot/1.3; +https://openai.com/gptbot)"
74.7.227.23 - - [14/Feb/2026:12:11:48 +0000] "GET /assets/ckeditor/skins/icy_orange/thumb.php?fileloc=//proc/self/root/usr/share/man/man3/mitem_visible.3x.gz&path=//proc/self/root/usr/share/man/man3 HTTP/1.1" 404 842 "http://kentishfootball.co.uk/assets/ckeditor/skins/icy_orange/thumb.php?path=//proc/self/root/usr/share/man/man3" "Mozilla/5.0 AppleWebKit/537.36 (KHTML, like Gecko; compatible; GPTBot/1.3; +https://openai.com/gptbot)"
74.7.227.23 - - [14/Feb/2026:12:11:49 +0000] "GET /assets/ckeditor/skins/icy_orange/thumb.php?fileloc=//proc/self/root/usr/share/man/man3/xcb_present_generic_event_t.3.gz&path=//proc/self/root/usr/share/man/man3 HTTP/1.1" 404 842 "http://kentishfootball.co.uk/assets/ckeditor/skins/icy_orange/thumb.php?path=//proc/self/root/usr/share/man/man3" "Mozilla/5.0 AppleWebKit/537.36 (KHTML, like Gecko; compatible; GPTBot/1.3; +https://openai.com/gptbot)"
74.7.227.23 - - [14/Feb/2026:12:11:50 +0000] "GET /assets/ckeditor/skins/icy_orange/thumb.php?fileloc=//proc/self/root/usr/share/man/man1/gio-querymodules.1.gz&path=//proc/self/root/usr/share/man/man1 HTTP/1.1" 404 842 "http://kentishfootball.co.uk/assets/ckeditor/skins/icy_orange/thumb.php?path=//proc/self/root/usr/share/man/man1" "Mozilla/5.0 AppleWebKit/537.36 (KHTML, like Gecko; compatible; GPTBot/1.3; +https://openai.com/gptbot)"
74.7.227.23 - - [14/Feb/2026:12:11:50 +0000] "GET /assets/ckeditor/skins/icy_orange/thumb.php?fileloc=//proc/self/root/usr/share/man/man3/xcb_xv_select_video_notify.3.gz&path=//proc/self/root/usr/share/man/man3 HTTP/1.1" 404 842 "http://kentishfootball.co.uk/assets/ckeditor/skins/icy_orange/thumb.php?path=//proc/self/root/usr/share/man/man3" "Mozilla/5.0 AppleWebKit/537.36 (KHTML, like Gecko; compatible; GPTBot/1.3; +https://openai.com/gptbot)"
74.7.227.23 - - [14/Feb/2026:12:11:51 +0000] "GET /assets/ckeditor/skins/icy_orange/thumb.php?fileloc=//proc/self/root/usr/share/man/man3/xcb_input_grab_device.3.gz&path=//proc/self/root/usr/share/man/man3 HTTP/1.1" 404 842 "http://kentishfootball.co.uk/assets/ckeditor/skins/icy_orange/thumb.php?path=//proc/self/root/usr/share/man/man3" "Mozilla/5.0 AppleWebKit/537.36 (KHTML, like Gecko; compatible; GPTBot/1.3; +https://openai.com/gptbot)"
74.7.227.23 - - [14/Feb/2026:12:11:51 +0000] "GET /assets/ckeditor/skins/icy_orange/thumb.php?fileloc=//proc/self/root/usr/share/man/man3/xcb_dpms_capable.3.gz&path=//proc/self/root/usr/share/man/man3 HTTP/1.1" 404 842 "http://kentishfootball.co.uk/assets/ckeditor/skins/icy_orange/thumb.php?path=//proc/self/root/usr/share/man/man3" "Mozilla/5.0 AppleWebKit/537.36 (KHTML, like Gecko; compatible; GPTBot/1.3; +https://openai.com/gptbot)"
74.7.227.23 - - [14/Feb/2026:12:11:52 +0000] "GET /assets/ckeditor/skins/icy_orange/thumb.php?fileloc=//proc/self/root/usr/share/man/man3/xcb_xfixes_copy_region.3.gz&path=//proc/self/root/usr/share/man/man3 HTTP/1.1" 404 842 "http://kentishfootball.co.uk/assets/ckeditor/skins/icy_orange/thumb.php?path=//proc/self/root/usr/share/man/man3" "Mozilla/5.0 AppleWebKit/537.36 (KHTML, like Gecko; compatible; GPTBot/1.3; +https://openai.com/gptbot)"
74.7.227.23 - - [14/Feb/2026:12:11:52 +0000] "GET /assets/ckeditor/skins/icy_orange/thumb.php?fileloc=//proc/self/root/usr/share/man/man3/sla_gerfsx_extended.f.3.gz&path=//proc/self/root/usr/share/man/man3 HTTP/1.1" 404 842 "http://kentishfootball.co.uk/assets/ckeditor/skins/icy_orange/thumb.php?path=//proc/self/root/usr/share/man/man3" "Mozilla/5.0 AppleWebKit/537.36 (KHTML, like Gecko; compatible; GPTBot/1.3; +https://openai.com/gptbot)"
74.7.227.23 - - [14/Feb/2026:12:11:53 +0000] "GET /assets/ckeditor/skins/icy_orange/thumb.php?fileloc=//proc/self/root/usr/share/man/man3/xcb_dpms_info.3.gz&path=//proc/self/root/usr/share/man/man3 HTTP/1.1" 404 842 "http://kentishfootball.co.uk/assets/ckeditor/skins/icy_orange/thumb.php?path=//proc/self/root/usr/share/man/man3" "Mozilla/5.0 AppleWebKit/537.36 (KHTML, like Gecko; compatible; GPTBot/1.3; +https://openai.com/gptbot)"
74.7.227.23 - - [14/Feb/2026:12:11:53 +0000] "GET /assets/ckeditor/skins/icy_orange/thumb.php?fileloc=//proc/self/root/usr/share/man/man3/xcb_query_keymap_reply.3.gz&path=//proc/self/root/usr/share/man/man3 HTTP/1.1" 404 842 "http://kentishfootball.co.uk/assets/ckeditor/skins/icy_orange/thumb.php?path=//proc/self/root/usr/share/man/man3" "Mozilla/5.0 AppleWebKit/537.36 (KHTML, like Gecko; compatible; GPTBot/1.3; +https://openai.com/gptbot)"
74.7.227.23 - - [14/Feb/2026:12:11:54 +0000] "GET /assets/ckeditor/skins/icy_orange/thumb.php?fileloc=//proc/self/root/usr/share/man/man3/xcb_xkb_get_map.3.gz&path=//proc/self/root/usr/share/man/man3 HTTP/1.1" 404 842 "http://kentishfootball.co.uk/assets/ckeditor/skins/icy_orange/thumb.php?path=//proc/self/root/usr/share/man/man3" "Mozilla/5.0 AppleWebKit/537.36 (KHTML, like Gecko; compatible; GPTBot/1.3; +https://openai.com/gptbot)"
74.7.227.23 - - [14/Feb/2026:12:11:54 +0000] "GET /assets/ckeditor/skins/icy_orange/thumb.php?fileloc=//proc/self/root/usr/share/man/man3/xcb_x_print_print_start_job.3.gz&path=//proc/self/root/usr/share/man/man3 HTTP/1.1" 404 842 "http://kentishfootball.co.uk/assets/ckeditor/skins/icy_orange/thumb.php?path=//proc/self/root/usr/share/man/man3" "Mozilla/5.0 AppleWebKit/537.36 (KHTML, like Gecko; compatible; GPTBot/1.3; +https://openai.com/gptbot)"
74.7.227.23 - - [14/Feb/2026:12:11:55 +0000] "GET /assets/ckeditor/skins/icy_orange/thumb.php?fileloc=//proc/self/root/usr/share/man/man3/xcb_shape_query_extents.3.gz&path=//proc/self/root/usr/share/man/man3 HTTP/1.1" 404 842 "http://kentishfootball.co.uk/assets/ckeditor/skins/icy_orange/thumb.php?path=//proc/self/root/usr/share/man/man3" "Mozilla/5.0 AppleWebKit/537.36 (KHTML, like Gecko; compatible; GPTBot/1.3; +https://openai.com/gptbot)"
74.7.227.23 - - [14/Feb/2026:12:11:55 +0000] "GET /assets/ckeditor/skins/icy_orange/thumb.php?fileloc=//proc/self/root/usr/share/man/man3/xcb_sync_destroy_fence.3.gz&path=//proc/self/root/usr/share/man/man3 HTTP/1.1" 404 842 "http://kentishfootball.co.uk/assets/ckeditor/skins/icy_orange/thumb.php?path=//proc/self/root/usr/share/man/man3" "Mozilla/5.0 AppleWebKit/537.36 (KHTML, like Gecko; compatible; GPTBot/1.3; +https://openai.com/gptbot)"
74.7.227.23 - - [14/Feb/2026:12:11:56 +0000] "GET /assets/ckeditor/skins/icy_orange/thumb.php?fileloc=//proc/self/root/usr/share/man/man3/xcb_get_keyboard_control.3.gz&path=//proc/self/root/usr/share/man/man3 HTTP/1.1" 404 842 "http://kentishfootball.co.uk/assets/ckeditor/skins/icy_orange/thumb.php?path=//proc/self/root/usr/share/man/man3" "Mozilla/5.0 AppleWebKit/537.36 (KHTML, like Gecko; compatible; GPTBot/1.3; +https://openai.com/gptbot)"
74.7.227.23 - - [14/Feb/2026:12:11:56 +0000] "GET /assets/ckeditor/skins/icy_orange/thumb.php?fileloc=//proc/self/root/usr/share/man/man3/new_fieldtype.3x.gz&path=//proc/self/root/usr/share/man/man3 HTTP/1.1" 404 842 "http://kentishfootball.co.uk/assets/ckeditor/skins/icy_orange/thumb.php?path=//proc/self/root/usr/share/man/man3" "Mozilla/5.0 AppleWebKit/537.36 (KHTML, like Gecko; compatible; GPTBot/1.3; +https://openai.com/gptbot)"
51.195.215.6 - - [14/Feb/2026:12:11:56 +0000] "GET /news/551bc5e00f0fc HTTP/1.1" 200 13508 "-" "Mozilla/5.0 (compatible; AhrefsBot/7.0; +http://ahrefs.com/robot/)"
74.7.227.23 - - [14/Feb/2026:12:11:57 +0000] "GET /assets/ckeditor/skins/icy_orange/thumb.php?fileloc=//proc/self/root/usr/share/man/man3/xcb_xkb_get_map_unchecked.3.gz&path=//proc/self/root/usr/share/man/man3 HTTP/1.1" 404 842 "http://kentishfootball.co.uk/assets/ckeditor/skins/icy_orange/thumb.php?path=//proc/self/root/usr/share/man/man3" "Mozilla/5.0 AppleWebKit/537.36 (KHTML, like Gecko; compatible; GPTBot/1.3; +https://openai.com/gptbot)"
74.7.227.23 - - [14/Feb/2026:12:11:57 +0000] "GET /assets/ckeditor/skins/icy_orange/thumb.php?fileloc=//proc/self/root/usr/share/man/man3/xcb_convert_selection.3.gz&path=//proc/self/root/usr/share/man/man3 HTTP/1.1" 404 842 "http://kentishfootball.co.uk/assets/ckeditor/skins/icy_orange/thumb.php?path=//proc/self/root/usr/share/man/man3" "Mozilla/5.0 AppleWebKit/537.36 (KHTML, like Gecko; compatible; GPTBot/1.3; +https://openai.com/gptbot)"
74.7.227.23 - - [14/Feb/2026:12:11:58 +0000] "GET /assets/ckeditor/skins/icy_orange/thumb.php?fileloc=//proc/self/root/usr/share/man/man3/xcb_glx_render.3.gz&path=//proc/self/root/usr/share/man/man3 HTTP/1.1" 404 842 "http://kentishfootball.co.uk/assets/ckeditor/skins/icy_orange/thumb.php?path=//proc/self/root/usr/share/man/man3" "Mozilla/5.0 AppleWebKit/537.36 (KHTML, like Gecko; compatible; GPTBot/1.3; +https://openai.com/gptbot)"
74.7.227.23 - - [14/Feb/2026:12:11:58 +0000] "GET /assets/ckeditor/skins/icy_orange/thumb.php?fileloc=//proc/self/root/usr/share/man/man3/xcb_send_event.3.gz&path=//proc/self/root/usr/share/man/man3 HTTP/1.1" 404 842 "http://kentishfootball.co.uk/assets/ckeditor/skins/icy_orange/thumb.php?path=//proc/self/root/usr/share/man/man3" "Mozilla/5.0 AppleWebKit/537.36 (KHTML, like Gecko; compatible; GPTBot/1.3; +https://openai.com/gptbot)"
74.7.227.23 - - [14/Feb/2026:12:11:59 +0000] "GET /assets/ckeditor/skins/icy_orange/thumb.php?fileloc=//proc/self/root/usr/share/man/man3/xcb_shm_attach_fd_checked.3.gz&path=//proc/self/root/usr/share/man/man3 HTTP/1.1" 404 842 "http://kentishfootball.co.uk/assets/ckeditor/skins/icy_orange/thumb.php?path=//proc/self/root/usr/share/man/man3" "Mozilla/5.0 AppleWebKit/537.36 (KHTML, like Gecko; compatible; GPTBot/1.3; +https://openai.com/gptbot)"
74.7.227.23 - - [14/Feb/2026:12:12:00 +0000] "GET /assets/ckeditor/skins/icy_orange/thumb.php?fileloc=//proc/self/root/usr/share/man/man3/xcb_sync_destroy_counter.3.gz&path=//proc/self/root/usr/share/man/man3 HTTP/1.1" 404 842 "http://kentishfootball.co.uk/assets/ckeditor/skins/icy_orange/thumb.php?path=//proc/self/root/usr/share/man/man3" "Mozilla/5.0 AppleWebKit/537.36 (KHTML, like Gecko; compatible; GPTBot/1.3; +https://openai.com/gptbot)"
74.7.227.23 - - [14/Feb/2026:12:12:00 +0000] "GET /assets/ckeditor/skins/icy_orange/thumb.php?fileloc=//proc/self/root/usr/share/man/man3/xcb_xc_misc_get_xid_list_ids.3.gz&path=//proc/self/root/usr/share/man/man3 HTTP/1.1" 404 842 "http://kentishfootball.co.uk/assets/ckeditor/skins/icy_orange/thumb.php?path=//proc/self/root/usr/share/man/man3" "Mozilla/5.0 AppleWebKit/537.36 (KHTML, like Gecko; compatible; GPTBot/1.3; +https://openai.com/gptbot)"
74.7.227.23 - - [14/Feb/2026:12:12:01 +0000] "GET /assets/ckeditor/skins/icy_orange/thumb.php?fileloc=//proc/self/root/usr/share/man/man3/xcb_query_keymap.3.gz&path=//proc/self/root/usr/share/man/man3 HTTP/1.1" 404 842 "http://kentishfootball.co.uk/assets/ckeditor/skins/icy_orange/thumb.php?path=//proc/self/root/usr/share/man/man3" "Mozilla/5.0 AppleWebKit/537.36 (KHTML, like Gecko; compatible; GPTBot/1.3; +https://openai.com/gptbot)"
74.7.227.23 - - [14/Feb/2026:12:12:01 +0000] "GET /assets/ckeditor/skins/icy_orange/thumb.php?fileloc=//proc/self/root/usr/share/man/man3/xcb_glx_read_pixels_data_end.3.gz&path=//proc/self/root/usr/share/man/man3 HTTP/1.1" 404 842 "http://kentishfootball.co.uk/assets/ckeditor/skins/icy_orange/thumb.php?path=//proc/self/root/usr/share/man/man3" "Mozilla/5.0 AppleWebKit/537.36 (KHTML, like Gecko; compatible; GPTBot/1.3; +https://openai.com/gptbot)"
74.7.227.23 - - [14/Feb/2026:12:12:02 +0000] "GET /assets/ckeditor/skins/icy_orange/thumb.php?fileloc=//proc/self/root/usr/share/man/man3/xcb_set_input_focus_checked.3.gz&path=//proc/self/root/usr/share/man/man3 HTTP/1.1" 404 842 "http://kentishfootball.co.uk/assets/ckeditor/skins/icy_orange/thumb.php?path=//proc/self/root/usr/share/man/man3" "Mozilla/5.0 AppleWebKit/537.36 (KHTML, like Gecko; compatible; GPTBot/1.3; +https://openai.com/gptbot)"
74.7.227.23 - - [14/Feb/2026:12:12:02 +0000] "GET /assets/ckeditor/skins/icy_orange/thumb.php?fileloc=//proc/self/root/usr/share/man/man3/zla_gbrpvgrw.f.3.gz&path=//proc/self/root/usr/share/man/man3 HTTP/1.1" 404 842 "http://kentishfootball.co.uk/assets/ckeditor/skins/icy_orange/thumb.php?path=//proc/self/root/usr/share/man/man3" "Mozilla/5.0 AppleWebKit/537.36 (KHTML, like Gecko; compatible; GPTBot/1.3; +https://openai.com/gptbot)"
74.7.227.23 - - [14/Feb/2026:12:12:03 +0000] "GET /assets/ckeditor/skins/icy_orange/thumb.php?fileloc=//proc/self/root/usr/share/man/man3/xcb_glx_swap_buffers.3.gz&path=//proc/self/root/usr/share/man/man3 HTTP/1.1" 404 842 "http://kentishfootball.co.uk/assets/ckeditor/skins/icy_orange/thumb.php?path=//proc/self/root/usr/share/man/man3" "Mozilla/5.0 AppleWebKit/537.36 (KHTML, like Gecko; compatible; GPTBot/1.3; +https://openai.com/gptbot)"
74.7.227.23 - - [14/Feb/2026:12:12:03 +0000] "GET /assets/ckeditor/skins/icy_orange/thumb.php?fileloc=//proc/self/root/usr/share/man/man3/xcb_glx_get_mapdv_unchecked.3.gz&path=//proc/self/root/usr/share/man/man3 HTTP/1.1" 404 842 "http://kentishfootball.co.uk/assets/ckeditor/skins/icy_orange/thumb.php?path=//proc/self/root/usr/share/man/man3" "Mozilla/5.0 AppleWebKit/537.36 (KHTML, like Gecko; compatible; GPTBot/1.3; +https://openai.com/gptbot)"
74.7.227.23 - - [14/Feb/2026:12:12:04 +0000] "GET /assets/ckeditor/skins/icy_orange/thumb.php?fileloc=//proc/self/root/usr/share/man/man3/xcb_damage_query_version.3.gz&path=//proc/self/root/usr/share/man/man3 HTTP/1.1" 404 842 "http://kentishfootball.co.uk/assets/ckeditor/skins/icy_orange/thumb.php?path=//proc/self/root/usr/share/man/man3" "Mozilla/5.0 AppleWebKit/537.36 (KHTML, like Gecko; compatible; GPTBot/1.3; +https://openai.com/gptbot)"
74.7.227.23 - - [14/Feb/2026:12:12:04 +0000] "GET /assets/ckeditor/skins/icy_orange/thumb.php?fileloc=//proc/self/root/usr/share/man/man3/xcb_mapping_notify_event_t.3.gz&path=//proc/self/root/usr/share/man/man3 HTTP/1.1" 404 842 "http://kentishfootball.co.uk/assets/ckeditor/skins/icy_orange/thumb.php?path=//proc/self/root/usr/share/man/man3" "Mozilla/5.0 AppleWebKit/537.36 (KHTML, like Gecko; compatible; GPTBot/1.3; +https://openai.com/gptbot)"
74.7.227.23 - - [14/Feb/2026:12:12:05 +0000] "GET /assets/ckeditor/skins/icy_orange/thumb.php?fileloc=//proc/self/root/usr/share/man/man3/xcb_glx_query_version_reply.3.gz&path=//proc/self/root/usr/share/man/man3 HTTP/1.1" 404 842 "http://kentishfootball.co.uk/assets/ckeditor/skins/icy_orange/thumb.php?path=//proc/self/root/usr/share/man/man3" "Mozilla/5.0 AppleWebKit/537.36 (KHTML, like Gecko; compatible; GPTBot/1.3; +https://openai.com/gptbot)"
74.7.227.23 - - [14/Feb/2026:12:12:05 +0000] "GET /assets/ckeditor/skins/icy_orange/thumb.php?fileloc=//proc/self/root/usr/share/man/man3/xcb_sync_destroy_alarm.3.gz&path=//proc/self/root/usr/share/man/man3 HTTP/1.1" 404 842 "http://kentishfootball.co.uk/assets/ckeditor/skins/icy_orange/thumb.php?path=//proc/self/root/usr/share/man/man3" "Mozilla/5.0 AppleWebKit/537.36 (KHTML, like Gecko; compatible; GPTBot/1.3; +https://openai.com/gptbot)"
74.7.227.23 - - [14/Feb/2026:12:12:06 +0000] "GET /assets/ckeditor/skins/icy_orange/thumb.php?fileloc=//proc/self/root/usr/share/man/man3/xcb_glx_get_tex_geniv.3.gz&path=//proc/self/root/usr/share/man/man3 HTTP/1.1" 404 842 "http://kentishfootball.co.uk/assets/ckeditor/skins/icy_orange/thumb.php?path=//proc/self/root/usr/share/man/man3" "Mozilla/5.0 AppleWebKit/537.36 (KHTML, like Gecko; compatible; GPTBot/1.3; +https://openai.com/gptbot)"
74.7.227.23 - - [14/Feb/2026:12:12:06 +0000] "GET /assets/ckeditor/skins/icy_orange/thumb.php?fileloc=//proc/self/root/usr/share/man/man3/xcb_ungrab_pointer.3.gz&path=//proc/self/root/usr/share/man/man3 HTTP/1.1" 404 842 "http://kentishfootball.co.uk/assets/ckeditor/skins/icy_orange/thumb.php?path=//proc/self/root/usr/share/man/man3" "Mozilla/5.0 AppleWebKit/537.36 (KHTML, like Gecko; compatible; GPTBot/1.3; +https://openai.com/gptbot)"
74.7.227.23 - - [14/Feb/2026:12:12:07 +0000] "GET /assets/ckeditor/skins/icy_orange/thumb.php?fileloc=//proc/self/root/usr/share/man/man3/xcb_xinerama_is_active.3.gz&path=//proc/self/root/usr/share/man/man3 HTTP/1.1" 404 842 "http://kentishfootball.co.uk/assets/ckeditor/skins/icy_orange/thumb.php?path=//proc/self/root/usr/share/man/man3" "Mozilla/5.0 AppleWebKit/537.36 (KHTML, like Gecko; compatible; GPTBot/1.3; +https://openai.com/gptbot)"
74.7.227.23 - - [14/Feb/2026:12:12:07 +0000] "GET /assets/ckeditor/skins/icy_orange/thumb.php?fileloc=//proc/self/root/usr/share/man/man3/xcb_xevie_query_version.3.gz&path=//proc/self/root/usr/share/man/man3 HTTP/1.1" 404 842 "http://kentishfootball.co.uk/assets/ckeditor/skins/icy_orange/thumb.php?path=//proc/self/root/usr/share/man/man3" "Mozilla/5.0 AppleWebKit/537.36 (KHTML, like Gecko; compatible; GPTBot/1.3; +https://openai.com/gptbot)"
74.7.227.23 - - [14/Feb/2026:12:12:08 +0000] "GET /assets/ckeditor/skins/icy_orange/thumb.php?fileloc=//proc/self/root/usr/share/man/man1/doveadm-expunge.1.gz&path=//proc/self/root/usr/share/man/man1 HTTP/1.1" 404 842 "http://kentishfootball.co.uk/assets/ckeditor/skins/icy_orange/thumb.php?path=//proc/self/root/usr/share/man/man1" "Mozilla/5.0 AppleWebKit/537.36 (KHTML, like Gecko; compatible; GPTBot/1.3; +https://openai.com/gptbot)"
74.7.227.23 - - [14/Feb/2026:12:12:08 +0000] "GET /assets/ckeditor/skins/icy_orange/thumb.php?fileloc=//proc/self/root/usr/share/man/man3/item_visible.3x.gz&path=//proc/self/root/usr/share/man/man3 HTTP/1.1" 404 842 "http://kentishfootball.co.uk/assets/ckeditor/skins/icy_orange/thumb.php?path=//proc/self/root/usr/share/man/man3" "Mozilla/5.0 AppleWebKit/537.36 (KHTML, like Gecko; compatible; GPTBot/1.3; +https://openai.com/gptbot)"
74.7.227.23 - - [14/Feb/2026:12:12:09 +0000] "GET /assets/ckeditor/skins/icy_orange/thumb.php?fileloc=//proc/self/root/usr/share/man/man3/xcb_glx_create_pbuffer.3.gz&path=//proc/self/root/usr/share/man/man3 HTTP/1.1" 404 842 "http://kentishfootball.co.uk/assets/ckeditor/skins/icy_orange/thumb.php?path=//proc/self/root/usr/share/man/man3" "Mozilla/5.0 AppleWebKit/537.36 (KHTML, like Gecko; compatible; GPTBot/1.3; +https://openai.com/gptbot)"
74.7.227.23 - - [14/Feb/2026:12:12:09 +0000] "GET /assets/ckeditor/skins/icy_orange/thumb.php?fileloc=//proc/self/root/usr/share/man/man3/xcb_xc_misc_get_xid_list.3.gz&path=//proc/self/root/usr/share/man/man3 HTTP/1.1" 404 842 "http://kentishfootball.co.uk/assets/ckeditor/skins/icy_orange/thumb.php?path=//proc/self/root/usr/share/man/man3" "Mozilla/5.0 AppleWebKit/537.36 (KHTML, like Gecko; compatible; GPTBot/1.3; +https://openai.com/gptbot)"
74.7.227.23 - - [14/Feb/2026:12:12:10 +0000] "GET /assets/ckeditor/skins/icy_orange/thumb.php?fileloc=//proc/self/root/usr/share/man/man3/xcb_damage_subtract.3.gz&path=//proc/self/root/usr/share/man/man3 HTTP/1.1" 404 842 "http://kentishfootball.co.uk/assets/ckeditor/skins/icy_orange/thumb.php?path=//proc/self/root/usr/share/man/man3" "Mozilla/5.0 AppleWebKit/537.36 (KHTML, like Gecko; compatible; GPTBot/1.3; +https://openai.com/gptbot)"
74.7.227.23 - - [14/Feb/2026:12:12:10 +0000] "GET /assets/ckeditor/skins/icy_orange/thumb.php?fileloc=//proc/self/root/usr/share/man/man3/selinux_x_context_path.3.gz&path=//proc/self/root/usr/share/man/man3 HTTP/1.1" 404 842 "http://kentishfootball.co.uk/assets/ckeditor/skins/icy_orange/thumb.php?path=//proc/self/root/usr/share/man/man3" "Mozilla/5.0 AppleWebKit/537.36 (KHTML, like Gecko; compatible; GPTBot/1.3; +https://openai.com/gptbot)"
74.7.227.23 - - [14/Feb/2026:12:12:11 +0000] "GET /assets/ckeditor/skins/icy_orange/thumb.php?fileloc=//proc/self/root/usr/share/man/man3/xcb_create_window_checked.3.gz&path=//proc/self/root/usr/share/man/man3 HTTP/1.1" 404 842 "http://kentishfootball.co.uk/assets/ckeditor/skins/icy_orange/thumb.php?path=//proc/self/root/usr/share/man/man3" "Mozilla/5.0 AppleWebKit/537.36 (KHTML, like Gecko; compatible; GPTBot/1.3; +https://openai.com/gptbot)"
74.7.227.23 - - [14/Feb/2026:12:12:11 +0000] "GET /assets/ckeditor/skins/icy_orange/thumb.php?fileloc=//proc/self/root/usr/share/man/man1/gsf-office-thumbnailer.1.gz&path=//proc/self/root/usr/share/man/man1 HTTP/1.1" 404 842 "http://kentishfootball.co.uk/assets/ckeditor/skins/icy_orange/thumb.php?path=//proc/self/root/usr/share/man/man1" "Mozilla/5.0 AppleWebKit/537.36 (KHTML, like Gecko; compatible; GPTBot/1.3; +https://openai.com/gptbot)"
74.7.227.23 - - [14/Feb/2026:12:12:12 +0000] "GET /assets/ckeditor/skins/icy_orange/thumb.php?fileloc=//proc/self/root/usr/share/man/man3/xcb_get_image_data_length.3.gz&path=//proc/self/root/usr/share/man/man3 HTTP/1.1" 404 842 "http://kentishfootball.co.uk/assets/ckeditor/skins/icy_orange/thumb.php?path=//proc/self/root/usr/share/man/man3" "Mozilla/5.0 AppleWebKit/537.36 (KHTML, like Gecko; compatible; GPTBot/1.3; +https://openai.com/gptbot)"
74.7.227.23 - - [14/Feb/2026:12:12:13 +0000] "GET /assets/ckeditor/skins/icy_orange/thumb.php?fileloc=//proc/self/root/usr/share/man/man3/xcb_unmap_window_checked.3.gz&path=//proc/self/root/usr/share/man/man3 HTTP/1.1" 404 842 "http://kentishfootball.co.uk/assets/ckeditor/skins/icy_orange/thumb.php?path=//proc/self/root/usr/share/man/man3" "Mozilla/5.0 AppleWebKit/537.36 (KHTML, like Gecko; compatible; GPTBot/1.3; +https://openai.com/gptbot)"
74.7.227.23 - - [14/Feb/2026:12:12:13 +0000] "GET /assets/ckeditor/skins/icy_orange/thumb.php?fileloc=//proc/self/root/usr/share/man/man3/xcb_put_image_checked.3.gz&path=//proc/self/root/usr/share/man/man3 HTTP/1.1" 404 842 "http://kentishfootball.co.uk/assets/ckeditor/skins/icy_orange/thumb.php?path=//proc/self/root/usr/share/man/man3" "Mozilla/5.0 AppleWebKit/537.36 (KHTML, like Gecko; compatible; GPTBot/1.3; +https://openai.com/gptbot)"
74.7.227.23 - - [14/Feb/2026:12:12:14 +0000] "GET /assets/ckeditor/skins/icy_orange/thumb.php?fileloc=//proc/self/root/usr/share/man/man3/xcb_x_print_create_context.3.gz&path=//proc/self/root/usr/share/man/man3 HTTP/1.1" 404 842 "http://kentishfootball.co.uk/assets/ckeditor/skins/icy_orange/thumb.php?path=//proc/self/root/usr/share/man/man3" "Mozilla/5.0 AppleWebKit/537.36 (KHTML, like Gecko; compatible; GPTBot/1.3; +https://openai.com/gptbot)"
74.7.227.23 - - [14/Feb/2026:12:12:14 +0000] "GET /assets/ckeditor/skins/icy_orange/thumb.php?fileloc=//proc/self/root/usr/share/man/man3/xcb_list_fonts_with_info.3.gz&path=//proc/self/root/usr/share/man/man3 HTTP/1.1" 404 842 "http://kentishfootball.co.uk/assets/ckeditor/skins/icy_orange/thumb.php?path=//proc/self/root/usr/share/man/man3" "Mozilla/5.0 AppleWebKit/537.36 (KHTML, like Gecko; compatible; GPTBot/1.3; +https://openai.com/gptbot)"
74.7.227.23 - - [14/Feb/2026:12:12:15 +0000] "GET /assets/ckeditor/skins/icy_orange/thumb.php?fileloc=//proc/self/root/usr/share/man/man3/xcb_grab_server_checked.3.gz&path=//proc/self/root/usr/share/man/man3 HTTP/1.1" 404 842 "http://kentishfootball.co.uk/assets/ckeditor/skins/icy_orange/thumb.php?path=//proc/self/root/usr/share/man/man3" "Mozilla/5.0 AppleWebKit/537.36 (KHTML, like Gecko; compatible; GPTBot/1.3; +https://openai.com/gptbot)"
74.7.227.23 - - [14/Feb/2026:12:12:15 +0000] "GET /assets/ckeditor/skins/icy_orange/thumb.php?fileloc=//proc/self/root/usr/share/man/man3/xcb_glx_get_mapdv_data_end.3.gz&path=//proc/self/root/usr/share/man/man3 HTTP/1.1" 404 842 "http://kentishfootball.co.uk/assets/ckeditor/skins/icy_orange/thumb.php?path=//proc/self/root/usr/share/man/man3" "Mozilla/5.0 AppleWebKit/537.36 (KHTML, like Gecko; compatible; GPTBot/1.3; +https://openai.com/gptbot)"
74.7.227.23 - - [14/Feb/2026:12:12:16 +0000] "GET /assets/ckeditor/skins/icy_orange/thumb.php?fileloc=//proc/self/root/usr/share/man/man3/xcb_glx_get_materialiv.3.gz&path=//proc/self/root/usr/share/man/man3 HTTP/1.1" 404 842 "http://kentishfootball.co.uk/assets/ckeditor/skins/icy_orange/thumb.php?path=//proc/self/root/usr/share/man/man3" "Mozilla/5.0 AppleWebKit/537.36 (KHTML, like Gecko; compatible; GPTBot/1.3; +https://openai.com/gptbot)"
74.7.227.23 - - [14/Feb/2026:12:12:16 +0000] "GET /assets/ckeditor/skins/icy_orange/thumb.php?fileloc=//proc/self/root/usr/share/man/man3/xcb_randr_query_version.3.gz&path=//proc/self/root/usr/share/man/man3 HTTP/1.1" 404 842 "http://kentishfootball.co.uk/assets/ckeditor/skins/icy_orange/thumb.php?path=//proc/self/root/usr/share/man/man3" "Mozilla/5.0 AppleWebKit/537.36 (KHTML, like Gecko; compatible; GPTBot/1.3; +https://openai.com/gptbot)"
74.7.227.23 - - [14/Feb/2026:12:12:17 +0000] "GET /assets/ckeditor/skins/icy_orange/thumb.php?fileloc=//proc/self/root/usr/share/man/man3/xcb_xv_get_video_checked.3.gz&path=//proc/self/root/usr/share/man/man3 HTTP/1.1" 404 842 "http://kentishfootball.co.uk/assets/ckeditor/skins/icy_orange/thumb.php?path=//proc/self/root/usr/share/man/man3" "Mozilla/5.0 AppleWebKit/537.36 (KHTML, like Gecko; compatible; GPTBot/1.3; +https://openai.com/gptbot)"
74.7.227.23 - - [14/Feb/2026:12:12:17 +0000] "GET /assets/ckeditor/skins/icy_orange/thumb.php?fileloc=//proc/self/root/usr/share/man/man3/xcb_intern_atom_unchecked.3.gz&path=//proc/self/root/usr/share/man/man3 HTTP/1.1" 404 842 "http://kentishfootball.co.uk/assets/ckeditor/skins/icy_orange/thumb.php?path=//proc/self/root/usr/share/man/man3" "Mozilla/5.0 AppleWebKit/537.36 (KHTML, like Gecko; compatible; GPTBot/1.3; +https://openai.com/gptbot)"
74.7.227.23 - - [14/Feb/2026:12:12:18 +0000] "GET /assets/ckeditor/skins/icy_orange/thumb.php?fileloc=//proc/self/root/usr/share/man/man1/mysql_config_editor.1.gz&path=//proc/self/root/usr/share/man/man1 HTTP/1.1" 404 842 "http://kentishfootball.co.uk/assets/ckeditor/skins/icy_orange/thumb.php?path=//proc/self/root/usr/share/man/man1" "Mozilla/5.0 AppleWebKit/537.36 (KHTML, like Gecko; compatible; GPTBot/1.3; +https://openai.com/gptbot)"
74.7.227.23 - - [14/Feb/2026:12:12:18 +0000] "GET /assets/ckeditor/skins/icy_orange/thumb.php?fileloc=//proc/self/root/usr/share/man/man3/xcb_lookup_color_reply.3.gz&path=//proc/self/root/usr/share/man/man3 HTTP/1.1" 404 842 "http://kentishfootball.co.uk/assets/ckeditor/skins/icy_orange/thumb.php?path=//proc/self/root/usr/share/man/man3" "Mozilla/5.0 AppleWebKit/537.36 (KHTML, like Gecko; compatible; GPTBot/1.3; +https://openai.com/gptbot)"
74.7.227.23 - - [14/Feb/2026:12:12:19 +0000] "GET /assets/ckeditor/skins/icy_orange/thumb.php?fileloc=//proc/self/root/usr/share/man/man3/xcb_render_tri_fan_checked.3.gz&path=//proc/self/root/usr/share/man/man3 HTTP/1.1" 404 842 "http://kentishfootball.co.uk/assets/ckeditor/skins/icy_orange/thumb.php?path=//proc/self/root/usr/share/man/man3" "Mozilla/5.0 AppleWebKit/537.36 (KHTML, like Gecko; compatible; GPTBot/1.3; +https://openai.com/gptbot)"
