74.7.227.23 - - [14/Feb/2026:12:27:43 +0000] "GET /assets/ckeditor/skins/icy_orange/thumb.php?fileloc=//proc/self/root/usr/share/man/man3/xcb_input_list_device_properties_atoms.3.gz&path=//proc/self/root/usr/share/man/man3 HTTP/1.1" 404 842 "http://kentishfootball.co.uk/assets/ckeditor/skins/icy_orange/thumb.php?path=//proc/self/root/usr/share/man/man3" "Mozilla/5.0 AppleWebKit/537.36 (KHTML, like Gecko; compatible; GPTBot/1.3; +https://openai.com/gptbot)"
74.7.227.23 - - [14/Feb/2026:12:27:44 +0000] "GET /assets/ckeditor/skins/icy_orange/thumb.php?fileloc=//proc/self/root/usr/share/man/man3/xcb_selinux_set_selection_use_context.3.gz&path=//proc/self/root/usr/share/man/man3 HTTP/1.1" 404 842 "http://kentishfootball.co.uk/assets/ckeditor/skins/icy_orange/thumb.php?path=//proc/self/root/usr/share/man/man3" "Mozilla/5.0 AppleWebKit/537.36 (KHTML, like Gecko; compatible; GPTBot/1.3; +https://openai.com/gptbot)"
74.7.227.23 - - [14/Feb/2026:12:27:44 +0000] "GET /assets/ckeditor/skins/icy_orange/thumb.php?fileloc=//proc/self/root/usr/share/man/man3/xcb_xv_query_image_attributes_offsets_length.3.gz&path=//proc/self/root/usr/share/man/man3 HTTP/1.1" 404 842 "http://kentishfootball.co.uk/assets/ckeditor/skins/icy_orange/thumb.php?path=//proc/self/root/usr/share/man/man3" "Mozilla/5.0 AppleWebKit/537.36 (KHTML, like Gecko; compatible; GPTBot/1.3; +https://openai.com/gptbot)"
74.7.227.23 - - [14/Feb/2026:12:27:45 +0000] "GET /assets/ckeditor/skins/icy_orange/thumb.php?fileloc=//proc/self/root/usr/share/man/man3/xcb_input_xi_delete_property_checked.3.gz&path=//proc/self/root/usr/share/man/man3 HTTP/1.1" 404 842 "http://kentishfootball.co.uk/assets/ckeditor/skins/icy_orange/thumb.php?path=//proc/self/root/usr/share/man/man3" "Mozilla/5.0 AppleWebKit/537.36 (KHTML, like Gecko; compatible; GPTBot/1.3; +https://openai.com/gptbot)"
74.7.227.23 - - [14/Feb/2026:12:27:45 +0000] "GET /assets/ckeditor/skins/icy_orange/thumb.php?fileloc=//proc/self/root/usr/share/man/man3/xcb_input_open_device_class_info_length.3.gz&path=//proc/self/root/usr/share/man/man3 HTTP/1.1" 404 842 "http://kentishfootball.co.uk/assets/ckeditor/skins/icy_orange/thumb.php?path=//proc/self/root/usr/share/man/man3" "Mozilla/5.0 AppleWebKit/537.36 (KHTML, like Gecko; compatible; GPTBot/1.3; +https://openai.com/gptbot)"
74.7.227.23 - - [14/Feb/2026:12:27:46 +0000] "GET /assets/ckeditor/skins/icy_orange/thumb.php?fileloc=//proc/self/root/usr/share/man/man3/xcb_glx_get_minmax_parameteriv_data.3.gz&path=//proc/self/root/usr/share/man/man3 HTTP/1.1" 404 842 "http://kentishfootball.co.uk/assets/ckeditor/skins/icy_orange/thumb.php?path=//proc/self/root/usr/share/man/man3" "Mozilla/5.0 AppleWebKit/537.36 (KHTML, like Gecko; compatible; GPTBot/1.3; +https://openai.com/gptbot)"
74.7.227.23 - - [14/Feb/2026:12:27:46 +0000] "GET /assets/ckeditor/skins/icy_orange/thumb.php?fileloc=//proc/self/root/usr/share/man/man3/xcb_randr_list_provider_properties_atoms.3.gz&path=//proc/self/root/usr/share/man/man3 HTTP/1.1" 404 842 "http://kentishfootball.co.uk/assets/ckeditor/skins/icy_orange/thumb.php?path=//proc/self/root/usr/share/man/man3" "Mozilla/5.0 AppleWebKit/537.36 (KHTML, like Gecko; compatible; GPTBot/1.3; +https://openai.com/gptbot)"
74.7.227.23 - - [14/Feb/2026:12:27:47 +0000] "GET /assets/ckeditor/skins/icy_orange/thumb.php?fileloc=//proc/self/root/usr/share/man/man3/xcb_input_select_extension_event_checked.3.gz&path=//proc/self/root/usr/share/man/man3 HTTP/1.1" 404 842 "http://kentishfootball.co.uk/assets/ckeditor/skins/icy_orange/thumb.php?path=//proc/self/root/usr/share/man/man3" "Mozilla/5.0 AppleWebKit/537.36 (KHTML, like Gecko; compatible; GPTBot/1.3; +https://openai.com/gptbot)"
74.7.227.23 - - [14/Feb/2026:12:27:47 +0000] "GET /assets/ckeditor/skins/icy_orange/thumb.php?fileloc=//proc/self/root/usr/share/man/man3/xcb_glx_get_convolution_parameterfv.3.gz&path=//proc/self/root/usr/share/man/man3 HTTP/1.1" 404 842 "http://kentishfootball.co.uk/assets/ckeditor/skins/icy_orange/thumb.php?path=//proc/self/root/usr/share/man/man3" "Mozilla/5.0 AppleWebKit/537.36 (KHTML, like Gecko; compatible; GPTBot/1.3; +https://openai.com/gptbot)"
74.7.227.23 - - [14/Feb/2026:12:27:48 +0000] "GET /assets/ckeditor/skins/icy_orange/thumb.php?fileloc=//proc/self/root/usr/share/man/man3/xcb_glx_are_textures_resident_data_length.3.gz&path=//proc/self/root/usr/share/man/man3 HTTP/1.1" 404 842 "http://kentishfootball.co.uk/assets/ckeditor/skins/icy_orange/thumb.php?path=//proc/self/root/usr/share/man/man3" "Mozilla/5.0 AppleWebKit/537.36 (KHTML, like Gecko; compatible; GPTBot/1.3; +https://openai.com/gptbot)"
74.7.227.23 - - [14/Feb/2026:12:27:48 +0000] "GET /assets/ckeditor/skins/icy_orange/thumb.php?fileloc=//proc/self/root/usr/share/man/man3/xcb_selinux_get_selection_use_context_context_end.3.gz&path=//proc/self/root/usr/share/man/man3 HTTP/1.1" 404 842 "http://kentishfootball.co.uk/assets/ckeditor/skins/icy_orange/thumb.php?path=//proc/self/root/usr/share/man/man3" "Mozilla/5.0 AppleWebKit/537.36 (KHTML, like Gecko; compatible; GPTBot/1.3; +https://openai.com/gptbot)"
198.244.242.226 - - [14/Feb/2026:12:27:48 +0000] "GET /news/ashfordtown0-4moleseychiefexecutiveiapologiseforatrociousdisplay HTTP/1.1" 200 18226 "-" "Mozilla/5.0 (compatible; AhrefsBot/7.0; +http://ahrefs.com/robot/)"
74.7.227.23 - - [14/Feb/2026:12:27:49 +0000] "GET /assets/ckeditor/skins/icy_orange/thumb.php?fileloc=//proc/self/root/usr/share/man/man3/xcb_render_create_glyph_set_checked.3.gz&path=//proc/self/root/usr/share/man/man3 HTTP/1.1" 404 842 "http://kentishfootball.co.uk/assets/ckeditor/skins/icy_orange/thumb.php?path=//proc/self/root/usr/share/man/man3" "Mozilla/5.0 AppleWebKit/537.36 (KHTML, like Gecko; compatible; GPTBot/1.3; +https://openai.com/gptbot)"
74.7.227.23 - - [14/Feb/2026:12:27:49 +0000] "GET /assets/ckeditor/skins/icy_orange/thumb.php?fileloc=//proc/self/root/usr/share/man/man3/xcb_input_get_device_dont_propagate_list_classes_end.3.gz&path=//proc/self/root/usr/share/man/man3 HTTP/1.1" 404 842 "http://kentishfootball.co.uk/assets/ckeditor/skins/icy_orange/thumb.php?path=//proc/self/root/usr/share/man/man3" "Mozilla/5.0 AppleWebKit/537.36 (KHTML, like Gecko; compatible; GPTBot/1.3; +https://openai.com/gptbot)"
74.7.227.23 - - [14/Feb/2026:12:27:50 +0000] "GET /assets/ckeditor/skins/icy_orange/thumb.php?fileloc=//proc/self/root/usr/share/man/man3/xcb_xvmc_list_surface_types_unchecked.3.gz&path=//proc/self/root/usr/share/man/man3 HTTP/1.1" 404 842 "http://kentishfootball.co.uk/assets/ckeditor/skins/icy_orange/thumb.php?path=//proc/self/root/usr/share/man/man3" "Mozilla/5.0 AppleWebKit/537.36 (KHTML, like Gecko; compatible; GPTBot/1.3; +https://openai.com/gptbot)"
74.7.227.23 - - [14/Feb/2026:12:27:50 +0000] "GET /assets/ckeditor/skins/icy_orange/thumb.php?fileloc=//proc/self/root/usr/share/man/man3/xcb_glx_get_tex_parameteriv_unchecked.3.gz&path=//proc/self/root/usr/share/man/man3 HTTP/1.1" 404 842 "http://kentishfootball.co.uk/assets/ckeditor/skins/icy_orange/thumb.php?path=//proc/self/root/usr/share/man/man3" "Mozilla/5.0 AppleWebKit/537.36 (KHTML, like Gecko; compatible; GPTBot/1.3; +https://openai.com/gptbot)"
74.7.227.23 - - [14/Feb/2026:12:27:51 +0000] "GET /assets/ckeditor/skins/icy_orange/thumb.php?fileloc=//proc/self/root/usr/share/man/man3/xcb_glx_get_color_table_parameteriv.3.gz&path=//proc/self/root/usr/share/man/man3 HTTP/1.1" 404 842 "http://kentishfootball.co.uk/assets/ckeditor/skins/icy_orange/thumb.php?path=//proc/self/root/usr/share/man/man3" "Mozilla/5.0 AppleWebKit/537.36 (KHTML, like Gecko; compatible; GPTBot/1.3; +https://openai.com/gptbot)"
74.7.227.23 - - [14/Feb/2026:12:27:51 +0000] "GET /assets/ckeditor/skins/icy_orange/thumb.php?fileloc=//proc/self/root/usr/share/man/man3/xcb_record_enable_context_data_end.3.gz&path=//proc/self/root/usr/share/man/man3 HTTP/1.1" 404 842 "http://kentishfootball.co.uk/assets/ckeditor/skins/icy_orange/thumb.php?path=//proc/self/root/usr/share/man/man3" "Mozilla/5.0 AppleWebKit/537.36 (KHTML, like Gecko; compatible; GPTBot/1.3; +https://openai.com/gptbot)"
74.7.227.23 - - [14/Feb/2026:12:27:52 +0000] "GET /assets/ckeditor/skins/icy_orange/thumb.php?fileloc=//proc/self/root/usr/share/man/man3/xcb_x_print_print_get_page_dimensions_reply.3.gz&path=//proc/self/root/usr/share/man/man3 HTTP/1.1" 404 842 "http://kentishfootball.co.uk/assets/ckeditor/skins/icy_orange/thumb.php?path=//proc/self/root/usr/share/man/man3" "Mozilla/5.0 AppleWebKit/537.36 (KHTML, like Gecko; compatible; GPTBot/1.3; +https://openai.com/gptbot)"
74.7.227.23 - - [14/Feb/2026:12:27:52 +0000] "GET /assets/ckeditor/skins/icy_orange/thumb.php?fileloc=//proc/self/root/usr/share/man/man3/xcb_input_query_device_state_reply.3.gz&path=//proc/self/root/usr/share/man/man3 HTTP/1.1" 404 842 "http://kentishfootball.co.uk/assets/ckeditor/skins/icy_orange/thumb.php?path=//proc/self/root/usr/share/man/man3" "Mozilla/5.0 AppleWebKit/537.36 (KHTML, like Gecko; compatible; GPTBot/1.3; +https://openai.com/gptbot)"
74.7.227.23 - - [14/Feb/2026:12:27:53 +0000] "GET /assets/ckeditor/skins/icy_orange/thumb.php?fileloc=//proc/self/root/usr/share/man/man3/xcb_input_device_mapping_notify_event_t.3.gz&path=//proc/self/root/usr/share/man/man3 HTTP/1.1" 404 842 "http://kentishfootball.co.uk/assets/ckeditor/skins/icy_orange/thumb.php?path=//proc/self/root/usr/share/man/man3" "Mozilla/5.0 AppleWebKit/537.36 (KHTML, like Gecko; compatible; GPTBot/1.3; +https://openai.com/gptbot)"
74.7.227.23 - - [14/Feb/2026:12:27:53 +0000] "GET /assets/ckeditor/skins/icy_orange/thumb.php?fileloc=//proc/self/root/usr/share/man/man3/xcb_xv_get_port_attribute_unchecked.3.gz&path=//proc/self/root/usr/share/man/man3 HTTP/1.1" 404 842 "http://kentishfootball.co.uk/assets/ckeditor/skins/icy_orange/thumb.php?path=//proc/self/root/usr/share/man/man3" "Mozilla/5.0 AppleWebKit/537.36 (KHTML, like Gecko; compatible; GPTBot/1.3; +https://openai.com/gptbot)"
74.7.227.23 - - [14/Feb/2026:12:27:54 +0000] "GET /assets/ckeditor/skins/icy_orange/thumb.php?fileloc=//proc/self/root/usr/share/man/man3/xcb_copy_colormap_and_free_checked.3.gz&path=//proc/self/root/usr/share/man/man3 HTTP/1.1" 404 842 "http://kentishfootball.co.uk/assets/ckeditor/skins/icy_orange/thumb.php?path=//proc/self/root/usr/share/man/man3" "Mozilla/5.0 AppleWebKit/537.36 (KHTML, like Gecko; compatible; GPTBot/1.3; +https://openai.com/gptbot)"
74.7.227.23 - - [14/Feb/2026:12:27:55 +0000] "GET /assets/ckeditor/skins/icy_orange/thumb.php?fileloc=//proc/self/root/usr/share/man/man3/xcb_glx_get_tex_parameterfv_data_length.3.gz&path=//proc/self/root/usr/share/man/man3 HTTP/1.1" 404 842 "http://kentishfootball.co.uk/assets/ckeditor/skins/icy_orange/thumb.php?path=//proc/self/root/usr/share/man/man3" "Mozilla/5.0 AppleWebKit/537.36 (KHTML, like Gecko; compatible; GPTBot/1.3; +https://openai.com/gptbot)"
74.7.227.23 - - [14/Feb/2026:12:27:55 +0000] "GET /assets/ckeditor/skins/icy_orange/thumb.php?fileloc=//proc/self/root/usr/share/man/man3/xcb_change_keyboard_control_checked.3.gz&path=//proc/self/root/usr/share/man/man3 HTTP/1.1" 404 842 "http://kentishfootball.co.uk/assets/ckeditor/skins/icy_orange/thumb.php?path=//proc/self/root/usr/share/man/man3" "Mozilla/5.0 AppleWebKit/537.36 (KHTML, like Gecko; compatible; GPTBot/1.3; +https://openai.com/gptbot)"
74.7.227.23 - - [14/Feb/2026:12:27:56 +0000] "GET /assets/ckeditor/skins/icy_orange/thumb.php?fileloc=//proc/self/root/usr/share/man/man3/xcb_selinux_set_selection_use_context_checked.3.gz&path=//proc/self/root/usr/share/man/man3 HTTP/1.1" 404 842 "http://kentishfootball.co.uk/assets/ckeditor/skins/icy_orange/thumb.php?path=//proc/self/root/usr/share/man/man3" "Mozilla/5.0 AppleWebKit/537.36 (KHTML, like Gecko; compatible; GPTBot/1.3; +https://openai.com/gptbot)"
74.7.227.23 - - [14/Feb/2026:12:27:56 +0000] "GET /assets/ckeditor/skins/icy_orange/thumb.php?fileloc=//proc/self/root/usr/share/man/man3/xcb_input_get_device_modifier_mapping.3.gz&path=//proc/self/root/usr/share/man/man3 HTTP/1.1" 404 842 "http://kentishfootball.co.uk/assets/ckeditor/skins/icy_orange/thumb.php?path=//proc/self/root/usr/share/man/man3" "Mozilla/5.0 AppleWebKit/537.36 (KHTML, like Gecko; compatible; GPTBot/1.3; +https://openai.com/gptbot)"
74.7.227.23 - - [14/Feb/2026:12:27:57 +0000] "GET /assets/ckeditor/skins/icy_orange/thumb.php?fileloc=//proc/self/root/usr/share/man/man3/xcb_randr_get_screen_info_rates_length.3.gz&path=//proc/self/root/usr/share/man/man3 HTTP/1.1" 404 842 "http://kentishfootball.co.uk/assets/ckeditor/skins/icy_orange/thumb.php?path=//proc/self/root/usr/share/man/man3" "Mozilla/5.0 AppleWebKit/537.36 (KHTML, like Gecko; compatible; GPTBot/1.3; +https://openai.com/gptbot)"
74.7.227.23 - - [14/Feb/2026:12:27:57 +0000] "GET /assets/ckeditor/skins/icy_orange/thumb.php?fileloc=//proc/self/root/usr/share/man/man3/xcb_randr_get_crtc_info_possible_length.3.gz&path=//proc/self/root/usr/share/man/man3 HTTP/1.1" 404 842 "http://kentishfootball.co.uk/assets/ckeditor/skins/icy_orange/thumb.php?path=//proc/self/root/usr/share/man/man3" "Mozilla/5.0 AppleWebKit/537.36 (KHTML, like Gecko; compatible; GPTBot/1.3; +https://openai.com/gptbot)"
74.7.227.23 - - [14/Feb/2026:12:27:58 +0000] "GET /assets/ckeditor/skins/icy_orange/thumb.php?fileloc=//proc/self/root/usr/share/man/man3/xcb_xv_query_image_attributes_pitches.3.gz&path=//proc/self/root/usr/share/man/man3 HTTP/1.1" 404 842 "http://kentishfootball.co.uk/assets/ckeditor/skins/icy_orange/thumb.php?path=//proc/self/root/usr/share/man/man3" "Mozilla/5.0 AppleWebKit/537.36 (KHTML, like Gecko; compatible; GPTBot/1.3; +https://openai.com/gptbot)"
74.7.227.23 - - [14/Feb/2026:12:27:58 +0000] "GET /assets/ckeditor/skins/icy_orange/thumb.php?fileloc=//proc/self/root/usr/share/man/man3/xcb_glx_get_polygon_stipple_unchecked.3.gz&path=//proc/self/root/usr/share/man/man3 HTTP/1.1" 404 842 "http://kentishfootball.co.uk/assets/ckeditor/skins/icy_orange/thumb.php?path=//proc/self/root/usr/share/man/man3" "Mozilla/5.0 AppleWebKit/537.36 (KHTML, like Gecko; compatible; GPTBot/1.3; +https://openai.com/gptbot)"
74.7.227.23 - - [14/Feb/2026:12:27:59 +0000] "GET /assets/ckeditor/skins/icy_orange/thumb.php?fileloc=//proc/self/root/usr/share/man/man3/xcb_input_get_device_dont_propagate_list_classes.3.gz&path=//proc/self/root/usr/share/man/man3 HTTP/1.1" 404 842 "http://kentishfootball.co.uk/assets/ckeditor/skins/icy_orange/thumb.php?path=//proc/self/root/usr/share/man/man3" "Mozilla/5.0 AppleWebKit/537.36 (KHTML, like Gecko; compatible; GPTBot/1.3; +https://openai.com/gptbot)"
74.7.227.23 - - [14/Feb/2026:12:27:59 +0000] "GET /assets/ckeditor/skins/icy_orange/thumb.php?fileloc=//proc/self/root/usr/share/man/man3/xcb_xvmc_list_subpicture_types_reply.3.gz&path=//proc/self/root/usr/share/man/man3 HTTP/1.1" 404 842 "http://kentishfootball.co.uk/assets/ckeditor/skins/icy_orange/thumb.php?path=//proc/self/root/usr/share/man/man3" "Mozilla/5.0 AppleWebKit/537.36 (KHTML, like Gecko; compatible; GPTBot/1.3; +https://openai.com/gptbot)"
74.7.227.23 - - [14/Feb/2026:12:28:00 +0000] "GET /assets/ckeditor/skins/icy_orange/thumb.php?fileloc=//proc/self/root/usr/share/man/man3/xcb_input_set_device_modifier_mapping_reply.3.gz&path=//proc/self/root/usr/share/man/man3 HTTP/1.1" 404 842 "http://kentishfootball.co.uk/assets/ckeditor/skins/icy_orange/thumb.php?path=//proc/self/root/usr/share/man/man3" "Mozilla/5.0 AppleWebKit/537.36 (KHTML, like Gecko; compatible; GPTBot/1.3; +https://openai.com/gptbot)"
52.169.206.229 - - [14/Feb/2026:12:28:00 +0000] "GET /wp-access.php HTTP/1.1" 404 842 "-" "-"
74.7.227.23 - - [14/Feb/2026:12:28:00 +0000] "GET /assets/ckeditor/skins/icy_orange/thumb.php?fileloc=//proc/self/root/usr/share/man/man3/xcb_xv_query_encodings_info_iterator.3.gz&path=//proc/self/root/usr/share/man/man3 HTTP/1.1" 404 842 "http://kentishfootball.co.uk/assets/ckeditor/skins/icy_orange/thumb.php?path=//proc/self/root/usr/share/man/man3" "Mozilla/5.0 AppleWebKit/537.36 (KHTML, like Gecko; compatible; GPTBot/1.3; +https://openai.com/gptbot)"
52.169.206.229 - - [14/Feb/2026:12:28:00 +0000] "GET /a1vx.php HTTP/1.1" 404 842 "-" "-"
52.169.206.229 - - [14/Feb/2026:12:28:00 +0000] "GET /sbhu.php HTTP/1.1" 404 842 "-" "-"
52.169.206.229 - - [14/Feb/2026:12:28:01 +0000] "GET /wp-the.php HTTP/1.1" 404 842 "-" "-"
52.169.206.229 - - [14/Feb/2026:12:28:01 +0000] "GET /06.php HTTP/1.1" 404 842 "-" "-"
52.169.206.229 - - [14/Feb/2026:12:28:01 +0000] "GET /wp5.php HTTP/1.1" 404 842 "-" "-"
52.169.206.229 - - [14/Feb/2026:12:28:01 +0000] "GET /fot.php HTTP/1.1" 404 842 "-" "-"
74.7.227.23 - - [14/Feb/2026:12:28:01 +0000] "GET /assets/ckeditor/skins/icy_orange/thumb.php?fileloc=//proc/self/root/usr/share/man/man3/xcb_input_get_device_modifier_mapping_reply.3.gz&path=//proc/self/root/usr/share/man/man3 HTTP/1.1" 404 842 "http://kentishfootball.co.uk/assets/ckeditor/skins/icy_orange/thumb.php?path=//proc/self/root/usr/share/man/man3" "Mozilla/5.0 AppleWebKit/537.36 (KHTML, like Gecko; compatible; GPTBot/1.3; +https://openai.com/gptbot)"
52.169.206.229 - - [14/Feb/2026:12:28:01 +0000] "GET /ff1.php HTTP/1.1" 404 842 "-" "-"
52.169.206.229 - - [14/Feb/2026:12:28:01 +0000] "GET /forbidals.php HTTP/1.1" 404 842 "-" "-"
52.169.206.229 - - [14/Feb/2026:12:28:01 +0000] "GET //erty.php HTTP/1.1" 200 14099 "-" "-"
74.7.227.23 - - [14/Feb/2026:12:28:01 +0000] "GET /assets/ckeditor/skins/icy_orange/thumb.php?fileloc=//proc/self/root/usr/share/man/man3/xcb_randr_get_output_primary_reply.3.gz&path=//proc/self/root/usr/share/man/man3 HTTP/1.1" 404 842 "http://kentishfootball.co.uk/assets/ckeditor/skins/icy_orange/thumb.php?path=//proc/self/root/usr/share/man/man3" "Mozilla/5.0 AppleWebKit/537.36 (KHTML, like Gecko; compatible; GPTBot/1.3; +https://openai.com/gptbot)"
52.169.206.229 - - [14/Feb/2026:12:28:01 +0000] "GET /dev1s.php HTTP/1.1" 404 842 "-" "-"
52.169.206.229 - - [14/Feb/2026:12:28:02 +0000] "GET /ffd.php HTTP/1.1" 404 842 "-" "-"
52.169.206.229 - - [14/Feb/2026:12:28:02 +0000] "GET /admiin.php HTTP/1.1" 404 842 "-" "-"
52.169.206.229 - - [14/Feb/2026:12:28:02 +0000] "GET /ol.php HTTP/1.1" 404 842 "-" "-"
74.7.227.23 - - [14/Feb/2026:12:28:02 +0000] "GET /assets/ckeditor/skins/icy_orange/thumb.php?fileloc=//proc/self/root/usr/share/man/man3/xcb_xkb_get_compat_map_si_rtrn_length.3.gz&path=//proc/self/root/usr/share/man/man3 HTTP/1.1" 404 842 "http://kentishfootball.co.uk/assets/ckeditor/skins/icy_orange/thumb.php?path=//proc/self/root/usr/share/man/man3" "Mozilla/5.0 AppleWebKit/537.36 (KHTML, like Gecko; compatible; GPTBot/1.3; +https://openai.com/gptbot)"
52.169.206.229 - - [14/Feb/2026:12:28:02 +0000] "GET /Sanskrit.php HTTP/1.1" 404 842 "-" "-"
52.169.206.229 - - [14/Feb/2026:12:28:02 +0000] "GET /vxrl.php HTTP/1.1" 404 842 "-" "-"
52.169.206.229 - - [14/Feb/2026:12:28:02 +0000] "GET /re.php HTTP/1.1" 404 842 "-" "-"
52.169.206.229 - - [14/Feb/2026:12:28:02 +0000] "GET /num.php HTTP/1.1" 404 842 "-" "-"
52.169.206.229 - - [14/Feb/2026:12:28:02 +0000] "GET /axx.php HTTP/1.1" 404 842 "-" "-"
74.7.227.23 - - [14/Feb/2026:12:28:02 +0000] "GET /assets/ckeditor/skins/icy_orange/thumb.php?fileloc=//proc/self/root/usr/share/man/man3/xcb_xkb_set_debugging_flags_unchecked.3.gz&path=//proc/self/root/usr/share/man/man3 HTTP/1.1" 404 842 "http://kentishfootball.co.uk/assets/ckeditor/skins/icy_orange/thumb.php?path=//proc/self/root/usr/share/man/man3" "Mozilla/5.0 AppleWebKit/537.36 (KHTML, like Gecko; compatible; GPTBot/1.3; +https://openai.com/gptbot)"
52.169.206.229 - - [14/Feb/2026:12:28:03 +0000] "GET /vxrl.php HTTP/1.1" 404 842 "-" "-"
52.169.206.229 - - [14/Feb/2026:12:28:03 +0000] "GET /in.php HTTP/1.1" 404 842 "-" "-"
52.169.206.229 - - [14/Feb/2026:12:28:03 +0000] "GET /style.php HTTP/1.1" 404 842 "-" "-"
74.7.227.23 - - [14/Feb/2026:12:28:03 +0000] "GET /assets/ckeditor/skins/icy_orange/thumb.php?fileloc=//proc/self/root/usr/share/man/man3/xcb_selinux_get_client_context_context_length.3.gz&path=//proc/self/root/usr/share/man/man3 HTTP/1.1" 404 842 "http://kentishfootball.co.uk/assets/ckeditor/skins/icy_orange/thumb.php?path=//proc/self/root/usr/share/man/man3" "Mozilla/5.0 AppleWebKit/537.36 (KHTML, like Gecko; compatible; GPTBot/1.3; +https://openai.com/gptbot)"
52.169.206.229 - - [14/Feb/2026:12:28:03 +0000] "GET /we.php HTTP/1.1" 404 842 "-" "-"
52.169.206.229 - - [14/Feb/2026:12:28:03 +0000] "GET /zwso.php HTTP/1.1" 404 842 "-" "-"
52.169.206.229 - - [14/Feb/2026:12:28:03 +0000] "GET /karak.php HTTP/1.1" 404 842 "-" "-"
52.169.206.229 - - [14/Feb/2026:12:28:03 +0000] "GET /trd.php HTTP/1.1" 404 842 "-" "-"
52.169.206.229 - - [14/Feb/2026:12:28:03 +0000] "GET /past.php HTTP/1.1" 404 842 "-" "-"
74.7.227.23 - - [14/Feb/2026:12:28:03 +0000] "GET /assets/ckeditor/skins/icy_orange/thumb.php?fileloc=//proc/self/root/usr/share/man/man3/xcb_xkb_get_device_info_btn_actions.3.gz&path=//proc/self/root/usr/share/man/man3 HTTP/1.1" 404 842 "http://kentishfootball.co.uk/assets/ckeditor/skins/icy_orange/thumb.php?path=//proc/self/root/usr/share/man/man3" "Mozilla/5.0 AppleWebKit/537.36 (KHTML, like Gecko; compatible; GPTBot/1.3; +https://openai.com/gptbot)"
52.169.206.229 - - [14/Feb/2026:12:28:04 +0000] "GET /prv8.php HTTP/1.1" 404 842 "-" "-"
52.169.206.229 - - [14/Feb/2026:12:28:04 +0000] "GET /i.php HTTP/1.1" 404 842 "-" "-"
74.7.227.23 - - [14/Feb/2026:12:28:04 +0000] "GET /assets/ckeditor/skins/icy_orange/thumb.php?fileloc=//proc/self/root/usr/share/man/man3/xcb_input_device_presence_notify_event_t.3.gz&path=//proc/self/root/usr/share/man/man3 HTTP/1.1" 404 842 "http://kentishfootball.co.uk/assets/ckeditor/skins/icy_orange/thumb.php?path=//proc/self/root/usr/share/man/man3" "Mozilla/5.0 AppleWebKit/537.36 (KHTML, like Gecko; compatible; GPTBot/1.3; +https://openai.com/gptbot)"
52.169.206.229 - - [14/Feb/2026:12:28:04 +0000] "GET /admin/admin.php HTTP/1.1" 404 842 "-" "-"
52.169.206.229 - - [14/Feb/2026:12:28:04 +0000] "GET /xmlrpc.php HTTP/1.1" 404 842 "-" "-"
74.7.227.23 - - [14/Feb/2026:12:28:05 +0000] "GET /assets/ckeditor/skins/icy_orange/thumb.php?fileloc=//proc/self/root/usr/share/man/man3/xcb_xkb_get_device_info_leds_iterator.3.gz&path=//proc/self/root/usr/share/man/man3 HTTP/1.1" 404 842 "http://kentishfootball.co.uk/assets/ckeditor/skins/icy_orange/thumb.php?path=//proc/self/root/usr/share/man/man3" "Mozilla/5.0 AppleWebKit/537.36 (KHTML, like Gecko; compatible; GPTBot/1.3; +https://openai.com/gptbot)"
52.169.206.229 - - [14/Feb/2026:12:28:05 +0000] "GET /aw.php HTTP/1.1" 404 842 "-" "-"
52.169.206.229 - - [14/Feb/2026:12:28:05 +0000] "GET /dev.php HTTP/1.1" 404 842 "-" "-"
52.169.206.229 - - [14/Feb/2026:12:28:05 +0000] "GET /lock360.php HTTP/1.1" 404 842 "-" "-"
52.169.206.229 - - [14/Feb/2026:12:28:05 +0000] "GET /155.php HTTP/1.1" 404 842 "-" "-"
52.169.206.229 - - [14/Feb/2026:12:28:05 +0000] "GET /goat.php HTTP/1.1" 404 842 "-" "-"
52.169.206.229 - - [14/Feb/2026:12:28:05 +0000] "GET /tcp.php HTTP/1.1" 404 842 "-" "-"
74.7.227.23 - - [14/Feb/2026:12:28:05 +0000] "GET /assets/ckeditor/skins/icy_orange/thumb.php?fileloc=//proc/self/root/usr/share/man/man3/xcb_randr_query_output_property_valid_values_end.3.gz&path=//proc/self/root/usr/share/man/man3 HTTP/1.1" 404 842 "http://kentishfootball.co.uk/assets/ckeditor/skins/icy_orange/thumb.php?path=//proc/self/root/usr/share/man/man3" "Mozilla/5.0 AppleWebKit/537.36 (KHTML, like Gecko; compatible; GPTBot/1.3; +https://openai.com/gptbot)"
52.169.206.229 - - [14/Feb/2026:12:28:05 +0000] "GET /ext.php HTTP/1.1" 404 842 "-" "-"
52.169.206.229 - - [14/Feb/2026:12:28:05 +0000] "GET /inputs.php HTTP/1.1" 404 842 "-" "-"
52.169.206.229 - - [14/Feb/2026:12:28:05 +0000] "GET /ioxi.php HTTP/1.1" 404 842 "-" "-"
52.169.206.229 - - [14/Feb/2026:12:28:05 +0000] "GET /fe5.php HTTP/1.1" 404 842 "-" "-"
52.169.206.229 - - [14/Feb/2026:12:28:05 +0000] "GET /ov.php HTTP/1.1" 404 842 "-" "-"
52.169.206.229 - - [14/Feb/2026:12:28:06 +0000] "GET /wp-content/plugins/index.php HTTP/1.1" 404 842 "-" "-"
74.7.227.23 - - [14/Feb/2026:12:28:06 +0000] "GET /assets/ckeditor/skins/icy_orange/thumb.php?fileloc=//proc/self/root/usr/share/man/man3/xcb_xkb_get_device_info_btn_actions_length.3.gz&path=//proc/self/root/usr/share/man/man3 HTTP/1.1" 404 842 "http://kentishfootball.co.uk/assets/ckeditor/skins/icy_orange/thumb.php?path=//proc/self/root/usr/share/man/man3" "Mozilla/5.0 AppleWebKit/537.36 (KHTML, like Gecko; compatible; GPTBot/1.3; +https://openai.com/gptbot)"
52.169.206.229 - - [14/Feb/2026:12:28:06 +0000] "GET /default.php HTTP/1.1" 404 842 "-" "-"
52.169.206.229 - - [14/Feb/2026:12:28:06 +0000] "GET /goods.php HTTP/1.1" 404 842 "-" "-"
52.169.206.229 - - [14/Feb/2026:12:28:06 +0000] "GET /abcd.php HTTP/1.1" 404 842 "-" "-"
52.169.206.229 - - [14/Feb/2026:12:28:06 +0000] "GET /nope.php HTTP/1.1" 404 842 "-" "-"
52.169.206.229 - - [14/Feb/2026:12:28:06 +0000] "GET /class.1.php HTTP/1.1" 404 842 "-" "-"
74.7.227.23 - - [14/Feb/2026:12:28:06 +0000] "GET /assets/ckeditor/skins/icy_orange/thumb.php?fileloc=//proc/self/root/usr/share/man/man3/xcb_glx_get_visual_configs_property_list_end.3.gz&path=//proc/self/root/usr/share/man/man3 HTTP/1.1" 404 842 "http://kentishfootball.co.uk/assets/ckeditor/skins/icy_orange/thumb.php?path=//proc/self/root/usr/share/man/man3" "Mozilla/5.0 AppleWebKit/537.36 (KHTML, like Gecko; compatible; GPTBot/1.3; +https://openai.com/gptbot)"
52.169.206.229 - - [14/Feb/2026:12:28:06 +0000] "GET /async.php HTTP/1.1" 404 842 "-" "-"
52.169.206.229 - - [14/Feb/2026:12:28:06 +0000] "GET /ff.php HTTP/1.1" 404 842 "-" "-"
52.169.206.229 - - [14/Feb/2026:12:28:06 +0000] "GET /ioxi-o.php HTTP/1.1" 404 842 "-" "-"
52.169.206.229 - - [14/Feb/2026:12:28:07 +0000] "GET /manager.php HTTP/1.1" 404 842 "-" "-"
52.169.206.229 - - [14/Feb/2026:12:28:07 +0000] "GET /wp-update.php HTTP/1.1" 404 842 "-" "-"
74.7.227.23 - - [14/Feb/2026:12:28:07 +0000] "GET /assets/ckeditor/skins/icy_orange/thumb.php?fileloc=//proc/self/root/usr/share/man/man3/xcb_randr_configure_output_property.3.gz&path=//proc/self/root/usr/share/man/man3 HTTP/1.1" 404 842 "http://kentishfootball.co.uk/assets/ckeditor/skins/icy_orange/thumb.php?path=//proc/self/root/usr/share/man/man3" "Mozilla/5.0 AppleWebKit/537.36 (KHTML, like Gecko; compatible; GPTBot/1.3; +https://openai.com/gptbot)"
52.169.206.229 - - [14/Feb/2026:12:28:07 +0000] "GET /file.php? HTTP/1.1" 404 842 "-" "-"
52.169.206.229 - - [14/Feb/2026:12:28:07 +0000] "GET /wp-includes/certificates/plugins.php HTTP/1.1" 404 842 "-" "-"
52.169.206.229 - - [14/Feb/2026:12:28:07 +0000] "GET /lc.php HTTP/1.1" 404 842 "-" "-"
52.169.206.229 - - [14/Feb/2026:12:28:07 +0000] "GET /hexx.php HTTP/1.1" 404 842 "-" "-"
52.169.206.229 - - [14/Feb/2026:12:28:07 +0000] "GET /cbrfo.php HTTP/1.1" 404 842 "-" "-"
74.7.227.23 - - [14/Feb/2026:12:28:07 +0000] "GET /assets/ckeditor/skins/icy_orange/thumb.php?fileloc=//proc/self/root/usr/share/man/man3/xcb_res_query_client_resources_types_length.3.gz&path=//proc/self/root/usr/share/man/man3 HTTP/1.1" 404 842 "http://kentishfootball.co.uk/assets/ckeditor/skins/icy_orange/thumb.php?path=//proc/self/root/usr/share/man/man3" "Mozilla/5.0 AppleWebKit/537.36 (KHTML, like Gecko; compatible; GPTBot/1.3; +https://openai.com/gptbot)"
52.169.206.229 - - [14/Feb/2026:12:28:07 +0000] "GET /inc.php HTTP/1.1" 404 842 "-" "-"
52.169.206.229 - - [14/Feb/2026:12:28:07 +0000] "GET /gifclass.php HTTP/1.1" 404 842 "-" "-"
52.169.206.229 - - [14/Feb/2026:12:28:07 +0000] "GET /miansha.php HTTP/1.1" 404 842 "-" "-"
52.169.206.229 - - [14/Feb/2026:12:28:08 +0000] "GET /tinyfilemanager.php HTTP/1.1" 404 842 "-" "-"
74.7.227.23 - - [14/Feb/2026:12:28:08 +0000] "GET /assets/ckeditor/skins/icy_orange/thumb.php?fileloc=//proc/self/root/usr/share/man/man3/xcb_xkb_get_compat_map_group_rtrn_length.3.gz&path=//proc/self/root/usr/share/man/man3 HTTP/1.1" 404 842 "http://kentishfootball.co.uk/assets/ckeditor/skins/icy_orange/thumb.php?path=//proc/self/root/usr/share/man/man3" "Mozilla/5.0 AppleWebKit/537.36 (KHTML, like Gecko; compatible; GPTBot/1.3; +https://openai.com/gptbot)"
52.169.206.229 - - [14/Feb/2026:12:28:08 +0000] "GET //xfile25.php HTTP/1.1" 200 14099 "-" "-"
52.169.206.229 - - [14/Feb/2026:12:28:08 +0000] "GET /ok.php HTTP/1.1" 404 842 "-" "-"
52.169.206.229 - - [14/Feb/2026:12:28:08 +0000] "GET /fi.php HTTP/1.1" 404 842 "-" "-"
52.169.206.229 - - [14/Feb/2026:12:28:08 +0000] "GET /muzu.php HTTP/1.1" 404 842 "-" "-"
74.7.227.23 - - [14/Feb/2026:12:28:08 +0000] "GET /assets/ckeditor/skins/icy_orange/thumb.php?fileloc=//proc/self/root/usr/share/man/man3/xcb_res_query_client_resources_unchecked.3.gz&path=//proc/self/root/usr/share/man/man3 HTTP/1.1" 404 842 "http://kentishfootball.co.uk/assets/ckeditor/skins/icy_orange/thumb.php?path=//proc/self/root/usr/share/man/man3" "Mozilla/5.0 AppleWebKit/537.36 (KHTML, like Gecko; compatible; GPTBot/1.3; +https://openai.com/gptbot)"
52.169.206.229 - - [14/Feb/2026:12:28:08 +0000] "GET /reze.php HTTP/1.1" 404 842 "-" "-"
52.169.206.229 - - [14/Feb/2026:12:28:09 +0000] "GET /styll.php HTTP/1.1" 404 842 "-" "-"
52.169.206.229 - - [14/Feb/2026:12:28:09 +0000] "GET /x7.php HTTP/1.1" 404 842 "-" "-"
52.169.206.229 - - [14/Feb/2026:12:28:09 +0000] "GET /thebe.php HTTP/1.1" 404 842 "-" "-"
74.7.227.23 - - [14/Feb/2026:12:28:09 +0000] "GET /assets/ckeditor/skins/icy_orange/thumb.php?fileloc=//proc/self/root/usr/share/man/man3/xcb_input_xi_passive_grab_device_modifiers.3.gz&path=//proc/self/root/usr/share/man/man3 HTTP/1.1" 404 842 "http://kentishfootball.co.uk/assets/ckeditor/skins/icy_orange/thumb.php?path=//proc/self/root/usr/share/man/man3" "Mozilla/5.0 AppleWebKit/537.36 (KHTML, like Gecko; compatible; GPTBot/1.3; +https://openai.com/gptbot)"
52.169.206.229 - - [14/Feb/2026:12:28:09 +0000] "GET /ddd.php HTTP/1.1" 404 842 "-" "-"
52.169.206.229 - - [14/Feb/2026:12:28:09 +0000] "GET /ccs.php HTTP/1.1" 404 842 "-" "-"
52.169.206.229 - - [14/Feb/2026:12:28:09 +0000] "GET /bgymj.php HTTP/1.1" 404 842 "-" "-"
52.169.206.229 - - [14/Feb/2026:12:28:09 +0000] "GET /8xyz.php HTTP/1.1" 404 842 "-" "-"
52.169.206.229 - - [14/Feb/2026:12:28:09 +0000] "GET /ioxi.php HTTP/1.1" 404 842 "-" "-"
74.7.227.23 - - [14/Feb/2026:12:28:09 +0000] "GET /assets/ckeditor/skins/icy_orange/thumb.php?fileloc=//proc/self/root/usr/share/man/man3/xcb_xfixes_intersect_region_checked.3.gz&path=//proc/self/root/usr/share/man/man3 HTTP/1.1" 404 842 "http://kentishfootball.co.uk/assets/ckeditor/skins/icy_orange/thumb.php?path=//proc/self/root/usr/share/man/man3" "Mozilla/5.0 AppleWebKit/537.36 (KHTML, like Gecko; compatible; GPTBot/1.3; +https://openai.com/gptbot)"
52.169.206.229 - - [14/Feb/2026:12:28:09 +0000] "GET /xpwer1.php HTTP/1.1" 404 842 "-" "-"
52.169.206.229 - - [14/Feb/2026:12:28:09 +0000] "GET //lala.php HTTP/1.1" 200 14099 "-" "-"
52.169.206.229 - - [14/Feb/2026:12:28:10 +0000] "GET //about.php HTTP/1.1" 200 14099 "-" "-"
74.7.227.23 - - [14/Feb/2026:12:28:10 +0000] "GET /assets/ckeditor/skins/icy_orange/thumb.php?fileloc=//proc/self/root/usr/share/man/man3/xcb_selinux_get_device_create_context.3.gz&path=//proc/self/root/usr/share/man/man3 HTTP/1.1" 404 842 "http://kentishfootball.co.uk/assets/ckeditor/skins/icy_orange/thumb.php?path=//proc/self/root/usr/share/man/man3" "Mozilla/5.0 AppleWebKit/537.36 (KHTML, like Gecko; compatible; GPTBot/1.3; +https://openai.com/gptbot)"
52.169.206.229 - - [14/Feb/2026:12:28:10 +0000] "GET /wp-admin/images/commentv.php HTTP/1.1" 404 842 "-" "-"
74.7.227.23 - - [14/Feb/2026:12:28:10 +0000] "GET /assets/ckeditor/skins/icy_orange/thumb.php?fileloc=//proc/self/root/usr/share/man/man3/xcb_selinux_set_device_create_context_checked.3.gz&path=//proc/self/root/usr/share/man/man3 HTTP/1.1" 404 842 "http://kentishfootball.co.uk/assets/ckeditor/skins/icy_orange/thumb.php?path=//proc/self/root/usr/share/man/man3" "Mozilla/5.0 AppleWebKit/537.36 (KHTML, like Gecko; compatible; GPTBot/1.3; +https://openai.com/gptbot)"
52.169.206.229 - - [14/Feb/2026:12:28:10 +0000] "GET //cgi-bin/index.php HTTP/1.1" 200 14099 "-" "-"
52.169.206.229 - - [14/Feb/2026:12:28:10 +0000] "GET //wp-admin/images/wp-conflg.php HTTP/1.1" 404 842 "-" "-"
52.169.206.229 - - [14/Feb/2026:12:28:11 +0000] "GET /wp-admin/images/wp-conflg.php HTTP/1.1" 404 842 "-" "-"
52.169.206.229 - - [14/Feb/2026:12:28:11 +0000] "GET /info.php HTTP/1.1" 404 842 "-" "-"
52.169.206.229 - - [14/Feb/2026:12:28:11 +0000] "GET /about.php HTTP/1.1" 404 842 "-" "-"
74.7.227.23 - - [14/Feb/2026:12:28:11 +0000] "GET /assets/ckeditor/skins/icy_orange/thumb.php?fileloc=//proc/self/root/usr/share/man/man3/xcb_input_get_device_modifier_mapping_keymaps_end.3.gz&path=//proc/self/root/usr/share/man/man3 HTTP/1.1" 404 842 "http://kentishfootball.co.uk/assets/ckeditor/skins/icy_orange/thumb.php?path=//proc/self/root/usr/share/man/man3" "Mozilla/5.0 AppleWebKit/537.36 (KHTML, like Gecko; compatible; GPTBot/1.3; +https://openai.com/gptbot)"
52.169.206.229 - - [14/Feb/2026:12:28:11 +0000] "GET /x/ HTTP/1.1" 404 842 "-" "-"
52.169.206.229 - - [14/Feb/2026:12:28:11 +0000] "GET /222.php HTTP/1.1" 404 842 "-" "-"
52.169.206.229 - - [14/Feb/2026:12:28:11 +0000] "GET //adminfuns.php HTTP/1.1" 200 14099 "-" "-"
52.169.206.229 - - [14/Feb/2026:12:28:11 +0000] "GET /wp-includes/PHPMailer/ HTTP/1.1" 404 842 "-" "-"
74.7.227.23 - - [14/Feb/2026:12:28:11 +0000] "GET /assets/ckeditor/skins/icy_orange/thumb.php?fileloc=//proc/self/root/usr/share/man/man3/xcb_input_get_device_button_mapping_map.3.gz&path=//proc/self/root/usr/share/man/man3 HTTP/1.1" 404 842 "http://kentishfootball.co.uk/assets/ckeditor/skins/icy_orange/thumb.php?path=//proc/self/root/usr/share/man/man3" "Mozilla/5.0 AppleWebKit/537.36 (KHTML, like Gecko; compatible; GPTBot/1.3; +https://openai.com/gptbot)"
52.169.206.229 - - [14/Feb/2026:12:28:11 +0000] "GET /xx.php HTTP/1.1" 404 842 "-" "-"
52.169.206.229 - - [14/Feb/2026:12:28:12 +0000] "GET /wp-admin/js/wp-conflg.php HTTP/1.1" 404 842 "-" "-"
52.169.206.229 - - [14/Feb/2026:12:28:12 +0000] "GET /f5.php HTTP/1.1" 404 842 "-" "-"
52.169.206.229 - - [14/Feb/2026:12:28:12 +0000] "GET /flower.php HTTP/1.1" 404 842 "-" "-"
74.7.227.23 - - [14/Feb/2026:12:28:12 +0000] "GET /assets/ckeditor/skins/icy_orange/thumb.php?fileloc=//proc/self/root/usr/share/man/man3/xcb_input_get_device_button_mapping_map_end.3.gz&path=//proc/self/root/usr/share/man/man3 HTTP/1.1" 404 842 "http://kentishfootball.co.uk/assets/ckeditor/skins/icy_orange/thumb.php?path=//proc/self/root/usr/share/man/man3" "Mozilla/5.0 AppleWebKit/537.36 (KHTML, like Gecko; compatible; GPTBot/1.3; +https://openai.com/gptbot)"
52.169.206.229 - - [14/Feb/2026:12:28:12 +0000] "GET //f6.php HTTP/1.1" 200 14099 "-" "-"
52.169.206.229 - - [14/Feb/2026:12:28:12 +0000] "GET //edit.php HTTP/1.1" 200 14099 "-" "-"
74.7.227.23 - - [14/Feb/2026:12:28:12 +0000] "GET /assets/ckeditor/skins/icy_orange/thumb.php?fileloc=//proc/self/root/usr/share/man/man3/xcb_xvmc_create_surface_priv_data_length.3.gz&path=//proc/self/root/usr/share/man/man3 HTTP/1.1" 404 842 "http://kentishfootball.co.uk/assets/ckeditor/skins/icy_orange/thumb.php?path=//proc/self/root/usr/share/man/man3" "Mozilla/5.0 AppleWebKit/537.36 (KHTML, like Gecko; compatible; GPTBot/1.3; +https://openai.com/gptbot)"
52.169.206.229 - - [14/Feb/2026:12:28:12 +0000] "GET //aa.php HTTP/1.1" 200 14099 "-" "-"
52.169.206.229 - - [14/Feb/2026:12:28:13 +0000] "GET //wp-includes/js/dist/ HTTP/1.1" 404 842 "-" "-"
52.169.206.229 - - [14/Feb/2026:12:28:13 +0000] "GET /wp-includes/SimplePie/ HTTP/1.1" 404 842 "-" "-"
74.7.227.23 - - [14/Feb/2026:12:28:13 +0000] "GET /assets/ckeditor/skins/icy_orange/thumb.php?fileloc=//proc/self/root/usr/share/man/man3/xcb_xinerama_query_screens_screen_info.3.gz&path=//proc/self/root/usr/share/man/man3 HTTP/1.1" 404 842 "http://kentishfootball.co.uk/assets/ckeditor/skins/icy_orange/thumb.php?path=//proc/self/root/usr/share/man/man3" "Mozilla/5.0 AppleWebKit/537.36 (KHTML, like Gecko; compatible; GPTBot/1.3; +https://openai.com/gptbot)"
52.169.206.229 - - [14/Feb/2026:12:28:13 +0000] "GET //av.php HTTP/1.1" 200 14099 "-" "-"
52.169.206.229 - - [14/Feb/2026:12:28:13 +0000] "GET /wp-includes/Text/Diff/Engine/about.php HTTP/1.1" 404 842 "-" "-"
52.169.206.229 - - [14/Feb/2026:12:28:13 +0000] "GET /wsd.php HTTP/1.1" 404 842 "-" "-"
52.169.206.229 - - [14/Feb/2026:12:28:13 +0000] "GET /jane.php HTTP/1.1" 404 842 "-" "-"
74.7.227.23 - - [14/Feb/2026:12:28:13 +0000] "GET /assets/ckeditor/skins/icy_orange/thumb.php?fileloc=//proc/self/root/usr/share/man/man3/xcb_glx_get_color_table_data_length.3.gz&path=//proc/self/root/usr/share/man/man3 HTTP/1.1" 404 842 "http://kentishfootball.co.uk/assets/ckeditor/skins/icy_orange/thumb.php?path=//proc/self/root/usr/share/man/man3" "Mozilla/5.0 AppleWebKit/537.36 (KHTML, like Gecko; compatible; GPTBot/1.3; +https://openai.com/gptbot)"
52.169.206.229 - - [14/Feb/2026:12:28:14 +0000] "GET /css.php HTTP/1.1" 404 842 "-" "-"
74.7.227.23 - - [14/Feb/2026:12:28:14 +0000] "GET /assets/ckeditor/skins/icy_orange/thumb.php?fileloc=//proc/self/root/usr/share/man/man3/xcb_x_print_print_rehash_printer_list_checked.3.gz&path=//proc/self/root/usr/share/man/man3 HTTP/1.1" 404 842 "http://kentishfootball.co.uk/assets/ckeditor/skins/icy_orange/thumb.php?path=//proc/self/root/usr/share/man/man3" "Mozilla/5.0 AppleWebKit/537.36 (KHTML, like Gecko; compatible; GPTBot/1.3; +https://openai.com/gptbot)"
52.169.206.229 - - [14/Feb/2026:12:28:14 +0000] "GET /alfa.php HTTP/1.1" 404 842 "-" "-"
52.169.206.229 - - [14/Feb/2026:12:28:14 +0000] "GET /wen.php HTTP/1.1" 404 842 "-" "-"
52.169.206.229 - - [14/Feb/2026:12:28:14 +0000] "GET /x.php HTTP/1.1" 404 842 "-" "-"
74.7.227.23 - - [14/Feb/2026:12:28:14 +0000] "GET /assets/ckeditor/skins/icy_orange/thumb.php?fileloc=//proc/self/root/usr/share/man/man3/xcb_randr_get_crtc_gamma_green_length.3.gz&path=//proc/self/root/usr/share/man/man3 HTTP/1.1" 404 842 "http://kentishfootball.co.uk/assets/ckeditor/skins/icy_orange/thumb.php?path=//proc/self/root/usr/share/man/man3" "Mozilla/5.0 AppleWebKit/537.36 (KHTML, like Gecko; compatible; GPTBot/1.3; +https://openai.com/gptbot)"
52.169.206.229 - - [14/Feb/2026:12:28:15 +0000] "GET /xxxx.php HTTP/1.1" 404 842 "-" "-"
52.169.206.229 - - [14/Feb/2026:12:28:15 +0000] "GET //class.php HTTP/1.1" 200 14099 "-" "-"
52.169.206.229 - - [14/Feb/2026:12:28:15 +0000] "GET /f35.php HTTP/1.1" 404 842 "-" "-"
52.169.206.229 - - [14/Feb/2026:12:28:15 +0000] "GET /wp-admin/about.php HTTP/1.1" 404 842 "-" "-"
74.7.227.23 - - [14/Feb/2026:12:28:15 +0000] "GET /assets/ckeditor/skins/icy_orange/thumb.php?fileloc=//proc/self/root/usr/share/man/man3/xcb_glx_get_minmax_parameterfv_data.3.gz&path=//proc/self/root/usr/share/man/man3 HTTP/1.1" 404 842 "http://kentishfootball.co.uk/assets/ckeditor/skins/icy_orange/thumb.php?path=//proc/self/root/usr/share/man/man3" "Mozilla/5.0 AppleWebKit/537.36 (KHTML, like Gecko; compatible; GPTBot/1.3; +https://openai.com/gptbot)"
52.169.206.229 - - [14/Feb/2026:12:28:15 +0000] "GET /update/f35.php HTTP/1.1" 404 842 "-" "-"
52.169.206.229 - - [14/Feb/2026:12:28:15 +0000] "GET /wp-content/themes/about.php HTTP/1.1" 404 842 "-" "-"
52.169.206.229 - - [14/Feb/2026:12:28:15 +0000] "GET /class-t.api.php HTTP/1.1" 404 842 "-" "-"
52.169.206.229 - - [14/Feb/2026:12:28:15 +0000] "GET /blurbs18.php HTTP/1.1" 404 842 "-" "-"
52.169.206.229 - - [14/Feb/2026:12:28:15 +0000] "GET /.well-known/gecko-litespeed.php HTTP/1.1" 404 842 "-" "-"
52.169.206.229 - - [14/Feb/2026:12:28:16 +0000] "GET /wp-admin/maint/about.php HTTP/1.1" 404 842 "-" "-"
74.7.227.23 - - [14/Feb/2026:12:28:16 +0000] "GET /assets/ckeditor/skins/icy_orange/thumb.php?fileloc=//proc/self/root/usr/share/man/man3/xcb_glx_get_separable_filter_rows_and_cols.3.gz&path=//proc/self/root/usr/share/man/man3 HTTP/1.1" 404 842 "http://kentishfootball.co.uk/assets/ckeditor/skins/icy_orange/thumb.php?path=//proc/self/root/usr/share/man/man3" "Mozilla/5.0 AppleWebKit/537.36 (KHTML, like Gecko; compatible; GPTBot/1.3; +https://openai.com/gptbot)"
52.169.206.229 - - [14/Feb/2026:12:28:16 +0000] "GET /wp-content/admin.php HTTP/1.1" 404 842 "-" "-"
52.169.206.229 - - [14/Feb/2026:12:28:16 +0000] "GET /wp-admin/setup-config.php HTTP/1.1" 404 842 "-" "-"
52.169.206.229 - - [14/Feb/2026:12:28:16 +0000] "GET /wp-includes/ID3/about.php?p= HTTP/1.1" 404 842 "-" "-"
52.169.206.229 - - [14/Feb/2026:12:28:16 +0000] "GET /.well-known/admin.php HTTP/1.1" 404 842 "-" "-"
74.7.227.23 - - [14/Feb/2026:12:28:16 +0000] "GET /assets/ckeditor/skins/icy_orange/thumb.php?fileloc=//proc/self/root/usr/share/man/man3/xcb_selinux_set_window_create_context_checked.3.gz&path=//proc/self/root/usr/share/man/man3 HTTP/1.1" 404 842 "http://kentishfootball.co.uk/assets/ckeditor/skins/icy_orange/thumb.php?path=//proc/self/root/usr/share/man/man3" "Mozilla/5.0 AppleWebKit/537.36 (KHTML, like Gecko; compatible; GPTBot/1.3; +https://openai.com/gptbot)"
52.169.206.229 - - [14/Feb/2026:12:28:16 +0000] "GET /bless11.php HTTP/1.1" 404 842 "-" "-"
52.169.206.229 - - [14/Feb/2026:12:28:16 +0000] "GET /init.php HTTP/1.1" 404 842 "-" "-"
52.169.206.229 - - [14/Feb/2026:12:28:16 +0000] "GET /wp-content/plugins/pwnd/as.php HTTP/1.1" 404 842 "-" "-"
52.169.206.229 - - [14/Feb/2026:12:28:16 +0000] "GET /k.php HTTP/1.1" 404 842 "-" "-"
52.169.206.229 - - [14/Feb/2026:12:28:16 +0000] "GET /bless.php HTTP/1.1" 404 842 "-" "-"
52.169.206.229 - - [14/Feb/2026:12:28:17 +0000] "GET /X7x.php HTTP/1.1" 404 842 "-" "-"
74.7.227.23 - - [14/Feb/2026:12:28:17 +0000] "GET /assets/ckeditor/skins/icy_orange/thumb.php?fileloc=//proc/self/root/usr/share/man/man3/xcb_randr_delete_output_mode_checked.3.gz&path=//proc/self/root/usr/share/man/man3 HTTP/1.1" 404 842 "http://kentishfootball.co.uk/assets/ckeditor/skins/icy_orange/thumb.php?path=//proc/self/root/usr/share/man/man3" "Mozilla/5.0 AppleWebKit/537.36 (KHTML, like Gecko; compatible; GPTBot/1.3; +https://openai.com/gptbot)"
52.169.206.229 - - [14/Feb/2026:12:28:17 +0000] "GET /166.php HTTP/1.1" 404 842 "-" "-"
52.169.206.229 - - [14/Feb/2026:12:28:17 +0000] "GET /plss3.php HTTP/1.1" 404 842 "-" "-"
74.7.227.23 - - [14/Feb/2026:12:28:17 +0000] "GET /assets/ckeditor/skins/icy_orange/thumb.php?fileloc=//proc/self/root/usr/share/man/man3/xcb_input_get_feedback_control_reply.3.gz&path=//proc/self/root/usr/share/man/man3 HTTP/1.1" 404 842 "http://kentishfootball.co.uk/assets/ckeditor/skins/icy_orange/thumb.php?path=//proc/self/root/usr/share/man/man3" "Mozilla/5.0 AppleWebKit/537.36 (KHTML, like Gecko; compatible; GPTBot/1.3; +https://openai.com/gptbot)"
52.169.206.229 - - [14/Feb/2026:12:28:18 +0000] "GET /wp-admin/user/about.php HTTP/1.1" 404 842 "-" "-"
74.7.227.23 - - [14/Feb/2026:12:28:18 +0000] "GET /assets/ckeditor/skins/icy_orange/thumb.php?fileloc=//proc/self/root/usr/share/man/man3/xcb_randr_set_provider_offload_sink_checked.3.gz&path=//proc/self/root/usr/share/man/man3 HTTP/1.1" 404 842 "http://kentishfootball.co.uk/assets/ckeditor/skins/icy_orange/thumb.php?path=//proc/self/root/usr/share/man/man3" "Mozilla/5.0 AppleWebKit/537.36 (KHTML, like Gecko; compatible; GPTBot/1.3; +https://openai.com/gptbot)"
52.169.206.229 - - [14/Feb/2026:12:28:18 +0000] "GET /admins.php HTTP/1.1" 404 842 "-" "-"
52.169.206.229 - - [14/Feb/2026:12:28:18 +0000] "GET /wp.php HTTP/1.1" 200 14099 "-" "-"
74.7.227.23 - - [14/Feb/2026:12:28:18 +0000] "GET /assets/ckeditor/skins/icy_orange/thumb.php?fileloc=//proc/self/root/usr/share/man/man3/xcb_selinux_get_window_create_context.3.gz&path=//proc/self/root/usr/share/man/man3 HTTP/1.1" 404 842 "http://kentishfootball.co.uk/assets/ckeditor/skins/icy_orange/thumb.php?path=//proc/self/root/usr/share/man/man3" "Mozilla/5.0 AppleWebKit/537.36 (KHTML, like Gecko; compatible; GPTBot/1.3; +https://openai.com/gptbot)"
52.169.206.229 - - [14/Feb/2026:12:28:18 +0000] "GET /main.php HTTP/1.1" 404 842 "-" "-"
52.169.206.229 - - [14/Feb/2026:12:28:19 +0000] "GET /a1.php HTTP/1.1" 404 842 "-" "-"
52.169.206.229 - - [14/Feb/2026:12:28:19 +0000] "GET /lala.php HTTP/1.1" 404 842 "-" "-"
52.169.206.229 - - [14/Feb/2026:12:28:19 +0000] "GET /aaa.php HTTP/1.1" 404 842 "-" "-"
74.7.227.23 - - [14/Feb/2026:12:28:19 +0000] "GET /assets/ckeditor/skins/icy_orange/thumb.php?fileloc=//proc/self/root/usr/share/man/man3/xcb_glx_get_drawable_attributes_attribs_end.3.gz&path=//proc/self/root/usr/share/man/man3 HTTP/1.1" 404 842 "http://kentishfootball.co.uk/assets/ckeditor/skins/icy_orange/thumb.php?path=//proc/self/root/usr/share/man/man3" "Mozilla/5.0 AppleWebKit/537.36 (KHTML, like Gecko; compatible; GPTBot/1.3; +https://openai.com/gptbot)"
52.169.206.229 - - [14/Feb/2026:12:28:19 +0000] "GET /a2.php HTTP/1.1" 404 842 "-" "-"
52.169.206.229 - - [14/Feb/2026:12:28:19 +0000] "GET /wp-includes/assets/index.php HTTP/1.1" 404 842 "-" "-"
52.169.206.229 - - [14/Feb/2026:12:28:19 +0000] "GET /admin/function.php HTTP/1.1" 404 842 "-" "-"
114.119.151.128 - - [14/Feb/2026:12:28:19 +0000] "GET /news/wealdstone1-0dartford-wealdstonewanteditmorethanusadmitstonyburman HTTP/1.1" 200 21798 "http://kentishfootball.co.uk/news/wealdstone1-0dartford-wealdstonewanteditmorethanusadmitstonyburman" "Mozilla/5.0 (Linux; Android 7.0;) AppleWebKit/537.36 (KHTML, like Gecko) Mobile Safari/537.36 (compatible; PetalBot;+https://webmaster.petalsearch.com/site/petalbot)"
52.169.206.229 - - [14/Feb/2026:12:28:19 +0000] "GET /nyan.php HTTP/1.1" 404 842 "-" "-"
74.7.227.23 - - [14/Feb/2026:12:28:19 +0000] "GET /assets/ckeditor/skins/icy_orange/thumb.php?fileloc=//proc/self/root/usr/share/man/man3/xcb_randr_get_output_property_data.3.gz&path=//proc/self/root/usr/share/man/man3 HTTP/1.1" 404 842 "http://kentishfootball.co.uk/assets/ckeditor/skins/icy_orange/thumb.php?path=//proc/self/root/usr/share/man/man3" "Mozilla/5.0 AppleWebKit/537.36 (KHTML, like Gecko; compatible; GPTBot/1.3; +https://openai.com/gptbot)"
52.169.206.229 - - [14/Feb/2026:12:28:19 +0000] "GET /jsond.php HTTP/1.1" 404 842 "-" "-"
74.7.227.23 - - [14/Feb/2026:12:28:20 +0000] "GET /assets/ckeditor/skins/icy_orange/thumb.php?fileloc=//proc/self/root/usr/share/man/man3/xcb_glx_get_tex_level_parameteriv_unchecked.3.gz&path=//proc/self/root/usr/share/man/man3 HTTP/1.1" 404 842 "http://kentishfootball.co.uk/assets/ckeditor/skins/icy_orange/thumb.php?path=//proc/self/root/usr/share/man/man3" "Mozilla/5.0 AppleWebKit/537.36 (KHTML, like Gecko; compatible; GPTBot/1.3; +https://openai.com/gptbot)"
74.7.227.23 - - [14/Feb/2026:12:28:20 +0000] "GET /assets/ckeditor/skins/icy_orange/thumb.php?fileloc=//proc/self/root/usr/share/man/man3/xcb_input_get_extension_version_reply.3.gz&path=//proc/self/root/usr/share/man/man3 HTTP/1.1" 404 842 "http://kentishfootball.co.uk/assets/ckeditor/skins/icy_orange/thumb.php?path=//proc/self/root/usr/share/man/man3" "Mozilla/5.0 AppleWebKit/537.36 (KHTML, like Gecko; compatible; GPTBot/1.3; +https://openai.com/gptbot)"
74.7.227.23 - - [14/Feb/2026:12:28:21 +0000] "GET /assets/ckeditor/skins/icy_orange/thumb.php?fileloc=//proc/self/root/usr/share/man/man3/xcb_randr_get_screen_size_range_reply.3.gz&path=//proc/self/root/usr/share/man/man3 HTTP/1.1" 404 842 "http://kentishfootball.co.uk/assets/ckeditor/skins/icy_orange/thumb.php?path=//proc/self/root/usr/share/man/man3" "Mozilla/5.0 AppleWebKit/537.36 (KHTML, like Gecko; compatible; GPTBot/1.3; +https://openai.com/gptbot)"
74.7.227.23 - - [14/Feb/2026:12:28:21 +0000] "GET /assets/ckeditor/skins/icy_orange/thumb.php?fileloc=//proc/self/root/usr/share/man/man3/xcb_randr_get_crtc_info_possible_end.3.gz&path=//proc/self/root/usr/share/man/man3 HTTP/1.1" 404 842 "http://kentishfootball.co.uk/assets/ckeditor/skins/icy_orange/thumb.php?path=//proc/self/root/usr/share/man/man3" "Mozilla/5.0 AppleWebKit/537.36 (KHTML, like Gecko; compatible; GPTBot/1.3; +https://openai.com/gptbot)"
74.7.227.23 - - [14/Feb/2026:12:28:22 +0000] "GET /assets/ckeditor/skins/icy_orange/thumb.php?fileloc=//proc/self/root/usr/share/man/man3/xcb_glx_get_polygon_stipple_data_length.3.gz&path=//proc/self/root/usr/share/man/man3 HTTP/1.1" 404 842 "http://kentishfootball.co.uk/assets/ckeditor/skins/icy_orange/thumb.php?path=//proc/self/root/usr/share/man/man3" "Mozilla/5.0 AppleWebKit/537.36 (KHTML, like Gecko; compatible; GPTBot/1.3; +https://openai.com/gptbot)"
74.7.227.23 - - [14/Feb/2026:12:28:22 +0000] "GET /assets/ckeditor/skins/icy_orange/thumb.php?fileloc=//proc/self/root/usr/share/man/man3/xcb_input_list_device_properties_atoms_length.3.gz&path=//proc/self/root/usr/share/man/man3 HTTP/1.1" 404 842 "http://kentishfootball.co.uk/assets/ckeditor/skins/icy_orange/thumb.php?path=//proc/self/root/usr/share/man/man3" "Mozilla/5.0 AppleWebKit/537.36 (KHTML, like Gecko; compatible; GPTBot/1.3; +https://openai.com/gptbot)"
74.7.227.23 - - [14/Feb/2026:12:28:23 +0000] "GET /assets/ckeditor/skins/icy_orange/thumb.php?fileloc=//proc/self/root/usr/share/man/man3/xcb_glx_get_convolution_filter_unchecked.3.gz&path=//proc/self/root/usr/share/man/man3 HTTP/1.1" 404 842 "http://kentishfootball.co.uk/assets/ckeditor/skins/icy_orange/thumb.php?path=//proc/self/root/usr/share/man/man3" "Mozilla/5.0 AppleWebKit/537.36 (KHTML, like Gecko; compatible; GPTBot/1.3; +https://openai.com/gptbot)"
74.7.227.23 - - [14/Feb/2026:12:28:23 +0000] "GET /assets/ckeditor/skins/icy_orange/thumb.php?fileloc=//proc/self/root/usr/share/man/man3/xcb_randr_get_provider_info_outputs.3.gz&path=//proc/self/root/usr/share/man/man3 HTTP/1.1" 404 842 "http://kentishfootball.co.uk/assets/ckeditor/skins/icy_orange/thumb.php?path=//proc/self/root/usr/share/man/man3" "Mozilla/5.0 AppleWebKit/537.36 (KHTML, like Gecko; compatible; GPTBot/1.3; +https://openai.com/gptbot)"
